000
CXUS52 KCHS 310915
CF6SAV
PRELIMINARY LOCAL CLIMATOLOGICAL DATA (WS FORM: F-6)

                                          STATION:   SAVANNAH GA
                                          MONTH:     OCTOBER
                                          YEAR:      2014
                                          LATITUDE:   32  7 N
                                          LONGITUDE:  81 12 W

  TEMPERATURE IN F:       :PCPN:    SNOW:  WIND      :SUNSHINE: SKY     :PK WND
================================================================================
1   2   3   4   5  6A  6B    7    8   9   10  11  12  13   14  15   16   17  18
                                     12Z  AVG MX 2MIN
DY MAX MIN AVG DEP HDD CDD  WTR  SNW DPTH SPD SPD DIR MIN PSBL S-S WX    SPD DR
================================================================================

 1  87  64  76   3   0  11 0.00  0.0    0  3.1 12 130   M    M   3 1      15 130
 2  87  64  76   4   0  11 0.00  0.0    0  3.7 13 100   M    M   1 1      16 120
 3  88  67  78   6   0  13 0.33  0.0    0  6.3  6 260   M    M   6 13      8 220
 4  79  54  67  -5   0   2 0.00  0.0    0 11.4 22 260   M    M   4        28 290
 5  73  47  60 -11   5   0 0.00  0.0    0  2.4 12 230   M    M   0        15 260
 6  79  50  65  -6   0   0 0.00  0.0    0  3.4 13 150   M    M   3        18 140
 7  85  59  72   1   0   7 0.00  0.0    0  4.8 15 170   M    M   5        17 170
 8  90  66  78   8   0  13 0.00  0.0    0  5.7 13 220   M    M   3        16 270
 9  86  66  76   6   0  11 0.00  0.0    0  5.2 14 110   M    M   5        20 110
10  88  64  76   6   0  11 0.00  0.0    0  3.8 12 190   M    M   2        14 150
11  89  66  78   9   0  13 0.00  0.0    0  5.1 13 270   M    M   1 1      18 270
12  90  68  79  10   0  14 0.00  0.0    0  4.6 14 160   M    M   1        17 180
13  87  68  78   9   0  13 0.00  0.0    0  6.5 16 130   M    M   5 12     21 140
14  85  70  78  10   0  13 0.62  0.0    0 10.2 31 220   M    M   7 3      40 220
15  77  59  68   0   0   3 0.37  0.0    0  6.3 21 290   M    M   5 1      25 290
16  75  54  65  -3   0   0 0.00  0.0    0  6.0 20 300   M    M   2        24 300
17  79  52  66  -2   0   1 0.00  0.0    0  4.6 14 260   M    M   1        17 280
18  84  56  70   3   0   5 0.00  0.0    0  7.7 20 270   M    M   2        24 270
19  75  53  64  -3   1   0 0.00  0.0    0  5.7 13  40   M    M   5        18  40
20  80  52  66  -1   0   1 0.00  0.0    0  3.1 13 160   M    M   5        16 150
21  81  59  70   4   0   5 0.40  0.0    0  4.8 14 270   M    M   2 1      25 240
22  73  51  62  -4   3   0 0.00  0.0    0  4.9 15 340   M    M   0        17 360
23  73  46  60  -6   5   0 0.00  0.0    0  3.4 10 300   M    M   1        14 350
24  77  49  63  -3   2   0 0.00  0.0    0  1.2  9  60   M    M   3        15  80
25  79  48  64  -1   1   0 0.00  0.0    0  1.9 12 330   M    M   0        15 340
26  86  51  69   4   0   4 0.00  0.0    0  2.5  9 300   M    M   0        15 280
27  90  56  73   8   0   8 0.00  0.0    0  1.3  8 130   M    M   0 18     10 210
28  86  61  74  10   0   9 0.00  0.0    0  4.5 12 160   M    M   2 128    14 150
29  84  65  75  11   0  10 0.00  0.0    0  6.5 14 250   M    M   5 1      18 280
30  77  59  68   4   0   3 0.00  0.0    0  4.6 10  30   M    M   6 1      13  40
================================================================================
SM 2469 1744        17 181  1.72     0.0 145.2          M       85
================================================================================
AV 82.3 58.1                               4.8 FASTST   M    M   3    MAX(MPH)
                                 MISC ---->  # 31 220               # 40  220
================================================================================
NOTES:
# LAST OF SEVERAL OCCURRENCES

COLUMN 17 PEAK WIND IN M.P.H.

PRELIMINARY LOCAL CLIMATOLOGICAL DATA (WS FORM: F-6) , PAGE 2

                                          STATION:  SAVANNAH GA
                                          MONTH:    OCTOBER
                                          YEAR:     2014
                                          LATITUDE:   32  7 N
                                          LONGITUDE:  81 12 W

[TEMPERATURE DATA]      [PRECIPITATION DATA]       SYMBOLS USED IN COLUMN 16

AVERAGE MONTHLY: 70.2   TOTAL FOR MONTH:   1.72    1 = FOG OR MIST
DPTR FM NORMAL:   2.1   DPTR FM NORMAL:   -1.89    2 = FOG REDUCING VISIBILITY
HIGHEST:    90 ON 27,12 GRTST 24HR  0.99 ON 14-15      TO 1/4 MILE OR LESS
LOWEST:     46 ON 23                               3 = THUNDER
                        SNOW, ICE PELLETS, HAIL    4 = ICE PELLETS
                        TOTAL MONTH:   0.0 INCH    5 = HAIL
                        GRTST 24HR     0.0         6 = FREEZING RAIN OR DRIZZLE
                        GRTST DEPTH:   0           7 = DUSTSTORM OR SANDSTORM:
                                                       VSBY 1/2 MILE OR LESS
                                                   8 = SMOKE OR HAZE
[NO. OF DAYS WITH]      [WEATHER - DAYS WITH]      9 = BLOWING SNOW
                                                   X = TORNADO
MAX 32 OR BELOW:   0    0.01 INCH OR MORE:   4
MAX 90 OR ABOVE:   3    0.10 INCH OR MORE:   4
MIN 32 OR BELOW:   0    0.50 INCH OR MORE:   1
MIN  0 OR BELOW:   0    1.00 INCH OR MORE:   0

[HDD (BASE 65) ]
TOTAL THIS MO.    17    CLEAR  (SCALE 0-3)  19
DPTR FM NORMAL   -36    PTCLDY (SCALE 4-7)  11
TOTAL FM JUL 1    18    CLOUDY (SCALE 8-10)  0
DPTR FM NORMAL   -37

[CDD (BASE 65) ]
TOTAL THIS MO.   181
DPTR FM NORMAL    36    [PRESSURE DATA]
TOTAL FM JAN 1  2703    HIGHEST SLP M ON M
DPTR FM NORMAL   292    LOWEST  SLP 29.75 ON  4

[REMARKS]
