000
CXUS53 KMKX 300646
CF6SBM
PRELIMINARY LOCAL CLIMATOLOGICAL DATA (WS FORM: F-6)

                                          STATION:   SHEBOYGAN WI
                                          MONTH:     NOVEMBER
                                          YEAR:      2016
                                          LATITUDE:   43 46 N
                                          LONGITUDE:  87 51 W

  TEMPERATURE IN F:       :PCPN:    SNOW:  WIND      :SUNSHINE: SKY     :PK WND
================================================================================
1   2   3   4   5  6A  6B    7    8   9   10  11  12  13   14  15   16   17  18
                                     12Z  AVG MX 2MIN
DY MAX MIN AVG DEP HDD CDD  WTR  SNW DPTH SPD SPD DIR MIN PSBL S-S WX    SPD DR
================================================================================

 1  71  44  58  16   7   0 0.00  0.0    0  4.6 14 280   M    M   3 1      17 270
 2  56  42  49   7  16   0    T  0.0    0  5.1 12  40   M    M   4 1      13  30
 3  62  36  49   7  16   0 0.00  0.0    0  5.7 20  50   M    M   2 12     24  50
 4  60  31  46   5  19   0 0.00  0.0    0  6.8 16 260   M    M   0 1      21 260
 5  69  38  54  13  11   0 0.00  0.0    0  5.0 10 260   M    M   0 1      12 260
 6  68  35  52  12  13   0 0.00  0.0    0  2.8 10 170   M    M   1 12     13 140
 7  65  38  52  12  13   0 0.00  0.0    0  5.3 16 210   M    M   0 1      20 220
 8  55  41  48   9  17   0 0.02  0.0    0 10.6 23 330   M    M   6        32 330
 9  57  36  47   8  18   0 0.00  0.0    0  8.1 16 280   M    M   0        21 270
10  66  40  53  15  12   0 0.00  0.0    0 13.6 29 260   M    M   0        35 250
11  51  25  38   0  27   0 0.00    M    M  7.5 20  20   M    M   2        27  20
12  51  26  39   1  26   0 0.00    M    M 10.8 22 250   M    M   0        27 250
13  58  38  48  11  17   0 0.00    M    M 17.0 25 220   M    M   0        32 230
14  57  36  47  10  18   0 0.00    M    M  5.0 16 240   M    M   0 1      21 250
15  51  38  45   9  20   0 0.00  0.0    0  4.0 10 270   M    M   8 12     15 350
16  54  34  44   8  21   0 0.00  0.0    0  5.6 15 160   M    M   1 12     20 160
17  60  49  55  20  10   0 0.00  0.0    0  9.8 18 170   M    M   1 18     25 170
18  65  37  51  16  14   0    T    M    0 15.7 36 200   M    M   2        45 230
19  37  26  32  -2  33   0    T    M    0 19.0 29 300   M    M   9 18     41 310
20  33  22  28  -6  37   0 0.00  0.0    0  9.4 20 350   M    M   2        27 320
21  36  18  27  -6  38   0 0.00  0.0    0  5.8 14 340   M    M   2        17 350
22  40  21  31  -2  34   0 0.01    M    M  5.4 12  70   M    M   4        14  70
23  44  39  42  10  23   0 0.20    M    M  7.4 16 140   M    M  10 1      21 120
24  41  35  38   6  27   0 0.01    M    M  8.5 17 290   M    M  10 1      24 290
25  37  34  36   5  29   0 0.01    M    M  8.5 15 310   M    M  10 1      18 320
26  45  30  38   7  27   0 0.00    M    M  6.5 13 270   M    M   5 1      16 220
27  45  28  37   7  28   0 0.10    M    M  8.1 18 150   M    M   9 12     27 160
28  48  42  45  15  20   0 1.37    M    M 15.2 25 180   M    M  10 1      34 180
29  51  30  41  11  24   0    T    M    M 12.2 25 210   M    M   1        33 200
================================================================================
SM 1533  989       615   0  1.72     0.0 249.0          M      102
================================================================================
AV 52.9 34.1                               8.6 FASTST   M    M   4    MAX(MPH)
                                 MISC ---->  # 36 200               # 45  230
================================================================================
NOTES:
# LAST OF SEVERAL OCCURRENCES

COLUMN 17 PEAK WIND IN M.P.H.

PRELIMINARY LOCAL CLIMATOLOGICAL DATA (WS FORM: F-6) , PAGE 2

                                          STATION:  SHEBOYGAN WI
                                          MONTH:    NOVEMBER
                                          YEAR:     2016
                                          LATITUDE:   43 46 N
                                          LONGITUDE:  87 51 W

[TEMPERATURE DATA]      [PRECIPITATION DATA]       SYMBOLS USED IN COLUMN 16

AVERAGE MONTHLY: 43.5   TOTAL FOR MONTH:   1.72    1 = FOG OR MIST
DPTR FM NORMAL:   7.4   DPTR FM NORMAL:   -0.44    2 = FOG REDUCING VISIBILITY
HIGHEST:    71 ON  1    GRTST 24HR  1.37 ON 28-28      TO 1/4 MILE OR LESS
LOWEST:     18 ON 21                               3 = THUNDER
                        SNOW, ICE PELLETS, HAIL    4 = ICE PELLETS
                        TOTAL MONTH:   0.0 INCH    5 = HAIL
                        GRTST 24HR     0.0         6 = FREEZING RAIN OR DRIZZLE
                        GRTST DEPTH:   0           7 = DUSTSTORM OR SANDSTORM:
                                                       VSBY 1/2 MILE OR LESS
                                                   8 = SMOKE OR HAZE
[NO. OF DAYS WITH]      [WEATHER - DAYS WITH]      9 = BLOWING SNOW
                                                   X = TORNADO
MAX 32 OR BELOW:   0    0.01 INCH OR MORE:   7
MAX 90 OR ABOVE:   0    0.10 INCH OR MORE:   3
MIN 32 OR BELOW:  10    0.50 INCH OR MORE:   1
MIN  0 OR BELOW:   0    1.00 INCH OR MORE:   1

[HDD (BASE 65) ]
TOTAL THIS MO.   615    CLEAR  (SCALE 0-3)  18
DPTR FM NORMAL  -224    PTCLDY (SCALE 4-7)   5
TOTAL FM JUL 1  1107    CLOUDY (SCALE 8-10)  6
DPTR FM NORMAL  -495

[CDD (BASE 65) ]
TOTAL THIS MO.     0
DPTR FM NORMAL     0    [PRESSURE DATA]
TOTAL FM JAN 1   527    HIGHEST SLP M ON M
DPTR FM NORMAL   133    LOWEST  SLP 29.06 ON 28

[REMARKS]
