000
CXUS53 KMKX 270646
CF6SBM
PRELIMINARY LOCAL CLIMATOLOGICAL DATA (WS FORM: F-6)

                                          STATION:   SHEBOYGAN WI
                                          MONTH:     JULY
                                          YEAR:      2015
                                          LATITUDE:   43 46 N
                                          LONGITUDE:  87 51 W

  TEMPERATURE IN F:       :PCPN:    SNOW:  WIND      :SUNSHINE: SKY     :PK WND
================================================================================
1   2   3   4   5  6A  6B    7    8   9   10  11  12  13   14  15   16   17  18
                                     12Z  AVG MX 2MIN
DY MAX MIN AVG DEP HDD CDD  WTR  SNW DPTH SPD SPD DIR MIN PSBL S-S WX    SPD DR
================================================================================

 1  64  46  55 -14  10   0    T    M    0  5.1 13  70   M    M   5 1      18  70
 2  68  46  57 -12   8   0 0.00  0.0    0  5.9 13  40   M    M   0 1      16  60
 3  75  47  61  -8   4   0 0.00    M    0  4.9 13 170   M    M   0 8      16 180
 4  82  58  70   1   0   5 0.00  0.0    0  4.7 12 160   M    M   4        14 270
 5  79  59  69   0   0   4 0.00  0.0    0  6.9 17 180   M    M   0 18     24 180
 6  82  58  70   1   0   5 0.14  0.0    0  8.8 21 340   M    M   4 18     26 340
 7  68  48  58 -11   7   0 0.28    M    0  7.7 17 360   M    M   6 18     25 340
 8  66  46  56 -13   9   0 0.00  0.0    0  3.4 12 100   M    M   1 1      14  90
 9  75  53  64  -6   1   0 0.00  0.0    0  3.4 10  90   M    M   3 1      16 150
10  79  53  66  -4   0   1 0.00  0.0    0  4.4 13 180   M    M   1        17 150
11  79  57  68  -2   0   3    T  0.0    0  4.1 14 170   M    M   1 18     18 170
12  80  60  70   0   0   5 0.00  0.0    0  5.4 15 170   M    M   0 18     17 150
13  84  64  74   4   0   9 1.74    M    M  7.8 25 100   M    M   3 13     37 320
14  77  54  66  -4   0   1 0.01    M    M 10.8 18  40   M    M   6        25 360
15  71  52  62  -8   3   0 0.00    M    M  5.2 12  60   M    M   0        16 100
16  71  49  60 -10   5   0 0.12  0.0    0  6.9 16 160   M    M   4 12     22 170
17  87  62  75   5   0  10 0.10  0.0    0  6.3 16 280   M    M   5 13     21 280
18  83  67  75   5   0  10 0.09  0.0    0  9.8 28 300   M    M   0 13     44 320
19  81  60  71   1   0   6 0.00  0.0    0  9.0 18 270   M    M   0 1      23 300
20  82  61  72   2   0   7 0.00  0.0    0 11.5 25 260   M    M   1        33 270
21  78  58  68  -2   0   3 0.00  0.0    0  7.0 20 310   M    M   3        32 290
22  81  56  69  -1   0   4 0.00  0.0    0  4.9 13 250   M    M   4        16 230
23  85  63  74   5   0   9 0.00    M    M  5.8 13 180   M    M   2        16 320
24  84  60  72   3   0   7 0.00    M    M  8.2 21 200   M    M   0        26 200
25  84  62  73   4   0   8 0.00    M    M  7.2 14  70   M    M   1        18 280
26  83  58  71   2   0   6 0.00    M    M  2.7 10 160   M    M   0        13 180
================================================================================
SM 2028 1457        47 103  2.48     0.0 167.8          M       54
================================================================================
AV 78.0 56.0                               6.5 FASTST   M    M   2    MAX(MPH)
                                 MISC ---->  # 28 300               # 44  320
================================================================================
NOTES:
# LAST OF SEVERAL OCCURRENCES

COLUMN 17 PEAK WIND IN M.P.H.

PRELIMINARY LOCAL CLIMATOLOGICAL DATA (WS FORM: F-6) , PAGE 2

                                          STATION:  SHEBOYGAN WI
                                          MONTH:    JULY
                                          YEAR:     2015
                                          LATITUDE:   43 46 N
                                          LONGITUDE:  87 51 W

[TEMPERATURE DATA]      [PRECIPITATION DATA]       SYMBOLS USED IN COLUMN 16

AVERAGE MONTHLY: 67.0   TOTAL FOR MONTH:   2.48    1 = FOG OR MIST
DPTR FM NORMAL:  -2.5   DPTR FM NORMAL:   -0.65    2 = FOG REDUCING VISIBILITY
HIGHEST:    87 ON 17    GRTST 24HR  1.74 ON 13-13      TO 1/4 MILE OR LESS
LOWEST:     46 ON  8, 2                            3 = THUNDER
                        SNOW, ICE PELLETS, HAIL    4 = ICE PELLETS
                        TOTAL MONTH:   0.0 INCH    5 = HAIL
                        GRTST 24HR     0.0         6 = FREEZING RAIN OR DRIZZLE
                        GRTST DEPTH:   0           7 = DUSTSTORM OR SANDSTORM:
                                                       VSBY 1/2 MILE OR LESS
                                                   8 = SMOKE OR HAZE
[NO. OF DAYS WITH]      [WEATHER - DAYS WITH]      9 = BLOWING SNOW
                                                   X = TORNADO
MAX 32 OR BELOW:   0    0.01 INCH OR MORE:   7
MAX 90 OR ABOVE:   0    0.10 INCH OR MORE:   5
MIN 32 OR BELOW:   0    0.50 INCH OR MORE:   1
MIN  0 OR BELOW:   0    1.00 INCH OR MORE:   1

[HDD (BASE 65) ]
TOTAL THIS MO.    47    CLEAR  (SCALE 0-3)  17
DPTR FM NORMAL    21    PTCLDY (SCALE 4-7)   9
TOTAL FM JUL 1    47    CLOUDY (SCALE 8-10)  0
DPTR FM NORMAL    21

[CDD (BASE 65) ]
TOTAL THIS MO.   103
DPTR FM NORMAL   -27    [PRESSURE DATA]
TOTAL FM JAN 1   158    HIGHEST SLP M ON M
DPTR FM NORMAL   -61    LOWEST  SLP 29.54 ON 13

[REMARKS]
