000
CXUS53 KMKX 230654
CF6SBM
PRELIMINARY LOCAL CLIMATOLOGICAL DATA (WS FORM: F-6)

                                          STATION:   SHEBOYGAN WI
                                          MONTH:     FEBRUARY
                                          YEAR:      2018
                                          LATITUDE:   43 46 N
                                          LONGITUDE:  87 51 W

  TEMPERATURE IN F:       :PCPN:    SNOW:  WIND      :SUNSHINE: SKY     :PK WND
================================================================================
1   2   3   4   5  6A  6B    7    8   9   10  11  12  13   14  15   16   17  18
                                     12Z  AVG MX 2MIN
DY MAX MIN AVG DEP HDD CDD  WTR  SNW DPTH SPD SPD DIR MIN PSBL S-S WX    SPD DR
================================================================================

 1  33   3  18  -2  47   0 0.00  0.0    0 16.7 26 300   M    M   3        36 300
 2  16   0   8 -12  57   0    T    M    M  9.8 18 270   M    M   2 8      23 280
 3  26  16  21   1  44   0 0.20    M    M  7.3 14  10   M    M  10 128    18 360
 4  16  -2   7 -13  58   0 0.01    M    M 12.6 23 340   M    M   6 1      29  10
 5  11 -12   0 -20  65   0    M    M    0 10.4 20 260   M    M   4 18     24 250
 6  14  -3   6 -14  59   0 0.00  0.0    M  4.4 14 280   M    M   3        17 280
 7  14  -4   5 -16  60   0 0.02    M    M  5.8 14 290   M    M   6 18     16 290
 8  17  -4   7 -14  58   0 0.00  0.0    M  7.5 16 280   M    M   3        18 280
 9  16 -10   3 -18  62   0 0.03    M    0  7.1 17 340   M    M   6 1      20 350
10  17   4  11 -10  54   0 0.00  0.0    0  5.6 12 310   M    M   3        14 320
11  20  11  16  -6  49   0 0.04    M    0  9.3 16 260   M    M   5 1      19 280
12  17   0   9 -13  56   0 0.00  0.0    0  5.8 12 320   M    M   0        17 300
13  29  -2  14  -8  51   0 0.00  0.0    0  8.1 20 180   M    M   3        25 240
14  43  22  33  11  32   0 0.00  0.0    0 12.2 24 220   M    M   1 18     29 230
15  46  32  39  17  26   0 0.00  0.0    0  9.4 18 230   M    M   3 1      24 260
16  32  13  23   0  42   0 0.00    M    M 10.1 20 300   M    M   4        26 300
17  31  13  22  -1  43   0 0.01    M    0 10.4 18 260   M    M   5 1      26 270
18  34  14  24   1  41   0 0.00  0.0    0 13.6 33 180   M    M   3 1      44 180
19  41  31  36  12  29   0 0.11    M    0  9.7 26  40   M    M   8 18     32  50
20  42  28  35  11  30   0 0.58    M    0  7.4 23 290   M    M   9 1      31 290
21  28  20  24   0  41   0 0.00  0.0    0  9.2 20 300   M    M   2        28 290
22  35  21  28   4  37   0    T    M    0  9.8 17  50   M    M   8        20  50
================================================================================
SM  578  191      1041   0  1.00     0.0 202.2          M       97
================================================================================
AV 26.3  8.7                               9.2 FASTST   M    M   4    MAX(MPH)
                                 MISC ---->  # 33 180               # 44  180
================================================================================
NOTES:
# LAST OF SEVERAL OCCURRENCES

COLUMN 17 PEAK WIND IN M.P.H.

PRELIMINARY LOCAL CLIMATOLOGICAL DATA (WS FORM: F-6) , PAGE 2

                                          STATION:  SHEBOYGAN WI
                                          MONTH:    FEBRUARY
                                          YEAR:     2018
                                          LATITUDE:   43 46 N
                                          LONGITUDE:  87 51 W

[TEMPERATURE DATA]      [PRECIPITATION DATA]       SYMBOLS USED IN COLUMN 16

AVERAGE MONTHLY: 17.5   TOTAL FOR MONTH:   1.00    1 = FOG OR MIST
DPTR FM NORMAL:  -4.3   DPTR FM NORMAL:    0.13    2 = FOG REDUCING VISIBILITY
HIGHEST:    46 ON 15    GRTST 24HR  0.58 ON 20-20      TO 1/4 MILE OR LESS
LOWEST:    -12 ON  5                               3 = THUNDER
                        SNOW, ICE PELLETS, HAIL    4 = ICE PELLETS
                        TOTAL MONTH:   0.0 INCH    5 = HAIL
                        GRTST 24HR     0.0         6 = FREEZING RAIN OR DRIZZLE
                        GRTST DEPTH:   0           7 = DUSTSTORM OR SANDSTORM:
                                                       VSBY 1/2 MILE OR LESS
                                                   8 = SMOKE OR HAZE
[NO. OF DAYS WITH]      [WEATHER - DAYS WITH]      9 = BLOWING SNOW
                                                   X = TORNADO
MAX 32 OR BELOW:  15    0.01 INCH OR MORE:   8
MAX 90 OR ABOVE:   0    0.10 INCH OR MORE:   3
MIN 32 OR BELOW:  22    0.50 INCH OR MORE:   1
MIN  0 OR BELOW:   9    1.00 INCH OR MORE:   0

[HDD (BASE 65) ]
TOTAL THIS MO.  1041    CLEAR  (SCALE 0-3)   7
DPTR FM NORMAL    93    PTCLDY (SCALE 4-7)  13
TOTAL FM JUL 1  5215    CLOUDY (SCALE 8-10)  2
DPTR FM NORMAL   -76

[CDD (BASE 65) ]
TOTAL THIS MO.     0
DPTR FM NORMAL     0    [PRESSURE DATA]
TOTAL FM JAN 1     0    HIGHEST SLP M ON M
DPTR FM NORMAL     0    LOWEST  SLP 29.68 ON 15

[REMARKS]
