000
CXUS53 KIWX 290800
CF6SBN
PRELIMINARY LOCAL CLIMATOLOGICAL DATA (WS FORM: F-6)

                                          STATION:   SOUTH BEND
                                          MONTH:     AUGUST
                                          YEAR:      2015
                                          LATITUDE:   41 42 N
                                          LONGITUDE:  86 19 W

  TEMPERATURE IN F:       :PCPN:    SNOW:  WIND      :SUNSHINE: SKY     :PK WND
================================================================================
1   2   3   4   5  6A  6B    7    8   9   10  11  12  13   14  15   16   17  18
                                     12Z  AVG MX 2MIN
DY MAX MIN AVG DEP HDD CDD  WTR  SNW DPTH SPD SPD DIR MIN PSBL S-S WX    SPD DR
================================================================================

 1  84  59  72   0   0   7 0.00  0.0    0  7.1 20 300   M    M   2        23 300
 2  94  65  80   8   0  15 0.52  0.0    0 15.3 28 230   M    M   1 1      35 220
 3  80  63  72   0   0   7 0.02  0.0    0  7.3 18 310   M    M   2 12     23 330
 4  81  59  70  -2   0   5 0.00  0.0    0  5.7 16 300   M    M   1        21 320
 5  82  58  70  -2   0   5 0.00  0.0    0  4.1 14 350   M    M   1        16 350
 6  81  63  72   0   0   7 0.00  0.0    0  6.3 18 140   M    M   2        24 140
 7  82  57  70  -2   0   5 0.00  0.0    0  5.9 14 110   M    M   2        19 160
 8  85  67  76   4   0  11 0.00  0.0    0  6.8 14 220   M    M   5        19 140
 9  81  67  74   2   0   9 0.00  0.0    0  3.1 10 200   M    M   7        13 170
10  84  67  76   4   0  11    T  0.0    0  7.1 20 340   M    M   5 18     23 340
11  80  63  72   0   0   7 0.00  0.0    0 10.2 22 360   M    M   2 1      26 320
12  78  58  68  -4   0   3 0.00  0.0    0  6.9 16 290   M    M   1        21 290
13  87  58  73   1   0   8 0.00  0.0    0  8.3 18 250   M    M   0        23 250
14  89  66  78   6   0  13 0.36  0.0    0  9.7 30 360   M    M   2 138    40 360
15  86  64  75   3   0  10 0.00  0.0    0  4.8 13 200   M    M   4        14 200
16  89  69  79   7   0  14 0.00  0.0    0  4.3 14 260   M    M   2        17 260
17  88  68  78   6   0  13 0.47  0.0    0  7.1 14 190   M    M   1 138    24 280
18  83  67  75   4   0  10 0.12  0.0    0  8.3 18 170   M    M   4 18     21 170
19  81  65  73   2   0   8 0.05  0.0    0 11.1 21 190   M    M   6        27 190
20  72  59  66  -5   0   1 0.00  0.0    0 10.8 22 280   M    M   7        27 290
21  80  54  67  -4   0   2 0.00  0.0    0  6.2 14 190   M    M   2        18 200
22  81  56  69  -2   0   4 0.00  0.0    0  7.8 21 150   M    M   1        27 160
23  78  61  70  -1   0   5 0.55  0.0    0  9.2 22 290   M    M   6 138    28 290
24  74  56  65  -6   0   0 0.00  0.0    0 12.1 23 260   M    M   5        30 260
25  64  59  62  -8   3   0 0.00  0.0    0  6.6 16 330   M    M  10        22 320
26  64  54  59 -11   6   0 0.03  0.0    0  5.7 13 310   M    M  10 18     14 310
27  71  47  59 -11   6   0 0.00  0.0    0  2.2  9  40   M    M   5 12     12  50
28  77  54  66  -4   0   1    T  0.0    0  4.9 12 250   M    M   0 1      15 220
================================================================================
SM 2256 1703        15 181  2.12     0.0 204.9          M       96
================================================================================
AV 80.6 60.8                               7.3 FASTST   M    M   3    MAX(MPH)
                                 MISC ---->  # 30 360               # 40  360
================================================================================
NOTES:
# LAST OF SEVERAL OCCURRENCES

COLUMN 17 PEAK WIND IN M.P.H.

PRELIMINARY LOCAL CLIMATOLOGICAL DATA (WS FORM: F-6) , PAGE 2

                                          STATION:  SOUTH BEND
                                          MONTH:    AUGUST
                                          YEAR:     2015
                                          LATITUDE:   41 42 N
                                          LONGITUDE:  86 19 W

[TEMPERATURE DATA]      [PRECIPITATION DATA]       SYMBOLS USED IN COLUMN 16

AVERAGE MONTHLY: 70.7   TOTAL FOR MONTH:   2.12    1 = FOG OR MIST
DPTR FM NORMAL:  -0.8   DPTR FM NORMAL:   -1.27    2 = FOG REDUCING VISIBILITY
HIGHEST:    94 ON  2    GRTST 24HR  0.55 ON 23-23      TO 1/4 MILE OR LESS
LOWEST:     47 ON 27                               3 = THUNDER
                        SNOW, ICE PELLETS, HAIL    4 = ICE PELLETS
                        TOTAL MONTH:   0.0 INCH    5 = HAIL
                        GRTST 24HR     0.0         6 = FREEZING RAIN OR DRIZZLE
                        GRTST DEPTH:   0           7 = DUSTSTORM OR SANDSTORM:
                                                       VSBY 1/2 MILE OR LESS
                                                   8 = SMOKE OR HAZE
[NO. OF DAYS WITH]      [WEATHER - DAYS WITH]      9 = BLOWING SNOW
                                                   X = TORNADO
MAX 32 OR BELOW:   0    0.01 INCH OR MORE:   8
MAX 90 OR ABOVE:   1    0.10 INCH OR MORE:   5
MIN 32 OR BELOW:   0    0.50 INCH OR MORE:   2
MIN  0 OR BELOW:   0    1.00 INCH OR MORE:   0

[HDD (BASE 65) ]
TOTAL THIS MO.    15    CLEAR  (SCALE 0-3)  16
DPTR FM NORMAL    10    PTCLDY (SCALE 4-7)  10
TOTAL FM JUL 1    25    CLOUDY (SCALE 8-10)  2
DPTR FM NORMAL    15

[CDD (BASE 65) ]
TOTAL THIS MO.   181
DPTR FM NORMAL    -9    [PRESSURE DATA]
TOTAL FM JAN 1   632    HIGHEST SLP M ON M
DPTR FM NORMAL   -32    LOWEST  SLP 29.72 ON M

[REMARKS]
