000
CXUS53 KIWX 290800
CF6SBN
PRELIMINARY LOCAL CLIMATOLOGICAL DATA (WS FORM: F-6)

                                          STATION:   SOUTH BEND
                                          MONTH:     MAY
                                          YEAR:      2016
                                          LATITUDE:   41 42 N
                                          LONGITUDE:  86 19 W

  TEMPERATURE IN F:       :PCPN:    SNOW:  WIND      :SUNSHINE: SKY     :PK WND
================================================================================
1   2   3   4   5  6A  6B    7    8   9   10  11  12  13   14  15   16   17  18
                                     12Z  AVG MX 2MIN
DY MAX MIN AVG DEP HDD CDD  WTR  SNW DPTH SPD SPD DIR MIN PSBL S-S WX    SPD DR
================================================================================

 1  56  47  52  -3  13   0 0.09  0.0    0  6.8 16  90   M    M   9 1      21  80
 2  53  44  49  -6  16   0 0.01  0.0    0  6.3 13  30   M    M  10        17  40
 3  65  39  52  -3  13   0    T  0.0    0  6.1 14 300   M    M   6        19 320
 4  56  37  47  -9  18   0 0.84  0.0    0 18.4 32 330   M    M  10 1      42 350
 5  57  39  48  -8  17   0 0.01  0.0    0 12.4 20 350   M    M   5 1       M  M
 6  73  34  54  -2  11   0 0.00  0.0    0  4.2 13 240   M    M   0        16 240
 7  68  40  54  -2  11   0 0.00  0.0    0  9.6 24 330   M    M   0        32 310
 8  68  34  51  -6  14   0 0.00  0.0    0  5.7 16 340   M    M   1        22 340
 9  55  44  50  -7  15   0 0.18  0.0    0 11.9 25 130   M    M   8 1      31 120
10  61  50  56  -1   9   0 0.63  0.0    0 13.2 21 110   M    M  10 1      27 110
11  70  53  62   4   3   0 0.00  0.0    0  6.8 13 120   M    M   8 12     15 140
12  70  54  62   4   3   0 0.03  0.0    0 10.1 18 240   M    M   6 1      28 280
13  67  48  58   0   7   0 0.22  0.0    0  9.5 18 310   M    M   4 1      22 280
14  54  39  47 -12  18   0 0.36  0.0    0 15.0 33 350   M    M  10 1      45 360
15  50  31  41 -18  24   0 0.00  0.0    0  9.7 22 320   M    M   3        30 310
16  68  38  53  -6  12   0 0.00  0.0    0 13.1 23 260   M    M   2        30 250
17  61  46  54  -6  11   0 0.02  0.0    0  7.8 15 350   M    M   8        18 350
18  66  39  53  -7  12   0 0.00  0.0    0  6.1 17 350   M    M   3        21 320
19  70  36  53  -7  12   0 0.00  0.0    0  4.3 14 330   M    M   0        17 330
20  69  44  57  -3   8   0 0.00  0.0    0  4.9 17  70   M    M   1        21 100
21  73  45  59  -2   6   0 0.00  0.0    0  7.5 21 350   M    M   1        26 320
22  76  45  61   0   4   0 0.00  0.0    0  6.6 17 340   M    M   0        23 350
23  79  42  61   0   4   0 0.00  0.0    0  4.9 14 130   M    M   0        21 140
24  85  51  68   6   0   3 0.00  0.0    0  8.7 20 210   M    M   0        25 220
25  85  61  73  11   0   8 0.00  0.0    0  8.5 17 310   M    M   2 3      22 150
26  84  65  75  13   0  10 0.01  0.0    0  9.8 22 200   M    M   4 13     29 200
27  85  64  75  12   0  10 0.01  0.0    0  9.3 24 250   M    M   3        30 240
28  84  69  77  14   0  12    T  0.0    0 13.5 24 200   M    M   3        33 190
================================================================================
SM 1908 1278       261  43  2.41     0.0 250.7          M      117
================================================================================
AV 68.1 45.6                               9.0 FASTST   M    M   4    MAX(MPH)
                                 MISC ---->  # 33 350               # 45  360
================================================================================
NOTES:
# LAST OF SEVERAL OCCURRENCES

COLUMN 17 PEAK WIND IN M.P.H.

PRELIMINARY LOCAL CLIMATOLOGICAL DATA (WS FORM: F-6) , PAGE 2

                                          STATION:  SOUTH BEND
                                          MONTH:    MAY
                                          YEAR:     2016
                                          LATITUDE:   41 42 N
                                          LONGITUDE:  86 19 W

[TEMPERATURE DATA]      [PRECIPITATION DATA]       SYMBOLS USED IN COLUMN 16

AVERAGE MONTHLY: 56.9   TOTAL FOR MONTH:   2.41    1 = FOG OR MIST
DPTR FM NORMAL:  -1.9   DPTR FM NORMAL:   -1.01    2 = FOG REDUCING VISIBILITY
HIGHEST:    85 ON 27,25 GRTST 24HR  0.84 ON  4- 4      TO 1/4 MILE OR LESS
LOWEST:     31 ON 15                               3 = THUNDER
                        SNOW, ICE PELLETS, HAIL    4 = ICE PELLETS
                        TOTAL MONTH:   0.0 INCH    5 = HAIL
                        GRTST 24HR     0.0         6 = FREEZING RAIN OR DRIZZLE
                        GRTST DEPTH:   0           7 = DUSTSTORM OR SANDSTORM:
                                                       VSBY 1/2 MILE OR LESS
                                                   8 = SMOKE OR HAZE
[NO. OF DAYS WITH]      [WEATHER - DAYS WITH]      9 = BLOWING SNOW
                                                   X = TORNADO
MAX 32 OR BELOW:   0    0.01 INCH OR MORE:  12
MAX 90 OR ABOVE:   0    0.10 INCH OR MORE:   5
MIN 32 OR BELOW:   1    0.50 INCH OR MORE:   2
MIN  0 OR BELOW:   0    1.00 INCH OR MORE:   0

[HDD (BASE 65) ]
TOTAL THIS MO.   261    CLEAR  (SCALE 0-3)  14
DPTR FM NORMAL    49    PTCLDY (SCALE 4-7)   8
TOTAL FM JUL 1  5605    CLOUDY (SCALE 8-10)  6
DPTR FM NORMAL  -638

[CDD (BASE 65) ]
TOTAL THIS MO.    43
DPTR FM NORMAL     5    [PRESSURE DATA]
TOTAL FM JAN 1    47    HIGHEST SLP M ON M
DPTR FM NORMAL    -1    LOWEST  SLP 29.59 ON  4

[REMARKS]
