000
CXUS55 KLOX 011155
CF6SBP
PRELIMINARY LOCAL CLIMATOLOGICAL DATA (WS FORM: F-6)

                                          STATION:   SAN LUIS OBISPO AIRPORT CA
                                          MONTH:     JULY
                                          YEAR:      2015
                                          LATITUDE:   35 13 N
                                          LONGITUDE: 120 38 W

  TEMPERATURE IN F:       :PCPN:    SNOW:  WIND      :SUNSHINE: SKY     :PK WND
================================================================================
1   2   3   4   5  6A  6B    7    8   9   10  11  12  13   14  15   16   17  18
                                     12Z  AVG MX 2MIN
DY MAX MIN AVG DEP HDD CDD  WTR  SNW DPTH SPD SPD DIR MIN PSBL S-S WX    SPD DR
================================================================================

 1  83  57  70   6   0   5 0.00  0.0    0  4.2 18 310   M    M   2        22 320
 2  85  59  72   7   0   7    T  0.0    0  4.6 14 310   M    M   3        17 300
 3  79  57  68   3   0   3 0.00  0.0    0  7.6 16 300   M    M   4 1      20 290
 4  78  58  68   3   0   3 0.00  0.0    0  8.1 17 300   M    M   5 1       M  M
 5  76  60  68   3   0   3 0.00  0.0    0  8.1 17 310   M    M   5        22 320
 6  75  60  68   3   0   3 0.00  0.0    0 10.7 21 320   M    M   4 1      25 310
 7  76  56  66   1   0   1 0.00  0.0    0 12.2 29 320   M    M   3        35 300
 8  75  60  68   3   0   3 0.00  0.0    0 10.7 23 310   M    M   6         M  M
 9  76  60  68   3   0   3 0.00  0.0    0  5.8 21 310   M    M   5        26 320
10  77  59  68   3   0   3 0.00  0.0    0  8.4 21 310   M    M   4        26 310
11  77  58  68   3   0   3 0.00  0.0    0  9.5 23 310   M    M   2        28 310
12  79  60  70   5   0   5 0.00  0.0    0 11.3 26 320   M    M   2        31 320
13  79  59  69   4   0   4 0.00  0.0    0  9.0 22 320   M    M   2        25 310
14  75  58  67   1   0   2 0.00  0.0    0  9.4 23 320   M    M   5        28 310
15  75  59  67   1   0   2 0.00  0.0    0  6.8 17 310   M    M   6        21 320
16  75  58  67   1   0   2 0.00  0.0    0  5.6 12 310   M    M   4        16 210
17  75  58  67   1   0   2 0.00  0.0    0  3.7 12 260   M    M   4        15 200
18  79  51  65  -1   0   0    T  0.0    0  4.4 15 210   M    M   3        18 210
19  88  68  78  12   0  13 1.32  0.0    0  6.4 17 150   M    M   7 13     22 320
20  87  67  77  11   0  12    T  0.0    0  5.0 15 220   M    M   5 1      19 210
21  78  63  71   5   0   6 0.00  0.0    0  4.7 14 230   M    M   2 18     17 180
22  75  63  69   3   0   4 0.00  0.0    0  4.5  M   M   M    M   9         M  M
23  77  58  68   2   0   3 0.00  0.0    M  9.3 20 310   M    M   2        24 310
24  82  54  68   2   0   3 0.00  0.0    0  7.6 22 310   M    M   0 1       M  M
25  86  56  71   5   0   6 0.00  0.0    0 10.0 25 310   M    M   2 1      30 310
26  75  57  66   0   0   1 0.00  0.0    0  8.4 21 300   M    M   5        26 310
27  78  56  67   1   0   2 0.00  0.0    0  7.6 21 320   M    M   3 1       M  M
28  80  58  69   3   0   4 0.00  0.0    0  4.9 13 300   M    M   4 1      16 310
29  78  59  69   3   0   4 0.00  0.0    0  5.5 13 300   M    M   4 1      20 300
30  79  60  70   4   0   5 0.00  0.0    0  8.7 18 310   M    M   3        21 310
31  83  61  72   6   0   7 0.00  0.0    0  8.1 20 320   M    M   2         M  M
================================================================================
SM 2440 1827         0 124  1.32     0.0 231.0          M      117
================================================================================
AV 78.7 58.9                               7.5 FASTST   M    M   4    MAX(MPH)
                                 MISC ---->  # 29 320               # 35  300
================================================================================
NOTES:
# LAST OF SEVERAL OCCURRENCES

COLUMN 17 PEAK WIND IN M.P.H.

PRELIMINARY LOCAL CLIMATOLOGICAL DATA (WS FORM: F-6) , PAGE 2

                                          STATION:  SAN LUIS OBISPO AIRPORT CA
                                          MONTH:    JULY
                                          YEAR:     2015
                                          LATITUDE:   35 13 N
                                          LONGITUDE: 120 38 W

[TEMPERATURE DATA]      [PRECIPITATION DATA]       SYMBOLS USED IN COLUMN 16

AVERAGE MONTHLY: 68.8   TOTAL FOR MONTH:   1.32    1 = FOG OR MIST
DPTR FM NORMAL:   3.3   DPTR FM NORMAL:    1.30    2 = FOG REDUCING VISIBILITY
HIGHEST:    88 ON 19    GRTST 24HR  1.32 ON 19-19      TO 1/4 MILE OR LESS
LOWEST:     51 ON 18                               3 = THUNDER
                        SNOW, ICE PELLETS, HAIL    4 = ICE PELLETS
                        TOTAL MONTH:   0.0 INCH    5 = HAIL
                        GRTST 24HR     0.0         6 = FREEZING RAIN OR DRIZZLE
                        GRTST DEPTH:   0           7 = DUSTSTORM OR SANDSTORM:
                                                       VSBY 1/2 MILE OR LESS
                                                   8 = SMOKE OR HAZE
[NO. OF DAYS WITH]      [WEATHER - DAYS WITH]      9 = BLOWING SNOW
                                                   X = TORNADO
MAX 32 OR BELOW:   0    0.01 INCH OR MORE:   1
MAX 90 OR ABOVE:   0    0.10 INCH OR MORE:   1
MIN 32 OR BELOW:   0    0.50 INCH OR MORE:   1
MIN  0 OR BELOW:   0    1.00 INCH OR MORE:   1

[HDD (BASE 65) ]
TOTAL THIS MO.     0    CLEAR  (SCALE 0-3)  12
DPTR FM NORMAL   -32    PTCLDY (SCALE 4-7)  18
TOTAL FM JUL 1     0    CLOUDY (SCALE 8-10)  1
DPTR FM NORMAL   -32

[CDD (BASE 65) ]
TOTAL THIS MO.   124
DPTR FM NORMAL    77    [PRESSURE DATA]
TOTAL FM JAN 1   183    HIGHEST SLP 30.07 ON 24
DPTR FM NORMAL    90    LOWEST  SLP 29.80 ON 17

[REMARKS]
#FINAL-07-15#
