000
CXUS55 KLOX 261155
CF6SBP
PRELIMINARY LOCAL CLIMATOLOGICAL DATA (WS FORM: F-6)

                                          STATION:   SAN LUIS OBISPO AIRPORT CA
                                          MONTH:     SEPTEMBER
                                          YEAR:      2017
                                          LATITUDE:   35 13 N
                                          LONGITUDE: 120 38 W

  TEMPERATURE IN F:       :PCPN:    SNOW:  WIND      :SUNSHINE: SKY     :PK WND
================================================================================
1   2   3   4   5  6A  6B    7    8   9   10  11  12  13   14  15   16   17  18
                                     12Z  AVG MX 2MIN
DY MAX MIN AVG DEP HDD CDD  WTR  SNW DPTH SPD SPD DIR MIN PSBL S-S WX    SPD DR
================================================================================

 1 106  59  83  15   0  18 0.00  0.0    0  6.3 20 310   M    M   1 3      24 320
 2 114  70  92  24   0  27 0.00  0.0    0  3.6 16 300   M    M   0        20 300
 3 101  71  86  18   0  21    T  0.0    0  4.8 18 200   M    M   0 1      25 220
 4  80  68  74   6   0   9    T  0.0    0  4.2 14 230   M    M   8 18     18 230
 5  83  62  73   6   0   8 0.00  0.0    0  4.6 14 320   M    M   5 1      19 270
 6  81  60  71   4   0   6 0.00  0.0    0  6.9 18 330   M    M   5 1      22 310
 7  81  62  72   5   0   7 0.00  0.0    0 10.9 24 310   M    M   5        37 290
 8  76  64  70   3   0   5    T  0.0    0  6.8 21 320   M    M   8        24 320
 9  82  61  72   5   0   7 0.00  0.0    0  6.3 21 310   M    M   5        24 300
10  87  61  74   7   0   9    T  0.0    0  6.1 25 160   M    M   4 13     34 160
11  88  65  77  10   0  12    T  0.0    0  5.1 16 210   M    M   2 3      20 330
12  78  65  72   5   0   7 0.00  0.0    0  6.1 14 310   M    M   7 1      18 220
13  79  59  69   2   0   4 0.00  0.0    0  5.6 22 310   M    M   5        26 310
14  72  58  65  -2   0   0 0.00  0.0    0  6.1 18 320   M    M   8        23 320
15  78  53  66  -1   0   1 0.00  0.0    0  8.6 25 310   M    M   3        30 300
16  76  52  64  -3   1   0 0.00  0.0    0  7.3 22 310   M    M   3        24 310
17  76  55  66   0   0   1 0.00  0.0    0  5.8 17 310   M    M   4 8      20 300
18  83  55  69   3   0   4    T  0.0    0  8.0 28 310   M    M   6 1      33 310
19  80  58  69   3   0   4 0.00  0.0    0 13.2 30 320   M    M   1        36 310
20  82  58  70   4   0   5    T  0.0    0 12.6 26 320   M    M   3 18     34 310
21  72  53  63  -3   2   0 0.00  0.0    0 11.5 29 310   M    M   4        38 300
22  74  48  61  -5   4   0 0.00  0.0    0  8.9 24 310   M    M   0        29 320
23  79  50  65  -1   0   0 0.00  0.0    0  9.6 23 320   M    M   0        26 310
24  88  51  70   4   0   5 0.00  0.0    0  8.1 26 310   M    M   0        33 310
25  89  51  70   4   0   5 0.00  0.0    0  7.0 26 320   M    M   0        32 320
================================================================================
SM 2085 1469         7 165    T      0.0 183.9          M       87
================================================================================
AV 83.4 58.8                               7.4 FASTST   M    M   3    MAX(MPH)
                                 MISC ---->  # 30 320               # 38  300
================================================================================
NOTES:
# LAST OF SEVERAL OCCURRENCES

COLUMN 17 PEAK WIND IN M.P.H.

PRELIMINARY LOCAL CLIMATOLOGICAL DATA (WS FORM: F-6) , PAGE 2

                                          STATION:  SAN LUIS OBISPO AIRPORT CA
                                          MONTH:    SEPTEMBER
                                          YEAR:     2017
                                          LATITUDE:   35 13 N
                                          LONGITUDE: 120 38 W

[TEMPERATURE DATA]      [PRECIPITATION DATA]       SYMBOLS USED IN COLUMN 16

AVERAGE MONTHLY: 71.1   TOTAL FOR MONTH:      T    1 = FOG OR MIST
DPTR FM NORMAL:   4.3   DPTR FM NORMAL:   -0.03    2 = FOG REDUCING VISIBILITY
HIGHEST:   114 ON  2    GRTST 24HR    T  ON 20-20      TO 1/4 MILE OR LESS
LOWEST:     48 ON 22                               3 = THUNDER
                        SNOW, ICE PELLETS, HAIL    4 = ICE PELLETS
                        TOTAL MONTH:   0.0 INCH    5 = HAIL
                        GRTST 24HR     0.0         6 = FREEZING RAIN OR DRIZZLE
                        GRTST DEPTH:   0           7 = DUSTSTORM OR SANDSTORM:
                                                       VSBY 1/2 MILE OR LESS
                                                   8 = SMOKE OR HAZE
[NO. OF DAYS WITH]      [WEATHER - DAYS WITH]      9 = BLOWING SNOW
                                                   X = TORNADO
MAX 32 OR BELOW:   0    0.01 INCH OR MORE:   0
MAX 90 OR ABOVE:   3    0.10 INCH OR MORE:   0
MIN 32 OR BELOW:   0    0.50 INCH OR MORE:   0
MIN  0 OR BELOW:   0    1.00 INCH OR MORE:   0

[HDD (BASE 65) ]
TOTAL THIS MO.     7    CLEAR  (SCALE 0-3)  12
DPTR FM NORMAL   -20    PTCLDY (SCALE 4-7)  12
TOTAL FM JUL 1    14    CLOUDY (SCALE 8-10)  1
DPTR FM NORMAL   -57

[CDD (BASE 65) ]
TOTAL THIS MO.   165
DPTR FM NORMAL   100    [PRESSURE DATA]
TOTAL FM JAN 1   544    HIGHEST SLP M ON M
DPTR FM NORMAL   312    LOWEST  SLP 29.67 ON  1

[REMARKS]
