000
CXUS55 KLOX 291655
CF6SBP
PRELIMINARY LOCAL CLIMATOLOGICAL DATA (WS FORM: F-6)

                                          STATION:   SAN LUIS OBISPO AIRPORT CA
                                          MONTH:     JANUARY
                                          YEAR:      2015
                                          LATITUDE:   35 13 N
                                          LONGITUDE: 120 38 W

  TEMPERATURE IN F:       :PCPN:    SNOW:  WIND      :SUNSHINE: SKY     :PK WND
================================================================================
1   2   3   4   5  6A  6B    7    8   9   10  11  12  13   14  15   16   17  18
                                     12Z  AVG MX 2MIN
DY MAX MIN AVG DEP HDD CDD  WTR  SNW DPTH SPD SPD DIR MIN PSBL S-S WX    SPD DR
================================================================================

 1  58  27  43  -8  22   0 0.00  0.0    0  2.2 13 210   M    M   0        17 260
 2  59  30  45  -6  20   0 0.00  0.0    0  3.5 16 300   M    M   0        20 300
 3  59  29  44  -8  21   0 0.00  0.0    0  2.8 10 310   M    M   0        13 170
 4  67  32  50  -2  15   0 0.00  0.0    0  3.6 17 330   M    M   0        21 340
 5  77  38  58   6   7   0 0.00  0.0    0  2.8 10 110   M    M   1         M  M
 6  79  40  60   8   5   0 0.00  0.0    0  2.4  9 290   M    M   0        15 350
 7  81  39  60   8   5   0 0.00  0.0    0  2.5  9 300   M    M   0        16 350
 8  73  44  59   7   6   0 0.00  0.0    0  3.0 15 310   M    M   0        16 310
 9  70  47  59   7   6   0 0.00  0.0    0  3.5 14 230   M    M   3        17 230
10  68  52  60   8   5   0 0.01  0.0    0  2.8 15 320   M    M   9        17 320
11  69  47  58   6   7   0 0.01    M    0  4.6 18 320   M    M   3 1      21 320
12  68  44  56   4   9   0 0.00  0.0    0  4.0 15 320   M    M   4 128    19 330
13  71  45  58   6   7   0 0.00  0.0    0  3.1 14 320   M    M   0 18     17 320
14  69  38  54   2  11   0 0.00  0.0    0  3.6 13 320   M    M   0 1      15 340
15  70  38  54   2  11   0 0.00  0.0    0  3.3 16 310   M    M   0        19 310
16  73  40  57   5   8   0 0.00  0.0    0  6.2 20 310   M    M   0        24 330
17  78  50  64  12   1   0 0.00  0.0    0  4.0 18 320   M    M   1        22 320
18  73  43  58   6   7   0 0.00  0.0    0  4.6 15 310   M    M   1        17 310
19  76  48  62  10   3   0 0.00  0.0    0  6.6 22 310   M    M   0        26 320
20  70  47  59   7   6   0 0.00  0.0    0  7.4 18 320   M    M   2         M  M
21  69  42  56   4   9   0 0.00  0.0    0  5.4 20 330   M    M   0        24 330
22  72  37  55   3  10   0 0.00  0.0    0  1.7 10 320   M    M   1        13 320
23  76  36  56   4   9   0 0.00  0.0    0  6.0 18 350   M    M   0         M  M
24  80  39  60   8   5   0 0.00  0.0    0  4.2 14 120   M    M   0        15 120
25  85  41  63  11   2   0 0.00  0.0    0  4.9 14 120   M    M   0        17 110
26  75  47  61   8   4   0 0.01    M    0  2.3 13 160   M    M   4        15 160
27  69  47  58   5   7   0 0.04    M    0  3.2 12 140   M    M   6        16 250
28  68  46  57   4   8   0 0.00  0.0    0  2.0 10 330   M    M   2 18     14 330
================================================================================
SM 2002 1153       236   0  0.07     0.0 106.3          M       37
================================================================================
AV 71.5 41.2                               3.8 FASTST   M    M   1    MAX(MPH)
                                 MISC ---->  # 22 310               # 26  320
================================================================================
NOTES:
# LAST OF SEVERAL OCCURRENCES

COLUMN 17 PEAK WIND IN M.P.H.

PRELIMINARY LOCAL CLIMATOLOGICAL DATA (WS FORM: F-6) , PAGE 2

                                          STATION:  SAN LUIS OBISPO AIRPORT CA
                                          MONTH:    JANUARY
                                          YEAR:     2015
                                          LATITUDE:   35 13 N
                                          LONGITUDE: 120 38 W

[TEMPERATURE DATA]      [PRECIPITATION DATA]       SYMBOLS USED IN COLUMN 16

AVERAGE MONTHLY: 56.3   TOTAL FOR MONTH:   0.07    1 = FOG OR MIST
DPTR FM NORMAL:   4.3   DPTR FM NORMAL:   -3.39    2 = FOG REDUCING VISIBILITY
HIGHEST:    85 ON 25    GRTST 24HR  0.05 ON 26-27      TO 1/4 MILE OR LESS
LOWEST:     27 ON  1                               3 = THUNDER
                        SNOW, ICE PELLETS, HAIL    4 = ICE PELLETS
                        TOTAL MONTH:   0.0 INCH    5 = HAIL
                        GRTST 24HR     0.0         6 = FREEZING RAIN OR DRIZZLE
                        GRTST DEPTH:   0           7 = DUSTSTORM OR SANDSTORM:
                                                       VSBY 1/2 MILE OR LESS
                                                   8 = SMOKE OR HAZE
[NO. OF DAYS WITH]      [WEATHER - DAYS WITH]      9 = BLOWING SNOW
                                                   X = TORNADO
MAX 32 OR BELOW:   0    0.01 INCH OR MORE:   4
MAX 90 OR ABOVE:   0    0.10 INCH OR MORE:   0
MIN 32 OR BELOW:   4    0.50 INCH OR MORE:   0
MIN  0 OR BELOW:   0    1.00 INCH OR MORE:   0

[HDD (BASE 65) ]
TOTAL THIS MO.   236    CLEAR  (SCALE 0-3)  22
DPTR FM NORMAL  -125    PTCLDY (SCALE 4-7)   5
TOTAL FM JUL 1   687    CLOUDY (SCALE 8-10)  1
DPTR FM NORMAL  -514

[CDD (BASE 65) ]
TOTAL THIS MO.     0
DPTR FM NORMAL     0    [PRESSURE DATA]
TOTAL FM JAN 1     0    HIGHEST SLP M ON M
DPTR FM NORMAL     0    LOWEST  SLP 29.92 ON M

[REMARKS]
