000
CXUS51 KAKQ 211010
CF6SBY
PRELIMINARY LOCAL CLIMATOLOGICAL DATA (WS FORM: F-6)

                                          STATION:   SALISBURY MD
                                          MONTH:     OCTOBER
                                          YEAR:      2014
                                          LATITUDE:   38 20 N
                                          LONGITUDE:  75 30 W

  TEMPERATURE IN F:       :PCPN:    SNOW:  WIND      :SUNSHINE: SKY     :PK WND
================================================================================
1   2   3   4   5  6A  6B    7    8   9   10  11  12  13   14  15   16   17  18
                                     12Z  AVG MX 2MIN
DY MAX MIN AVG DEP HDD CDD  WTR  SNW DPTH SPD SPD DIR MIN PSBL S-S WX    SPD DR
================================================================================

 1  77  60  69   7   0   4 0.00  0.0    0  5.4 14  20   M    M   4 18     18  20
 2  75  57  66   4   0   1 0.00  0.0    0  3.8 12  50   M    M   3 18     15  40
 3  77  52  65   3   0   0    T  0.0    0  5.2 14 120   M    M   4 128    25 140
 4  78  52  65   4   0   0 0.09  0.0    0  8.9 22 320   M    M   7 1      29 320
 5  65  38  52  -9  13   0 0.00  0.0    0  3.6 15 260   M    M   0        20 260
 6  75  44  60   0   5   0 0.00  0.0    0  6.7 18 190   M    M   0        23 190
 7  78  56  67   7   0   2 0.02  0.0    0  9.4 18 190   M    M   2        24 190
 8  80  58  69   9   0   4    T  0.0    0  8.2 21 200   M    M   1        26 200
 9  74  48  61   2   4   0 0.00  0.0    0  3.1 13 260   M    M   1        16 240
10  74  60  67   8   0   2 0.47  0.0    0  3.4 10  90   M    M   9 18     13  20
11  65  58  62   3   3   0 0.12  0.0    0  6.0 15  10   M    M  10 128    20 350
12  70  50  60   2   5   0 0.00  0.0    0  6.0 15  50   M    M   4 18     17  50
13  74  58  66   8   0   1 0.06  0.0    0  3.8  8 170   M    M   8 18     12 170
14  83  61  72  14   0   7 0.00  0.0    0  9.5 21 160   M    M   4 12     29 150
15  80  70  75  18   0  10 0.79  0.0    0  9.5 18 150   M    M   9 138    28 140
16  73  57  65   8   0   0 0.01  0.0    0  5.4 16 250   M    M   4 12     21 220
17  74  53  64   7   1   0 0.00  0.0    0  4.4 14 180   M    M   1 1      17 210
18  75  55  65   9   0   0 0.00  0.0    0  8.2 21 320   M    M   3        28 320
19  60  38  49  -7  16   0 0.00  0.0    0  8.8 24 320   M    M   3        31 320
20  68  34  51  -5  14   0 0.00  0.0    0  4.8 20 200   M    M   0        25 210
================================================================================
SM 1475 1059        61  31  1.56     0.0 124.1          M       77
================================================================================
AV 73.8 53.0                               6.2 FASTST   M    M   4    MAX(MPH)
                                 MISC ---->  # 24 320               # 31  320
================================================================================
NOTES:
# LAST OF SEVERAL OCCURRENCES

COLUMN 17 PEAK WIND IN M.P.H.

PRELIMINARY LOCAL CLIMATOLOGICAL DATA (WS FORM: F-6) , PAGE 2

                                          STATION:  SALISBURY MD
                                          MONTH:    OCTOBER
                                          YEAR:     2014
                                          LATITUDE:   38 20 N
                                          LONGITUDE:  75 30 W

[TEMPERATURE DATA]      [PRECIPITATION DATA]       SYMBOLS USED IN COLUMN 16

AVERAGE MONTHLY: 63.3   TOTAL FOR MONTH:   1.56    1 = FOG OR MIST
DPTR FM NORMAL:   4.4   DPTR FM NORMAL:   -0.70    2 = FOG REDUCING VISIBILITY
HIGHEST:    83 ON 14    GRTST 24HR  0.80 ON 15-16      TO 1/4 MILE OR LESS
LOWEST:     34 ON 20                               3 = THUNDER
                        SNOW, ICE PELLETS, HAIL    4 = ICE PELLETS
                        TOTAL MONTH:   0.0 INCH    5 = HAIL
                        GRTST 24HR     0.0         6 = FREEZING RAIN OR DRIZZLE
                        GRTST DEPTH:   0           7 = DUSTSTORM OR SANDSTORM:
                                                       VSBY 1/2 MILE OR LESS
                                                   8 = SMOKE OR HAZE
[NO. OF DAYS WITH]      [WEATHER - DAYS WITH]      9 = BLOWING SNOW
                                                   X = TORNADO
MAX 32 OR BELOW:   0    0.01 INCH OR MORE:   7
MAX 90 OR ABOVE:   0    0.10 INCH OR MORE:   3
MIN 32 OR BELOW:   0    0.50 INCH OR MORE:   1
MIN  0 OR BELOW:   0    1.00 INCH OR MORE:   0

[HDD (BASE 65) ]
TOTAL THIS MO.    61    CLEAR  (SCALE 0-3)   9
DPTR FM NORMAL   -82    PTCLDY (SCALE 4-7)   8
TOTAL FM JUL 1    67    CLOUDY (SCALE 8-10)  3
DPTR FM NORMAL  -124

[CDD (BASE 65) ]
TOTAL THIS MO.    31
DPTR FM NORMAL     9    [PRESSURE DATA]
TOTAL FM JAN 1  1373    HIGHEST SLP M ON M
DPTR FM NORMAL   226    LOWEST  SLP 29.60 ON  4

[REMARKS]
