000
CXUS55 KLOX 291655
CF6SDB
PRELIMINARY LOCAL CLIMATOLOGICAL DATA (WS FORM: F-6)

                                          STATION:   SANDBERG CA
                                          MONTH:     JUNE
                                          YEAR:      2015
                                          LATITUDE:   34 45 N
                                          LONGITUDE: 118 44 W

  TEMPERATURE IN F:       :PCPN:    SNOW:  WIND      :SUNSHINE: SKY     :PK WND
================================================================================
1   2   3   4   5  6A  6B    7    8   9   10  11  12  13   14  15   16   17  18
                                     12Z  AVG MX 2MIN
DY MAX MIN AVG DEP HDD CDD  WTR  SNW DPTH SPD SPD DIR MIN PSBL S-S WX    SPD DR
================================================================================

 1  79  56  68   6   0   3 0.00  0.0    0 10.7 21 330   M    M   0 8      27 260
 2  72  50  61  -1   4   0 0.00  0.0    0 16.3 28 330   M    M   0 1      34 330
 3  73  55  64   1   1   0 0.00  0.0    0 15.9 28 320   M    M   0        35 310
 4  65  48  57  -6   8   0 0.00  0.0    0 13.0 25 170   M    M   1 128    36 180
 5  73  46  60  -3   5   0 0.00  0.0    0 10.4 21 300   M    M   2 128    28 300
 6  78  49  64   0   1   0 0.00  0.0    0 12.8 25 340   M    M   1 1      34 320
 7  88  62  75  11   0  10 0.00  0.0    0 11.2 25  90   M    M   0        32  80
 8  93  69  81  17   0  16 0.00  0.0    0 11.5 25  80   M    M   0        33 120
 9  75  60  68   4   0   3 0.05  0.0    M  9.3 23 350   M    M   7        28 350
10  75  61  68   3   0   3 0.06  0.0    0 12.2 26 340   M    M   5 18     39 320
11  82  58  70   5   0   5 0.00  0.0    0 14.5 28 340   M    M   1        38 320
12  91  67  79  14   0  14 0.00  0.0    0 11.1 20 340   M    M   1        30 340
13  92  72  82  16   0  17 0.00  0.0    0 12.4 26 340   M    M   M        32 340
14  93  71  82  16   0  17 0.00  0.0    0 13.1 25 340   M    M   M        34 340
15  93  69  81  15   0  16 0.00  0.0    M 12.9 24 340   M    M   0        31 340
16  93  66  80  13   0  15 0.00  0.0    0 12.9 26 340   M    M   0        30 340
17  94  67  81  14   0  16 0.00  0.0    0 11.7 23 340   M    M   0        29 340
18  91  69  80  13   0  15 0.00  0.0    0 16.1 33 330   M    M   0        43 340
19  88  64  76   8   0  11 0.00  0.0    0 20.8 41 340   M    M   0        50 340
20  96  70  83  15   0  18 0.00  0.0    0 16.7 33 330   M    M   0        41 340
21  93  68  81  13   0  16 0.00  0.0    0 12.3 25 340   M    M   0        32 350
22  86  61  74   5   0   9 0.00  0.0    0 19.4 30 320   M    M   0        41 320
23  91  64  78   9   0  13 0.00  0.0    0 16.6 32 340   M    M   0        42 340
24  90  66  78   9   0  13 0.00  0.0    0 13.3 25 340   M    M   0        30 330
25  92  67  80  10   0  15 0.00  0.0    0 12.0 21 180   M    M   0        28 150
26  97  72  85  15   0  20 0.00  0.0    0 12.6 24 180   M    M   0        33 170
27  90  72  81  11   0  16    T  0.0    0 11.1 23 280   M    M   2        31 330
28  93  72  83  13   0  18    T  0.0    0 10.0 20 170   M    M   1        25 140
================================================================================
SM 2416 1771        19 299  0.11     0.0 372.9          M       21
================================================================================
AV 86.3 63.2                              13.3 FASTST   M    M   1    MAX(MPH)
                                 MISC ---->  # 41 340               # 50  340
================================================================================
NOTES:
# LAST OF SEVERAL OCCURRENCES

COLUMN 17 PEAK WIND IN M.P.H.

PRELIMINARY LOCAL CLIMATOLOGICAL DATA (WS FORM: F-6) , PAGE 2

                                          STATION:  SANDBERG CA
                                          MONTH:    JUNE
                                          YEAR:     2015
                                          LATITUDE:   34 45 N
                                          LONGITUDE: 118 44 W

[TEMPERATURE DATA]      [PRECIPITATION DATA]       SYMBOLS USED IN COLUMN 16

AVERAGE MONTHLY: 74.8   TOTAL FOR MONTH:   0.11    1 = FOG OR MIST
DPTR FM NORMAL:   8.6   DPTR FM NORMAL:    0.05    2 = FOG REDUCING VISIBILITY
HIGHEST:    97 ON 26    GRTST 24HR  0.10 ON  9-10      TO 1/4 MILE OR LESS
LOWEST:     46 ON  5                               3 = THUNDER
                        SNOW, ICE PELLETS, HAIL    4 = ICE PELLETS
                        TOTAL MONTH:   0.0 INCH    5 = HAIL
                        GRTST 24HR     0.0         6 = FREEZING RAIN OR DRIZZLE
                        GRTST DEPTH:   0           7 = DUSTSTORM OR SANDSTORM:
                                                       VSBY 1/2 MILE OR LESS
                                                   8 = SMOKE OR HAZE
[NO. OF DAYS WITH]      [WEATHER - DAYS WITH]      9 = BLOWING SNOW
                                                   X = TORNADO
MAX 32 OR BELOW:   0    0.01 INCH OR MORE:   2
MAX 90 OR ABOVE:  16    0.10 INCH OR MORE:   0
MIN 32 OR BELOW:   0    0.50 INCH OR MORE:   0
MIN  0 OR BELOW:   0    1.00 INCH OR MORE:   0

[HDD (BASE 65) ]
TOTAL THIS MO.    19    CLEAR  (SCALE 0-3)  24
DPTR FM NORMAL   -62    PTCLDY (SCALE 4-7)   2
TOTAL FM JUL 1  2401    CLOUDY (SCALE 8-10)  0
DPTR FM NORMAL -1708

[CDD (BASE 65) ]
TOTAL THIS MO.   299
DPTR FM NORMAL   181    [PRESSURE DATA]
TOTAL FM JAN 1   412    HIGHEST SLP M ON M
DPTR FM NORMAL   249    LOWEST  SLP 29.70 ON 14

[REMARKS]
