000
CXUS55 KPSR 251005
CF6SDL
PRELIMINARY LOCAL CLIMATOLOGICAL DATA (WS FORM: F-6)

                                          STATION:   SCOTTSDALE AZ
                                          MONTH:     DECEMBER
                                          YEAR:      2014
                                          LATITUDE:   33 37 N
                                          LONGITUDE: 111 55 W

  TEMPERATURE IN F:       :PCPN:    SNOW:  WIND      :SUNSHINE: SKY     :PK WND
================================================================================
1   2   3   4   5  6A  6B    7    8   9   10  11  12  13   14  15   16   17  18
                                     12Z  AVG MX 2MIN
DY MAX MIN AVG DEP HDD CDD  WTR  SNW DPTH SPD SPD DIR MIN PSBL S-S WX    SPD DR
================================================================================

 1  73  48  61   5   4   0 0.00  0.0    0  0.7  6 290   M    M   0         7 320
 2  67  52  60   5   5   0    T  0.0    0  1.5 10  90   M    M   4        16 100
 3  74  59  67  12   0   2    T  0.0    0  1.7  8  30   M    M   9        13 290
 4  65  59  62   7   3   0 0.72  0.0    0  1.9  9 250   M    M   9 1      23 270
 5  70  55  63   8   2   0 0.00  0.0    0  0.6  6 210   M    M   2         7 140
 6  71  55  63   9   2   0 0.00  0.0    0  0.9  6  30   M    M   0         7  30
 7  76  49  63   9   2   0 0.00  0.0    0  0.8  7 220   M    M   0         8  40
 8  75  52  64  10   1   0 0.00  0.0    0  1.6 10  60   M    M   0        23 220
 9  77  54  66  12   0   1 0.00  0.0    0  1.6  7 230   M    M   0        10 260
10  76  52  64  10   1   0 0.00  0.0    0  1.2  7 270   M    M   0        14 190
11  73  53  63   9   2   0 0.00  0.0    0  1.3  8 150   M    M   0        12 230
12  75  52  64  11   1   0    T  0.0    0  2.4 12 120   M    M   1        16 140
13  63  48  56   3   9   0 0.28    M    0  4.2 15 220   M    M   7 13     22 330
14  59  43  51  -2  14   0 0.00  0.0    0  0.6  8 200   M    M   0        23  30
15  61  42  52  -1  13   0 0.00  0.0    0  0.6  6  40   M    M   0        12 260
16  61  47  54   1  11   0 0.00  0.0    0  0.5  6 140   M    M   0         8 170
17  56  49  53   0  12   0 0.10  0.0    0  2.1  8 360   M    M   9        15  90
18  60  48  54   1  11   0 0.01  0.0    0  2.3 10 330   M    M   5        15 330
19  63  41  52  -1  13   0 0.00  0.0    0  1.0  7 330   M    M   0        12 110
20  63  43  53   0  12   0 0.00  0.0    0  0.7  7 230   M    M   0         9 240
21  62  43  53   0  12   0 0.00  0.0    0  1.1  7 230   M    M   0         9 230
22  63  45  54   1  11   0 0.00  0.0    0  0.6  6  40   M    M   0         9 220
23  66  45  56   3   9   0 0.00  0.0    0  5.8 17  40   M    M   0        22  50
24  63  40  52  -1  13   0 0.00  0.0    0  1.4 13  10   M    M   0        21 240
================================================================================
SM 1612 1174       163   3  1.11     0.0  37.1          M       46
================================================================================
AV 67.2 48.9                               1.5 FASTST   M    M   2    MAX(MPH)
                                 MISC ---->  # 17  40               # 23  270
================================================================================
NOTES:
# LAST OF SEVERAL OCCURRENCES

COLUMN 17 PEAK WIND IN M.P.H.

PRELIMINARY LOCAL CLIMATOLOGICAL DATA (WS FORM: F-6) , PAGE 2

                                          STATION:  SCOTTSDALE AZ
                                          MONTH:    DECEMBER
                                          YEAR:     2014
                                          LATITUDE:   33 37 N
                                          LONGITUDE: 111 55 W

[TEMPERATURE DATA]      [PRECIPITATION DATA]       SYMBOLS USED IN COLUMN 16

AVERAGE MONTHLY: 58.0   TOTAL FOR MONTH:   1.11    1 = FOG OR MIST
DPTR FM NORMAL:   4.3   DPTR FM NORMAL:    0.29    2 = FOG REDUCING VISIBILITY
HIGHEST:    77 ON  9    GRTST 24HR  0.72 ON  4- 4      TO 1/4 MILE OR LESS
LOWEST:     40 ON 24                               3 = THUNDER
                        SNOW, ICE PELLETS, HAIL    4 = ICE PELLETS
                        TOTAL MONTH:   0.0 INCH    5 = HAIL
                        GRTST 24HR     0.0         6 = FREEZING RAIN OR DRIZZLE
                        GRTST DEPTH:   0           7 = DUSTSTORM OR SANDSTORM:
                                                       VSBY 1/2 MILE OR LESS
                                                   8 = SMOKE OR HAZE
[NO. OF DAYS WITH]      [WEATHER - DAYS WITH]      9 = BLOWING SNOW
                                                   X = TORNADO
MAX 32 OR BELOW:   0    0.01 INCH OR MORE:   4
MAX 90 OR ABOVE:   0    0.10 INCH OR MORE:   3
MIN 32 OR BELOW:   0    0.50 INCH OR MORE:   1
MIN  0 OR BELOW:   0    1.00 INCH OR MORE:   0

[HDD (BASE 65) ]
TOTAL THIS MO.   163    CLEAR  (SCALE 0-3)  18
DPTR FM NORMAL  -108    PTCLDY (SCALE 4-7)   3
TOTAL FM JUL 1   255    CLOUDY (SCALE 8-10)  3
DPTR FM NORMAL  -162

[CDD (BASE 65) ]
TOTAL THIS MO.     3
DPTR FM NORMAL     3    [PRESSURE DATA]
TOTAL FM JAN 1  4242    HIGHEST SLP M ON M
DPTR FM NORMAL   289    LOWEST  SLP 29.78 ON 24

[REMARKS]
