000
CXUS55 KPSR 271005
CF6SDL
PRELIMINARY LOCAL CLIMATOLOGICAL DATA (WS FORM: F-6)

                                          STATION:   SCOTTSDALE AZ
                                          MONTH:     MARCH
                                          YEAR:      2017
                                          LATITUDE:   33 37 N
                                          LONGITUDE: 111 55 W

  TEMPERATURE IN F:       :PCPN:    SNOW:  WIND      :SUNSHINE: SKY     :PK WND
================================================================================
1   2   3   4   5  6A  6B    7    8   9   10  11  12  13   14  15   16   17  18
                                     12Z  AVG MX 2MIN
DY MAX MIN AVG DEP HDD CDD  WTR  SNW DPTH SPD SPD DIR MIN PSBL S-S WX    SPD DR
================================================================================

 1  70  42  56  -4   9   0 0.00  0.0    0  1.9  6 290   M    M   0         M  M
 2  78  41  60   0   5   0 0.00  0.0    0  4.3 13  40   M    M   0        20  40
 3  77  51  64   4   1   0 0.00  0.0    0  4.9 16 100   M    M   0        22 100
 4  78  49  64   4   1   0 0.00  0.0    0  2.8 12 210   M    M   0        17 170
 5  72  55  64   4   1   0 0.00  0.0    0  4.6 15 260   M    M   1        20 260
 6  65  49  57  -3   8   0 0.00  0.0    0  3.8 12 270   M    M   0        16 230
 7  73  43  58  -3   7   0 0.00  0.0    0  2.8  9 280   M    M   0        13 230
 8  83  47  65   4   0   0 0.00  0.0    0  2.1  6 330   M    M   0         M  M
 9  86  50  68   7   0   3 0.00  0.0    0  1.3  5  10   M    M   0 8       M  M
10  88  52  70   9   0   5 0.00  0.0    0  1.5  6 260   M    M   0         M  M
11  87  55  71   9   0   6 0.00  0.0    0  2.3 10 260   M    M   0        14 260
12  87  56  72  10   0   7 0.00  0.0    0  2.4 10 270   M    M   0        15 310
13  90  58  74  12   0   9 0.00  0.0    0  2.1  9 180   M    M   0        12 190
14  92  59  76  14   0  11 0.00  0.0    M  1.9  9 240   M    M   0        11 240
15  90  59  75  13   0  10 0.00  0.0    0  2.5 12 270   M    M   0        14 260
16  91  58  75  12   0  10 0.00  0.0    0  2.3 10 250   M    M   0        14 210
17  91  60  76  13   0  11 0.00  0.0    0  2.3  9 250   M    M   0        12 250
18  93  61  77  14   0  12 0.00  0.0    0  2.3 12 150   M    M   0        16 210
19  94  59  77  14   0  12 0.00  0.0    0  2.2  9 250   M    M   0        13 280
20  94  64  79  16   0  14 0.00  0.0    0  3.2 10 260   M    M   0        14 220
21  91  64  78  14   0  13 0.00  0.0    0  3.6 12 270   M    M   0        16 180
22  80  61  71   7   0   6 0.00  0.0    0  3.9 25 270   M    M   1 8      37 250
23  68  53  61  -3   4   0 0.05  0.0    0  5.9 20 240   M    M   7        29 330
24  77  49  63  -1   2   0 0.00  0.0    0  1.7  9 240   M    M   0        12 250
25  81  53  67   3   0   2 0.00  0.0    0  4.6 18 250   M    M   0        26 250
26  80  51  66   1   0   1 0.00  0.0    0  2.4 12 250   M    M   0        18 240
================================================================================
SM 2156 1399        38 132  0.05     0.0  75.6          M        9
================================================================================
AV 82.9 53.8                               2.9 FASTST   M    M   0    MAX(MPH)
                                 MISC ---->  # 25 270               # 37  250
================================================================================
NOTES:
# LAST OF SEVERAL OCCURRENCES

COLUMN 17 PEAK WIND IN M.P.H.

PRELIMINARY LOCAL CLIMATOLOGICAL DATA (WS FORM: F-6) , PAGE 2

                                          STATION:  SCOTTSDALE AZ
                                          MONTH:    MARCH
                                          YEAR:     2017
                                          LATITUDE:   33 37 N
                                          LONGITUDE: 111 55 W

[TEMPERATURE DATA]      [PRECIPITATION DATA]       SYMBOLS USED IN COLUMN 16

AVERAGE MONTHLY: 68.4   TOTAL FOR MONTH:   0.05    1 = FOG OR MIST
DPTR FM NORMAL:   6.3   DPTR FM NORMAL:   -1.02    2 = FOG REDUCING VISIBILITY
HIGHEST:    94 ON 20,19 GRTST 24HR  0.05 ON 23-23      TO 1/4 MILE OR LESS
LOWEST:     41 ON  2                               3 = THUNDER
                        SNOW, ICE PELLETS, HAIL    4 = ICE PELLETS
                        TOTAL MONTH:   0.0 INCH    5 = HAIL
                        GRTST 24HR     0.0         6 = FREEZING RAIN OR DRIZZLE
                        GRTST DEPTH:   0           7 = DUSTSTORM OR SANDSTORM:
                                                       VSBY 1/2 MILE OR LESS
                                                   8 = SMOKE OR HAZE
[NO. OF DAYS WITH]      [WEATHER - DAYS WITH]      9 = BLOWING SNOW
                                                   X = TORNADO
MAX 32 OR BELOW:   0    0.01 INCH OR MORE:   1
MAX 90 OR ABOVE:   9    0.10 INCH OR MORE:   0
MIN 32 OR BELOW:   0    0.50 INCH OR MORE:   0
MIN  0 OR BELOW:   0    1.00 INCH OR MORE:   0

[HDD (BASE 65) ]
TOTAL THIS MO.    38    CLEAR  (SCALE 0-3)  25
DPTR FM NORMAL   -79    PTCLDY (SCALE 4-7)   1
TOTAL FM JUL 1   858    CLOUDY (SCALE 8-10)  0
DPTR FM NORMAL  -304

[CDD (BASE 65) ]
TOTAL THIS MO.   132
DPTR FM NORMAL    92    [PRESSURE DATA]
TOTAL FM JAN 1   144    HIGHEST SLP M ON M
DPTR FM NORMAL    98    LOWEST  SLP 29.73 ON 22

[REMARKS]
