000
CXUS54 KFWD 180730
CF6SEP
PRELIMINARY LOCAL CLIMATOLOGICAL DATA (WS FORM: F-6)

                                          STATION:   STEPHENVILLE
                                          MONTH:     DECEMBER
                                          YEAR:      2014
                                          LATITUDE:   32 13 N
                                          LONGITUDE:  98 11 W

  TEMPERATURE IN F:       :PCPN:    SNOW:  WIND      :SUNSHINE: SKY     :PK WND
================================================================================
1   2   3   4   5  6A  6B    7    8   9   10  11  12  13   14  15   16   17  18
                                     12Z  AVG MX 2MIN
DY MAX MIN AVG DEP HDD CDD  WTR  SNW DPTH SPD SPD DIR MIN PSBL S-S WX    SPD DR
================================================================================

 1  60  32  46  -2  19   0 0.00  0.0    0 14.2 23 350   M    M  10        28 340
 2  48  32  40  -8  25   0 0.00  0.0    0  5.0 13 170   M    M   9        17 170
 3  59  47  53   6  12   0 0.00  0.0    0  7.8 13 190   M    M  10        18 190
 4  65  56  61  14   4   0 0.00  0.0    0  6.8 12 160   M    M  10        16 150
 5  78  56  67  20   0   2 0.01  0.0    0  8.7 15 240   M    M   5        23 220
 6  66  47  57  11   8   0 0.00  0.0    0  8.9 14  20   M    M   4        20  20
 7  49  46  48   2  17   0 0.00  0.0    0  3.5  7 110   M    M   9         M  M
 8  57  41  49   3  16   0 0.00  0.0    0  1.0  5  20   M    M   7         M  M
 9  68  37  53   7  12   0 0.00  0.0    0  1.3  8  80   M    M   3         M  M
10  65  44  55   9  10   0 0.00  0.0    0  4.1  9 180   M    M   7         M  M
11  63  55  59  14   6   0 0.00  0.0    0  3.7  9 180   M    M   9         M  M
12  69  57  63  18   2   0 0.00  0.0    0  4.9  9 170   M    M   9         M  M
13  69  55  62  17   3   0 0.00  0.0    0  8.1 14 180   M    M   7        18 180
14  68  58  63  18   2   0 0.03  0.0    0 11.2 20 180   M    M   7        28 180
15  64  42  53   9  12   0 0.00  0.0    0  8.1 15 290   M    M   0        21 310
16  55  37  46   2  19   0 0.00  0.0    0  6.3 16 350   M    M   1        23 350
17  48  44  46   2  19   0 0.14    M    0  5.5 14 130   M    M  10        17 130
================================================================================
SM 1051  786       186   2  0.18     0.0 109.1          M      117
================================================================================
AV 61.8 46.2                               6.4 FASTST   M    M   7    MAX(MPH)
                                 MISC ---->  # 23 350                 28    M
================================================================================
NOTES:
# LAST OF SEVERAL OCCURRENCES

COLUMN 17 PEAK WIND IN M.P.H.

PRELIMINARY LOCAL CLIMATOLOGICAL DATA (WS FORM: F-6) , PAGE 2

                                          STATION:  STEPHENVILLE
                                          MONTH:    DECEMBER
                                          YEAR:     2014
                                          LATITUDE:   32 13 N
                                          LONGITUDE:  98 11 W

[TEMPERATURE DATA]      [PRECIPITATION DATA]       SYMBOLS USED IN COLUMN 16

AVERAGE MONTHLY: 54.0   TOTAL FOR MONTH:   0.18    1 = FOG OR MIST
DPTR FM NORMAL:   8.2   DPTR FM NORMAL:   -0.89    2 = FOG REDUCING VISIBILITY
HIGHEST:    78 ON  5    GRTST 24HR  0.14 ON 17-17      TO 1/4 MILE OR LESS
LOWEST:     32 ON  2, 1                            3 = THUNDER
                        SNOW, ICE PELLETS, HAIL    4 = ICE PELLETS
                        TOTAL MONTH:   0.0 INCH    5 = HAIL
                        GRTST 24HR     0.0         6 = FREEZING RAIN OR DRIZZLE
                        GRTST DEPTH:   0           7 = DUSTSTORM OR SANDSTORM:
                                                       VSBY 1/2 MILE OR LESS
                                                   8 = SMOKE OR HAZE
[NO. OF DAYS WITH]      [WEATHER - DAYS WITH]      9 = BLOWING SNOW
                                                   X = TORNADO
MAX 32 OR BELOW:   0    0.01 INCH OR MORE:   3
MAX 90 OR ABOVE:   0    0.10 INCH OR MORE:   1
MIN 32 OR BELOW:   2    0.50 INCH OR MORE:   0
MIN  0 OR BELOW:   0    1.00 INCH OR MORE:   0

[HDD (BASE 65) ]
TOTAL THIS MO.   186    CLEAR  (SCALE 0-3)   2
DPTR FM NORMAL  -141    PTCLDY (SCALE 4-7)   7
TOTAL FM JUL 1   600    CLOUDY (SCALE 8-10)  8
DPTR FM NORMAL  -184

[CDD (BASE 65) ]
TOTAL THIS MO.     2
DPTR FM NORMAL     2    [PRESSURE DATA]
TOTAL FM JAN 1  2491    HIGHEST SLP M ON M
DPTR FM NORMAL   250    LOWEST  SLP M ON M

[REMARKS]
