000
CXUS54 KFWD 200730
CF6SEP
PRELIMINARY LOCAL CLIMATOLOGICAL DATA (WS FORM: F-6)

                                          STATION:   STEPHENVILLE
                                          MONTH:     OCTOBER
                                          YEAR:      2014
                                          LATITUDE:   32 13 N
                                          LONGITUDE:  98 11 W

  TEMPERATURE IN F:       :PCPN:    SNOW:  WIND      :SUNSHINE: SKY     :PK WND
================================================================================
1   2   3   4   5  6A  6B    7    8   9   10  11  12  13   14  15   16   17  18
                                     12Z  AVG MX 2MIN
DY MAX MIN AVG DEP HDD CDD  WTR  SNW DPTH SPD SPD DIR MIN PSBL S-S WX    SPD DR
================================================================================

 1  93  70  82  12   0  17 0.00  0.0    0  8.5 14 170   M    M   1        20 140
 2  96  67  82  13   0  17 0.00  0.0    0 11.2 18 220   M    M   2        25 220
 3  83  53  68  -1   0   3 0.00  0.0    0  6.0 17 340   M    M   0        23 340
 4  80  48  64  -4   1   0 0.00  0.0    0  4.9 15 170   M    M   0        18 170
 5  85  55  70   2   0   5 0.00  0.0    0  7.7 13 190   M    M   0        18 190
 6  89  64  77   9   0  12 0.00  0.0    0  6.2 12 170   M    M   1        21 140
 7  98  65  82  14   0  17 0.00  0.0    0  8.0 14 170   M    M   0        21 170
 8  91  68  80  13   0  15 0.00  0.0    0  8.6 16 150   M    M   2        22 170
 9  92  72  82  15   0  17 0.00  0.0    0 10.7 16 160   M    M   4        23 170
10  90  61  76   9   0  11 0.74  0.0    0  8.0 21 330   M    M   5 13     37 330
11  60  52  56 -10   9   0 0.54  0.0    0  8.3 16 330   M    M   9        23 330
12  75  51  63  -3   2   0 0.00  0.0    0  6.9 15 180   M    M   3        22 170
13  73  57  65  -1   0   0 0.77  0.0    0 12.2 25 320   M    M   5        38 310
14  76  52  64  -1   1   0 0.00  0.0    0  7.3 18 330   M    M   0        25 330
15  84  50  67   2   0   2 0.00  0.0    0  3.2 10 270   M    M   0        17 270
16  88  55  72   7   0   7 0.00  0.0    0  5.8 15 230   M    M   0        20 230
17  85  56  71   6   0   6 0.00  0.0    0  4.0  8 300   M    M   0         M  M
18  82  59  71   7   0   6 0.00  0.0    0  4.7 10  50   M    M   2         M  M
19  77  60  69   5   0   4 0.00  0.0    0  3.9  8 130   M    M   5         M  M
================================================================================
SM 1597 1115        13 139  2.05     0.0 136.1          M       39
================================================================================
AV 84.1 58.7                               7.2 FASTST   M    M   2    MAX(MPH)
                                 MISC ---->    25   M               # 38  310
================================================================================
NOTES:
# LAST OF SEVERAL OCCURRENCES

COLUMN 17 PEAK WIND IN M.P.H.

PRELIMINARY LOCAL CLIMATOLOGICAL DATA (WS FORM: F-6) , PAGE 2

                                          STATION:  STEPHENVILLE
                                          MONTH:    OCTOBER
                                          YEAR:     2014
                                          LATITUDE:   32 13 N
                                          LONGITUDE:  98 11 W

[TEMPERATURE DATA]      [PRECIPITATION DATA]       SYMBOLS USED IN COLUMN 16

AVERAGE MONTHLY: 71.4   TOTAL FOR MONTH:   2.05    1 = FOG OR MIST
DPTR FM NORMAL:   4.7   DPTR FM NORMAL:    0.24    2 = FOG REDUCING VISIBILITY
HIGHEST:    98 ON  7    GRTST 24HR  0.77 ON 13-13      TO 1/4 MILE OR LESS
LOWEST:     48 ON  4                               3 = THUNDER
                        SNOW, ICE PELLETS, HAIL    4 = ICE PELLETS
                        TOTAL MONTH:   0.0 INCH    5 = HAIL
                        GRTST 24HR     0.0         6 = FREEZING RAIN OR DRIZZLE
                        GRTST DEPTH:   0           7 = DUSTSTORM OR SANDSTORM:
                                                       VSBY 1/2 MILE OR LESS
                                                   8 = SMOKE OR HAZE
[NO. OF DAYS WITH]      [WEATHER - DAYS WITH]      9 = BLOWING SNOW
                                                   X = TORNADO
MAX 32 OR BELOW:   0    0.01 INCH OR MORE:   3
MAX 90 OR ABOVE:   6    0.10 INCH OR MORE:   3
MIN 32 OR BELOW:   0    0.50 INCH OR MORE:   3
MIN  0 OR BELOW:   0    1.00 INCH OR MORE:   0

[HDD (BASE 65) ]
TOTAL THIS MO.    13    CLEAR  (SCALE 0-3)  13
DPTR FM NORMAL   -31    PTCLDY (SCALE 4-7)   5
TOTAL FM JUL 1    16    CLOUDY (SCALE 8-10)  1
DPTR FM NORMAL   -41

[CDD (BASE 65) ]
TOTAL THIS MO.   139
DPTR FM NORMAL    63    [PRESSURE DATA]
TOTAL FM JAN 1  2428    HIGHEST SLP M ON M
DPTR FM NORMAL   226    LOWEST  SLP M ON M

[REMARKS]
