000
CXUS55 KSEW 230945
CF6SEW

PRELIMINARY LOCAL CLIMATOLOGICAL DATA (WS FORM: F-6)

                                          STATION:   SEATTLE WA WFO
                                          MONTH:     JULY
                                          YEAR:      2014
                                          LATITUDE:   47 41 N
                                          LONGITUDE: 122 15 W

  TEMPERATURE IN F:       :PCPN:    SNOW:  WIND      :SUNSHINE: SKY     :PK WND
================================================================================
1   2   3   4   5  6A  6B    7    8   9   10  11  12  13   14  15   16   17  18
                                     12Z  AVG MX 2MIN
DY MAX MIN AVG DEP HDD CDD  WTR  SNW DPTH SPD SPD DIR MIN PSBL S-S WX    SPD DR
================================================================================

 1  88  59  74  10   0   9 0.00  0.0    M   M   M   M   M    M   M         M  M
 2  81  58  70   6   0   5 0.00  0.0    M   M   M   M   M    M   M         M  M
 3  71  58  65   1   0   0    T  0.0    M   M   M   M   M    M   M         M  M
 4  75  57  66   2   0   1    T  0.0    M   M   M   M   M    M   M         M  M
 5  77  56  67   3   0   2 0.01  0.0    M   M   M   M   M    M   M 1       M  M
 6  85  61  73   9   0   8 0.00  0.0    0   M   M   M   M    M   M         M  M
 7  80  64  72   7   0   7 0.00  0.0    0   M   M   M   M    M   M         M  M
 8  84  60  72   7   0   7 0.00  0.0    0   M   M   M   M    M   M         M  M
 9  83  59  71   6   0   6 0.00  0.0    0   M   M   M   M    M   M         M  M
10  82  55  69   4   0   4 0.00  0.0    0   M   M   M   M    M   M         M  M
11  88  56  72   7   0   7 0.00  0.0    0   M   M   M   M    M   M         M  M
12  88  64  76  10   0  11 0.00  0.0    0   M   M   M   M    M   M         M  M
13  87  62  75   9   0  10    T  0.0    0   M   M   M   M    M   M         M  M
14  86  62  74   8   0   9 0.00  0.0    0   M   M   M   M    M   M         M  M
15  85  59  72   6   0   7 0.00  0.0    0   M   M   M   M    M   M         M  M
16  89  61  75   9   0  10 0.00  0.0    0   M   M   M   M    M   M         M  M
17  79  58  69   3   0   4 0.00  0.0    0   M   M   M   M    M   M         M  M
18  77  56  67   1   0   2 0.00  0.0    M   M   M   M   M    M   M         M  M
19  78  58  68   2   0   3 0.09  0.0    M   M   M   M   M    M   M         M  M
20  65  56  61  -6   4   0 0.15  0.0    M   M   M   M   M    M   M         M  M
21  75  56  66  -1   0   1 0.00  0.0    0   M   M   M   M    M   M         M  M
22  71  57  64  -3   1   0    T  0.0    0   M   M   M   M    M   M         M  M
================================================================================
SM 1774 1292         5 113  0.25     0.0     M          M        M
================================================================================
AV 80.6 58.7                                 M FASTST   M    M   5    MAX(MPH)
                                 MISC ---->     M   M                  M    M
================================================================================
NOTES:
# LAST OF SEVERAL OCCURRENCES

COLUMN 17 PEAK WIND IN M.P.H.

PRELIMINARY LOCAL CLIMATOLOGICAL DATA (WS FORM: F-6) , PAGE 2

                                          STATION:  SEATTLE WA WFO
                                          MONTH:    JULY
                                          YEAR:     2014
                                          LATITUDE:   47 41 N
                                          LONGITUDE: 122 15 W

[TEMPERATURE DATA]      [PRECIPITATION DATA]       SYMBOLS USED IN COLUMN 16

AVERAGE MONTHLY: 69.7   TOTAL FOR MONTH:   0.25    1 = FOG OR MIST
DPTR FM NORMAL:   4.3   DPTR FM NORMAL:   -0.36    2 = FOG REDUCING VISIBILITY
HIGHEST:    89 ON 16    GRTST 24HR  0.15 ON 20-20      TO 1/4 MILE OR LESS
LOWEST:     55 ON 10                               3 = THUNDER
                        SNOW, ICE PELLETS, HAIL    4 = ICE PELLETS
                        TOTAL MONTH:   0.0 INCH    5 = HAIL
                        GRTST 24HR     0.0         6 = FREEZING RAIN OR DRIZZLE
                        GRTST DEPTH:   0           7 = DUSTSTORM OR SANDSTORM:
                                                       VSBY 1/2 MILE OR LESS
                                                   8 = SMOKE OR HAZE
[NO. OF DAYS WITH]      [WEATHER - DAYS WITH]      9 = BLOWING SNOW
                                                   X = TORNADO
MAX 32 OR BELOW:   0    0.01 INCH OR MORE:   3
MAX 90 OR ABOVE:   0    0.10 INCH OR MORE:   1
MIN 32 OR BELOW:   0    0.50 INCH OR MORE:   0
MIN  0 OR BELOW:   0    1.00 INCH OR MORE:   0

[HDD (BASE 65) ]
TOTAL THIS MO.     5    CLEAR  (SCALE 0-3)   0
DPTR FM NORMAL   -25    PTCLDY (SCALE 4-7)   0
TOTAL FM JUL 1     5    CLOUDY (SCALE 8-10)  0
DPTR FM NORMAL   -25

[CDD (BASE 65) ]
TOTAL THIS MO.   113
DPTR FM NORMAL    75    [PRESSURE DATA]
TOTAL FM JAN 1   136    HIGHEST SLP M ON M
DPTR FM NORMAL    81    LOWEST  SLP M ON M

[REMARKS]
