000
CXUS52 KMLB 251251
CF6SFB
PRELIMINARY LOCAL CLIMATOLOGICAL DATA (WS FORM: F-6)

                                          STATION:   SANFORD
                                          MONTH:     JANUARY
                                          YEAR:      2015
                                          LATITUDE:   28 46 N
                                          LONGITUDE:  81 15 W

  TEMPERATURE IN F:       :PCPN:    SNOW:  WIND      :SUNSHINE: SKY     :PK WND
================================================================================
1   2   3   4   5  6A  6B    7    8   9   10  11  12  13   14  15   16   17  18
                                     12Z  AVG MX 2MIN
DY MAX MIN AVG DEP HDD CDD  WTR  SNW DPTH SPD SPD DIR MIN PSBL S-S WX    SPD DR
================================================================================

 1  73  59  66   6   0   1 0.02  0.0    0  8.5 13 350   M    M  10 1      16 350
 2  79  61  70  10   0   5 0.00  0.0    0  4.8 12  90   M    M   8 12     14  90
 3  85  66  76  16   0  11 0.00  0.0    0  6.4 17 130   M    M   5 12     21 130
 4  85  68  77  17   0  12 0.00  0.0    0  8.8 22 200   M    M   3 1      29 200
 5  71  55  63   4   2   0 0.00  0.0    0  8.2 17 360   M    M   3        22 350
 6  79  53  66   7   0   1 0.00  0.0    0  6.4 16 270   M    M   1        20 310
 7  68  43  56  -3   9   0 0.00  0.0    0  8.9 23 340   M    M   0        29 350
 8  58  37  48 -11  17   0 0.00  0.0    0 12.4 26 360   M    M   2        34  10
 9  55  44  50  -9  15   0    T    M    0  7.3 16 330   M    M   9 1      21 330
10  67  43  55  -4  10   0 0.00  0.0    0  9.9 16  40   M    M   1        22  50
11  76  51  64   5   1   0 0.16  0.0    0  5.9 14  90   M    M   4 18     17 120
12  79  62  71  12   0   6 1.39  0.0    0  5.4 31 340   M    M   7 123    37 340
13  75  60  68   8   0   3 0.00  0.0    0  7.1 15  10   M    M   8 1      19  10
14  64  52  58  -2   7   0 0.00  0.0    0 10.3 16 360   M    M  10 1      20 360
15  62  52  57  -3   8   0 0.11  0.0    0  7.6 14 320   M    M  10 1      21 340
16  63  48  56  -4   9   0 0.02  0.0    0  7.5 15 330   M    M   4 1      20 360
17  74  46  60   0   5   0 0.00  0.0    0  6.2 16 100   M    M   1        20 110
18  71  51  61   1   4   0 0.00  0.0    0  7.9 22 320   M    M   1        28 300
19  70  44  57  -3   8   0 0.00  0.0    0  5.4 10  10   M    M   0        16  10
20  71  47  59  -1   6   0 0.00  0.0    0  1.6 12 150   M    M   0 1      13 150
21  76  51  64   4   1   0 0.00  0.0    0  1.8 14 100   M    M   1 18     18 100
22  77  52  65   5   0   0 0.00  0.0    0  4.9 15  80   M    M   2 1      18  80
23  77  59  68   8   0   3 0.04  0.0    0  9.6 21 160   M    M   7        25 160
24  71  46  59  -1   6   0 0.24  0.0    0 15.9 29 270   M    M   4 1      38 280
================================================================================
SM 1726 1250       108  42  1.98     0.0 178.7          M      101
================================================================================
AV 71.9 52.1                               7.4 FASTST   M    M   4    MAX(MPH)
                                 MISC ---->  # 31 340               # 38  280
================================================================================
NOTES:
# LAST OF SEVERAL OCCURRENCES

COLUMN 17 PEAK WIND IN M.P.H.

PRELIMINARY LOCAL CLIMATOLOGICAL DATA (WS FORM: F-6) , PAGE 2

                                          STATION:  SANFORD
                                          MONTH:    JANUARY
                                          YEAR:     2015
                                          LATITUDE:   28 46 N
                                          LONGITUDE:  81 15 W

[TEMPERATURE DATA]      [PRECIPITATION DATA]       SYMBOLS USED IN COLUMN 16

AVERAGE MONTHLY: 62.0   TOTAL FOR MONTH:   1.98    1 = FOG OR MIST
DPTR FM NORMAL:   2.3   DPTR FM NORMAL:   -0.11    2 = FOG REDUCING VISIBILITY
HIGHEST:    85 ON  4, 3 GRTST 24HR  1.39 ON 12-12      TO 1/4 MILE OR LESS
LOWEST:     37 ON  8                               3 = THUNDER
                        SNOW, ICE PELLETS, HAIL    4 = ICE PELLETS
                        TOTAL MONTH:   0.0 INCH    5 = HAIL
                        GRTST 24HR     0.0         6 = FREEZING RAIN OR DRIZZLE
                        GRTST DEPTH:   0           7 = DUSTSTORM OR SANDSTORM:
                                                       VSBY 1/2 MILE OR LESS
                                                   8 = SMOKE OR HAZE
[NO. OF DAYS WITH]      [WEATHER - DAYS WITH]      9 = BLOWING SNOW
                                                   X = TORNADO
MAX 32 OR BELOW:   0    0.01 INCH OR MORE:   7
MAX 90 OR ABOVE:   0    0.10 INCH OR MORE:   4
MIN 32 OR BELOW:   0    0.50 INCH OR MORE:   1
MIN  0 OR BELOW:   0    1.00 INCH OR MORE:   1

[HDD (BASE 65) ]
TOTAL THIS MO.   108    CLEAR  (SCALE 0-3)  12
DPTR FM NORMAL   -52    PTCLDY (SCALE 4-7)   8
TOTAL FM JUL 1   326    CLOUDY (SCALE 8-10)  4
DPTR FM NORMAL   -36

[CDD (BASE 65) ]
TOTAL THIS MO.    42
DPTR FM NORMAL    14    [PRESSURE DATA]
TOTAL FM JAN 1    42    HIGHEST SLP M ON M
DPTR FM NORMAL    14    LOWEST  SLP 29.75 ON 24

[REMARKS]
