000
CXUS52 KMLB 260637
CF6SFB
PRELIMINARY LOCAL CLIMATOLOGICAL DATA (WS FORM: F-6)

                                          STATION:   SANFORD
                                          MONTH:     JUNE
                                          YEAR:      2017
                                          LATITUDE:   28 46 N
                                          LONGITUDE:  81 15 W

  TEMPERATURE IN F:       :PCPN:    SNOW:  WIND      :SUNSHINE: SKY     :PK WND
================================================================================
1   2   3   4   5  6A  6B    7    8   9   10  11  12  13   14  15   16   17  18
                                     12Z  AVG MX 2MIN
DY MAX MIN AVG DEP HDD CDD  WTR  SNW DPTH SPD SPD DIR MIN PSBL S-S WX    SPD DR
================================================================================

 1  91  71  81   1   0  16 0.05  0.0    0  4.3 22  70   M    M   1 138    26  70
 2  86  72  79  -1   0  14 0.72  0.0    0  4.4 20 190   M    M   6 1      26 200
 3  88  71  80   0   0  15 0.01  0.0    0  4.9 17  90   M    M   4 1      20  90
 4  84  72  78  -2   0  13 0.20  0.0    0  5.7 20 140   M    M   5 123    23 140
 5  87  74  81   0   0  16 0.05  0.0    0  8.1 23 210   M    M   4 13     30 200
 6  87  72  80  -1   0  15 0.81  0.0    0  8.4 20 200   M    M   9 13     24 190
 7  81  73  77  -4   0  12 0.20  0.0    0  9.5 17 280   M    M   8 13     22 280
 8  83  71  77  -4   0  12 0.51  0.0    0  8.4 18  20   M    M   7 13     22  30
 9  88  70  79  -2   0  14 0.00  0.0    0  8.2 17  70   M    M   3        24  80
10  88  73  81   0   0  16 1.05  0.0    0  6.4 17 160   M    M   3 13     24 160
11  93  73  83   2   0  18 0.37  0.0    0  4.6 18 110   M    M   4 123    23 110
12  87  73  80  -1   0  15 0.08  0.0    0  3.6 21  50   M    M   4 13     24  40
13  88  74  81   0   0  16 0.43  0.0    0  2.7 15  80   M    M   3 13     19  90
14  89  73  81  -1   0  16 0.03  0.0    0  4.1 29 170   M    M   4 123    36 180
15  89  72  81  -1   0  16 0.04  0.0    0  5.6 24 150   M    M   1 3      29 140
16  88  72  80  -2   0  15 0.13  0.0    0  5.9 18 230   M    M   2 13     21 240
17  92  72  82   0   0  17 0.00  0.0    0  5.5 23 140   M    M   2 3      27 140
18  92  74  83   1   0  18 0.01  0.0    0  6.6 22 170   M    M   2 3      27 170
19  90  74  82   0   0  17 1.34  0.0    0  7.6 29 170   M    M   2 13     34 170
20  92  74  83   1   0  18 0.00  0.0    0 10.2 22 160   M    M   1        26 150
21  92  77  85   3   0  20 0.00  0.0    0  8.5 20 130   M    M   2        22 130
22  94  75  85   3   0  20 0.00  0.0    0  9.2 20 120   M    M   1        24 120
23  93  74  84   2   0  19 0.00  0.0    0  8.4 18 130   M    M   1        22 140
24  95  76  86   4   0  21 0.46  0.0    0  7.9 21 310   M    M   2 3      27 280
25  92  76  84   2   0  19 0.47  0.0    0  4.4 21 280   M    M   9 138    24 280
================================================================================
SM 2229 1828         0 408  6.96     0.0 163.1          M       90
================================================================================
AV 89.2 73.1                               6.5 FASTST   M    M   4    MAX(MPH)
                                 MISC ---->  # 29 170               # 36  180
================================================================================
NOTES:
# LAST OF SEVERAL OCCURRENCES

COLUMN 17 PEAK WIND IN M.P.H.

PRELIMINARY LOCAL CLIMATOLOGICAL DATA (WS FORM: F-6) , PAGE 2

                                          STATION:  SANFORD
                                          MONTH:    JUNE
                                          YEAR:     2017
                                          LATITUDE:   28 46 N
                                          LONGITUDE:  81 15 W

[TEMPERATURE DATA]      [PRECIPITATION DATA]       SYMBOLS USED IN COLUMN 16

AVERAGE MONTHLY: 81.1   TOTAL FOR MONTH:   6.96    1 = FOG OR MIST
DPTR FM NORMAL:  -0.2   DPTR FM NORMAL:    1.16    2 = FOG REDUCING VISIBILITY
HIGHEST:    95 ON 24    GRTST 24HR  1.34 ON 19-19      TO 1/4 MILE OR LESS
LOWEST:     70 ON  9                               3 = THUNDER
                        SNOW, ICE PELLETS, HAIL    4 = ICE PELLETS
                        TOTAL MONTH:   0.0 INCH    5 = HAIL
                        GRTST 24HR     0.0         6 = FREEZING RAIN OR DRIZZLE
                        GRTST DEPTH:   0           7 = DUSTSTORM OR SANDSTORM:
                                                       VSBY 1/2 MILE OR LESS
                                                   8 = SMOKE OR HAZE
[NO. OF DAYS WITH]      [WEATHER - DAYS WITH]      9 = BLOWING SNOW
                                                   X = TORNADO
MAX 32 OR BELOW:   0    0.01 INCH OR MORE:  19
MAX 90 OR ABOVE:  11    0.10 INCH OR MORE:  12
MIN 32 OR BELOW:   0    0.50 INCH OR MORE:   5
MIN  0 OR BELOW:   0    1.00 INCH OR MORE:   2

[HDD (BASE 65) ]
TOTAL THIS MO.     0    CLEAR  (SCALE 0-3)  12
DPTR FM NORMAL     0    PTCLDY (SCALE 4-7)  11
TOTAL FM JUL 1   243    CLOUDY (SCALE 8-10)  2
DPTR FM NORMAL  -355

[CDD (BASE 65) ]
TOTAL THIS MO.   408
DPTR FM NORMAL     1    [PRESSURE DATA]
TOTAL FM JAN 1  1461    HIGHEST SLP M ON M
DPTR FM NORMAL   262    LOWEST  SLP 29.69 ON M

[REMARKS]
