000
CXUS56 KOTX 221500
CF6SFF
PRELIMINARY LOCAL CLIMATOLOGICAL DATA (WS FORM: F-6)

                                          STATION:   SPOKANE WA FELTS AIRPORT
                                          MONTH:     MAY
                                          YEAR:      2015
                                          LATITUDE:   47 40 N
                                          LONGITUDE: 117 20 W

  TEMPERATURE IN F:       :PCPN:    SNOW:  WIND      :SUNSHINE: SKY     :PK WND
================================================================================
1   2   3   4   5  6A  6B    7    8   9   10  11  12  13   14  15   16   17  18
                                     12Z  AVG MX 2MIN
DY MAX MIN AVG DEP HDD CDD  WTR  SNW DPTH SPD SPD DIR MIN PSBL S-S WX    SPD DR
================================================================================

 1  76  45  61  10   4   0 0.00    M    M  6.3 24 220   M    M   2        30 210
 2  69  42  56   5   9   0 0.00    M    M  4.6 14 230   M    M   0        18 230
 3  72  36  54   3  11   0 0.00    M    M  1.8  9  20   M    M   0        17 360
 4  78  39  59   7   6   0 0.00    M    M  5.3 16 200   M    M   0        21 190
 5  63  42  53   1  12   0 0.00    M    M 10.7 24 220   M    M   3        29 200
 6  63  38  51  -1  14   0 0.00    M    M  4.6 13 340   M    M   3 8      17 160
 7  71  38  55   3  10   0 0.00    M    M  3.1 12 320   M    M   1        17 340
 8  72  38  55   2  10   0 0.00    M    M  4.7 17  70   M    M   0        21  70
 9  74  41  58   5   7   0 0.00    M    M  3.5 14  80   M    M   0 8      18 340
10  77  40  59   6   6   0 0.00    M    M  2.7  9 170   M    M   0        14 100
11  75  47  61   7   4   0 0.00    M    M  5.0 18  70   M    M   2        24  60
12  68  49  59   5   6   0    T    M    M  6.2 18  60   M    M   5 8      22  70
13  59  47  53  -1  12   0 0.30    M    M  6.9 23 210   M    M  10 18     28 210
14  70  40  55   1  10   0 0.00    M    M  2.6 10 340   M    M   2        17 280
15  73  45  59   4   6   0 0.00    M    M  3.2 14 150   M    M   3        19 290
16  74  53  64   9   1   0 0.30    M    M  5.9 20  70   M    M   6 13     32  20
17  74  52  63   8   2   0 0.00    M    M  8.7 18  70   M    M   5        25  70
18  76  50  63   7   2   0 0.00    M    M  6.4 18  60   M    M   0 8      24  70
19  78  53  66  10   0   1 0.00    M    M  6.4 16  70   M    M   0        24  50
20  80  50  65   9   0   0 0.00    M    M  3.9 17  70   M    M   1        23  60
21  84  53  69  13   0   4    T    M    M  3.8 18 350   M    M   3        23 330
================================================================================
SM 1526  938       132   5  0.60    M    106.3          M       46
================================================================================
AV 72.7 44.7                               5.1 FASTST   M    M   2    MAX(MPH)
                                 MISC ---->  # 24 220               # 32   20
================================================================================
NOTES:
# LAST OF SEVERAL OCCURRENCES

COLUMN 17 PEAK WIND IN M.P.H.

PRELIMINARY LOCAL CLIMATOLOGICAL DATA (WS FORM: F-6) , PAGE 2

                                          STATION:  SPOKANE WA FELTS AIRPORT
                                          MONTH:    MAY
                                          YEAR:     2015
                                          LATITUDE:   47 40 N
                                          LONGITUDE: 117 20 W

[TEMPERATURE DATA]      [PRECIPITATION DATA]       SYMBOLS USED IN COLUMN 16

AVERAGE MONTHLY: 58.7   TOTAL FOR MONTH:   0.60    1 = FOG OR MIST
DPTR FM NORMAL:   5.1   DPTR FM NORMAL:   -0.50    2 = FOG REDUCING VISIBILITY
HIGHEST:    84 ON 21    GRTST 24HR  0.30 ON 16-16      TO 1/4 MILE OR LESS
LOWEST:     36 ON  3                               3 = THUNDER
                        SNOW, ICE PELLETS, HAIL    4 = ICE PELLETS
                        TOTAL MONTH:    M          5 = HAIL
                        GRTST 24HR    M  ON   M    6 = FREEZING RAIN OR DRIZZLE
                        GRTST DEPTH:  M  ON   M    7 = DUSTSTORM OR SANDSTORM:
                                                       VSBY 1/2 MILE OR LESS
                                                   8 = SMOKE OR HAZE
[NO. OF DAYS WITH]      [WEATHER - DAYS WITH]      9 = BLOWING SNOW
                                                   X = TORNADO
MAX 32 OR BELOW:   0    0.01 INCH OR MORE:   2
MAX 90 OR ABOVE:   0    0.10 INCH OR MORE:   2
MIN 32 OR BELOW:   0    0.50 INCH OR MORE:   0
MIN  0 OR BELOW:   0    1.00 INCH OR MORE:   0

[HDD (BASE 65) ]
TOTAL THIS MO.   132    CLEAR  (SCALE 0-3)  15
DPTR FM NORMAL  -111    PTCLDY (SCALE 4-7)   5
TOTAL FM JUL 1  5021    CLOUDY (SCALE 8-10)  1
DPTR FM NORMAL -1077

[CDD (BASE 65) ]
TOTAL THIS MO.     5
DPTR FM NORMAL     5    [PRESSURE DATA]
TOTAL FM JAN 1     5    HIGHEST SLP M ON M
DPTR FM NORMAL     5    LOWEST  SLP  0.00 ON M

[REMARKS]
