000
CXUS53 KSGF 010800
CF6SGF
PRELIMINARY LOCAL CLIMATOLOGICAL DATA (WS FORM: F-6)

                                          STATION:   SPRINGFIELD MO
                                          MONTH:     JUNE
                                          YEAR:      2015
                                          LATITUDE:   37 13 N
                                          LONGITUDE:  93 23 W

  TEMPERATURE IN F:       :PCPN:    SNOW:  WIND      :SUNSHINE: SKY     :PK WND
================================================================================
1   2   3   4   5  6A  6B    7    8   9   10  11  12  13   14  15   16   17  18
                                     12Z  AVG MX 2MIN
DY MAX MIN AVG DEP HDD CDD  WTR  SNW DPTH SPD SPD DIR MIN PSBL S-S WX    SPD DR
================================================================================

 1  71  56  64  -6   1   0 0.00  0.0    0  7.5 15  40   M    M   6        18  40
 2  75  55  65  -5   0   0 0.00  0.0    0  7.2 16 140   M    M   5        19 130
 3  82  61  72   2   0   7 0.00  0.0    0  9.2 18  70   M    M   6 1      23  60
 4  87  66  77   7   0  12 0.00  0.0    0  6.0 14 170   M    M   4 13     19 130
 5  85  67  76   5   0  11 0.49  0.0    0  5.3 28 330   M    M   3 13     37 320
 6  88  64  76   5   0  11 0.00  0.0    0  4.6 12 170   M    M   1 12     15 170
 7  89  70  80   9   0  15 0.00  0.0    0 11.7 23 200   M    M   1 1      27 200
 8  85  67  76   4   0  11 0.08  0.0    0  7.4 16 220   M    M   5 13     20 210
 9  90  62  76   4   0  11 0.00  0.0    0  4.0 10 290   M    M   0        14 280
10  90  66  78   6   0  13 0.00  0.0    0  7.5 14 280   M    M   1        19 160
11  90  70  80   8   0  15 0.00  0.0    0 12.0 20 180   M    M   0        24 180
12  89  70  80   7   0  15 0.15  0.0    0 11.7 22 190   M    M   5 38     29 230
13  85  69  77   4   0  12    T  0.0    0 11.5 32 220   M    M   3 3      47 220
14  85  71  78   5   0  13 0.69  0.0    0 11.7 31 180   M    M   5 13     41 190
15  82  71  77   3   0  12 0.13  0.0    0  9.8 20 210   M    M   3 13     22 220
16  84  71  78   4   0  13 0.44  0.0    0  7.9 16 180   M    M   7 1       M  M
17  79  71  75   1   0  10 0.04  0.0    0  7.0 16 190   M    M   4        21 170
18  81  70  76   2   0  11 1.67  0.0    0 11.0 17  20   M    M   8 18     23  20
19  81  67  74   0   0   9 0.46  0.0    0 12.0 20 340   M    M   7 1      27  20
20  91  64  78   3   0  13 0.00  0.0    0 11.1 23 210   M    M   1 1      28 210
21  89  72  81   6   0  16 0.00  0.0    0 11.2 21 220   M    M   1        26 220
22  89  72  81   6   0  16 0.00  0.0    0 15.0 28 200   M    M   3        33 220
23  92  77  85   9   0  20 0.00  0.0    0 10.5 18 240   M    M   2        26 240
24  92  71  82   6   0  17 0.00  0.0    0  8.7 17 220   M    M   0        20 220
25  91  74  83   7   0  18 0.00  0.0    0 10.6 18 230   M    M   1        22 230
26  80  67  74  -2   0   9 0.63  0.0    0  7.5 33 340   M    M   3 13     40 350
27  79  62  71  -5   0   6 0.00  0.0    0  5.6 13 350   M    M   4 1      17  20
28  85  61  73  -3   0   8 0.00  0.0    0 10.0 23 250   M    M   2 1      30 240
29  86  69  78   1   0  13 0.00  0.0    0  7.5 15 340   M    M   1        20 280
30  88  67  78   1   0  13 0.00  0.0    0  6.9 14 260   M    M   0        17 280
================================================================================
SM 2560 2020         1 350  4.78     0.0 269.6          M       92
================================================================================
AV 85.3 67.3                               9.0 FASTST   M    M   3    MAX(MPH)
                                 MISC ---->  # 33 340               # 47  220
================================================================================
NOTES:
# LAST OF SEVERAL OCCURRENCES

COLUMN 17 PEAK WIND IN M.P.H.

PRELIMINARY LOCAL CLIMATOLOGICAL DATA (WS FORM: F-6) , PAGE 2

                                          STATION:  SPRINGFIELD MO
                                          MONTH:    JUNE
                                          YEAR:     2015
                                          LATITUDE:   37 13 N
                                          LONGITUDE:  93 23 W

[TEMPERATURE DATA]      [PRECIPITATION DATA]       SYMBOLS USED IN COLUMN 16

AVERAGE MONTHLY: 76.3   TOTAL FOR MONTH:   4.78    1 = FOG OR MIST
DPTR FM NORMAL:   2.9   DPTR FM NORMAL:   -0.07    2 = FOG REDUCING VISIBILITY
HIGHEST:    92 ON 24,23 GRTST 24HR  2.05 ON 18-19      TO 1/4 MILE OR LESS
LOWEST:     55 ON  2                               3 = THUNDER
                        SNOW, ICE PELLETS, HAIL    4 = ICE PELLETS
                        TOTAL MONTH:   0.0 INCH    5 = HAIL
                        GRTST 24HR     0.0         6 = FREEZING RAIN OR DRIZZLE
                        GRTST DEPTH:   0           7 = DUSTSTORM OR SANDSTORM:
                                                       VSBY 1/2 MILE OR LESS
                                                   8 = SMOKE OR HAZE
[NO. OF DAYS WITH]      [WEATHER - DAYS WITH]      9 = BLOWING SNOW
                                                   X = TORNADO
MAX 32 OR BELOW:   0    0.01 INCH OR MORE:  10
MAX 90 OR ABOVE:   7    0.10 INCH OR MORE:   8
MIN 32 OR BELOW:   0    0.50 INCH OR MORE:   3
MIN  0 OR BELOW:   0    1.00 INCH OR MORE:   1

[HDD (BASE 65) ]
TOTAL THIS MO.     1    CLEAR  (SCALE 0-3)  17
DPTR FM NORMAL    -8    PTCLDY (SCALE 4-7)  13
TOTAL FM JUL 1  4536    CLOUDY (SCALE 8-10)  0
DPTR FM NORMAL   -42

[CDD (BASE 65) ]
TOTAL THIS MO.   350
DPTR FM NORMAL    87    [PRESSURE DATA]
TOTAL FM JAN 1   492    HIGHEST SLP 30.10 ON 27
DPTR FM NORMAL   114    LOWEST  SLP 29.71 ON 11

[REMARKS]
#FINAL-06-15#
