000
CXUS55 KBYZ 251055
CF6SHR
PRELIMINARY LOCAL CLIMATOLOGICAL DATA (WS FORM: F-6)

                                          STATION:   SHERIDAN WY
                                          MONTH:     JULY
                                          YEAR:      2016
                                          LATITUDE:   44 46 N
                                          LONGITUDE: 106 58 W

  TEMPERATURE IN F:       :PCPN:    SNOW:  WIND      :SUNSHINE: SKY     :PK WND
================================================================================
1   2   3   4   5  6A  6B    7    8   9   10  11  12  13   14  15   16   17  18
                                     12Z  AVG MX 2MIN
DY MAX MIN AVG DEP HDD CDD  WTR  SNW DPTH SPD SPD DIR MIN PSBL S-S WX    SPD DR
================================================================================

 1  91  51  71   4   0   6 0.00    M    M  3.7 13  50   M    M   1        17 350
 2  94  53  74   7   0   9 0.00    M    M  6.7 33 240   M    M   1        41 260
 3  94  53  74   7   0   9    T    M    M 10.4 45 290   M    M   2 3      68 290
 4  93  59  76   8   0  11    T    M    M  9.0 36 320   M    M   1        44 300
 5  85  59  72   4   0   7 0.00    M    M  7.1 28 300   M    M   0        36 300
 6  88  49  69   1   0   4    T    M    M 10.5 35 310   M    M   2 3      42 310
 7  82  53  68   0   0   3 0.00    M    M  5.2 16 310   M    M   2        22 300
 8  95  48  72   3   0   7 0.01    M    M  7.4 38 220   M    M   0 3      55 260
 9  97  55  76   7   0  11 0.00    M    M  6.9 30 320   M    M   0 3      39 320
10  83  56  70   1   0   5 0.14    M    M 12.5 37 310   M    M   4 13     48 310
11  75  48  62  -8   3   0 0.00    M    M 13.7 36 220   M    M   3        49 240
12  84  40  62  -8   3   0 0.00    M    M  6.9 16 320   M    M   1        20 320
13  81  51  66  -4   0   1 0.00    M    M 10.8 24 320   M    M   1        34 340
14  87  47  67  -3   0   2 0.00    M    M  3.4 21 360   M    M   2        28 360
15  90  48  69  -1   0   4 0.00    M    M 10.1 30 330   M    M   0        37 340
16  82  51  67  -4   0   2 0.01    M    M  8.8 30 330   M    M   2 3      38 340
17  92  51  72   1   0   7 0.00    M    M  6.2 20 150   M    M   1 3      27 150
18  96  53  75   4   0  10 0.00    M    M  6.0 26 150   M    M   0        36 150
19 101  55  78   7   0  13 0.00    M    M  5.4 26 310   M    M   0 3      35 300
20  99  53  76   5   0  11 0.00    M    M  6.9 23 310   M    M   0        28 290
21  99  55  77   6   0  12 0.00    M    M  6.6 25 220   M    M   0        33 220
22 102  58  80   9   0  15    T    M    M  5.5 35 320   M    M   0        44 310
23  88  57  73   2   0   8 0.00    M    M 10.5 39 310   M    M   0        48 310
24  92  54  73   1   0   8 0.00    M    M  6.1 20 150   M    M   1        25 140
================================================================================
SM 2170 1257         6 165  0.16    M    186.3          M       24
================================================================================
AV 90.4 52.4                               7.8 FASTST   M    M   1    MAX(MPH)
                                 MISC ---->  # 45 290               # 68  290
================================================================================
NOTES:
# LAST OF SEVERAL OCCURRENCES

COLUMN 17 PEAK WIND IN M.P.H.

PRELIMINARY LOCAL CLIMATOLOGICAL DATA (WS FORM: F-6) , PAGE 2

                                          STATION:  SHERIDAN WY
                                          MONTH:    JULY
                                          YEAR:     2016
                                          LATITUDE:   44 46 N
                                          LONGITUDE: 106 58 W

[TEMPERATURE DATA]      [PRECIPITATION DATA]       SYMBOLS USED IN COLUMN 16

AVERAGE MONTHLY: 71.4   TOTAL FOR MONTH:   0.16    1 = FOG OR MIST
DPTR FM NORMAL:   1.8   DPTR FM NORMAL:   -0.78    2 = FOG REDUCING VISIBILITY
HIGHEST:   102 ON 22    GRTST 24HR  0.14 ON 10-10      TO 1/4 MILE OR LESS
LOWEST:     40 ON 12                               3 = THUNDER
                        SNOW, ICE PELLETS, HAIL    4 = ICE PELLETS
                        TOTAL MONTH:    M          5 = HAIL
                        GRTST 24HR    M  ON   M    6 = FREEZING RAIN OR DRIZZLE
                        GRTST DEPTH:  M  ON   M    7 = DUSTSTORM OR SANDSTORM:
                                                       VSBY 1/2 MILE OR LESS
                                                   8 = SMOKE OR HAZE
[NO. OF DAYS WITH]      [WEATHER - DAYS WITH]      9 = BLOWING SNOW
                                                   X = TORNADO
MAX 32 OR BELOW:   0    0.01 INCH OR MORE:   3
MAX 90 OR ABOVE:  14    0.10 INCH OR MORE:   1
MIN 32 OR BELOW:   0    0.50 INCH OR MORE:   0
MIN  0 OR BELOW:   0    1.00 INCH OR MORE:   0

[HDD (BASE 65) ]
TOTAL THIS MO.     6    CLEAR  (SCALE 0-3)  23
DPTR FM NORMAL   -18    PTCLDY (SCALE 4-7)   1
TOTAL FM JUL 1     6    CLOUDY (SCALE 8-10)  0
DPTR FM NORMAL   -18

[CDD (BASE 65) ]
TOTAL THIS MO.   165
DPTR FM NORMAL    30    [PRESSURE DATA]
TOTAL FM JAN 1   290    HIGHEST SLP M ON M
DPTR FM NORMAL   105    LOWEST  SLP 29.58 ON 11

[REMARKS]
