000
CXUS56 KMFR 281000
CF6SIY
PRELIMINARY LOCAL CLIMATOLOGICAL DATA (WS FORM: F-6)

                                          STATION:   MONTAGUE CA
                                          MONTH:     FEBRUARY
                                          YEAR:      2015
                                          LATITUDE:   41 46 N
                                          LONGITUDE: 122 28 W

  TEMPERATURE IN F:       :PCPN:    SNOW:  WIND      :SUNSHINE: SKY     :PK WND
================================================================================
1   2   3   4   5  6A  6B    7    8   9   10  11  12  13   14  15   16   17  18
                                     12Z  AVG MX 2MIN
DY MAX MIN AVG DEP HDD CDD  WTR  SNW DPTH SPD SPD DIR MIN PSBL S-S WX    SPD DR
================================================================================

 1  53  26  40   4  25   0 0.02    M    M  2.1 12  20   M    M   5 1      12 240
 2  52  38  45   9  20   0 0.67    M    M  5.1 20 150   M    M  10 12     23 150
 3  60  40  50  13  15   0 0.16    M    M  2.4 10  30   M    M   5 12     11  30
 4  61  40  51  14  14   0 0.00    M    M 16.4 31 160   M    M   0        40 160
 5  55  46  51  14  14   0 0.51    M    M 22.5 59 180   M    M   6 1      74 170
 6  49  43  46   9  19   0 1.54    M    M 21.0 44 180   M    M  10 1      59 180
 7  56  40  48  11  17   0 0.06    M    M 13.5 33 210   M    M   6 1      40 210
 8  61  40  51  13  14   0 0.05    M    M 16.1 43 190   M    M   4        52 190
 9  56  30  43   5  22   0 0.03    M    M 13.3 31 170   M    M   5        37 170
10  49  25  37  -1  28   0 0.00    M    M  2.4  9  40   M    M   0 12      9  90
11  51  30  41   3  24   0 0.00    M    M  1.8  8  90   M    M   0         9  90
12  55  27  41   3  24   0 0.00    M    M  1.6  7 170   M    M   2 12      9 180
13  52  30  41   2  24   0 0.00    M    M  1.4  6  80   M    M   3 12      7 250
14  59  31  45   6  20   0 0.00    M    M  2.8 13 170   M    M   3 12     14 170
15  58  25  42   3  23   0 0.00    M    M  2.0  7 160   M    M   0 1       9 160
16  58  23  41   2  24   0 0.00    M    M  2.8  9 350   M    M   0 1      10 230
17  61  25  43   3  22   0 0.00    M    M  1.7 10 360   M    M   0        11 110
18  63  26  45   5  20   0 0.00    M    M  2.1 10 350   M    M   0         M  M
19  65  27  46   6  19   0 0.00    M    M  5.2 18  10   M    M   0        20  10
20  61  26  44   4  21   0 0.00    M    M  4.5 17  10   M    M   0        18  10
21  59  25  42   2  23   0 0.00    M    M  8.0 25  30   M    M   0        29  30
22  52  33  43   2  22   0 0.00    M    M 13.2 22  10   M    M   0        28  10
23  56  28  42   1  23   0 0.00    M    M  9.5 22 360   M    M   0        30 350
24  58  16  37  -4  28   0 0.00    M    M  2.5 10  30   M    M   0        23 150
25  59  21  40  -1  25   0 0.00    M    M  6.5 21  20   M    M   1 8      23  20
26  56  34  45   3  20   0 0.08    M    M  3.8 18  10   M    M   7 1      20  10
27  52  36  44   2  21   0 0.05    M    M  5.9 21  30   M    M   9 12     24 360
================================================================================
SM 1527  831       571   0  3.17    M    190.1          M       76
================================================================================
AV 56.6 30.8                               7.0 FASTST   M    M   3    MAX(MPH)
                                 MISC ---->  # 59 180               # 74  170
================================================================================
NOTES:
# LAST OF SEVERAL OCCURRENCES

COLUMN 17 PEAK WIND IN M.P.H.

PRELIMINARY LOCAL CLIMATOLOGICAL DATA (WS FORM: F-6) , PAGE 2

                                          STATION:  MONTAGUE CA
                                          MONTH:    FEBRUARY
                                          YEAR:     2015
                                          LATITUDE:   41 46 N
                                          LONGITUDE: 122 28 W

[TEMPERATURE DATA]      [PRECIPITATION DATA]       SYMBOLS USED IN COLUMN 16

AVERAGE MONTHLY: 43.7   TOTAL FOR MONTH:   3.17    1 = FOG OR MIST
DPTR FM NORMAL:   4.7   DPTR FM NORMAL:    1.23    2 = FOG REDUCING VISIBILITY
HIGHEST:    65 ON 19    GRTST 24HR  1.58 ON  6- 7      TO 1/4 MILE OR LESS
LOWEST:     16 ON 24                               3 = THUNDER
                        SNOW, ICE PELLETS, HAIL    4 = ICE PELLETS
                        TOTAL MONTH:    M          5 = HAIL
                        GRTST 24HR    M  ON   M    6 = FREEZING RAIN OR DRIZZLE
                        GRTST DEPTH:  M  ON   M    7 = DUSTSTORM OR SANDSTORM:
                                                       VSBY 1/2 MILE OR LESS
                                                   8 = SMOKE OR HAZE
[NO. OF DAYS WITH]      [WEATHER - DAYS WITH]      9 = BLOWING SNOW
                                                   X = TORNADO
MAX 32 OR BELOW:   0    0.01 INCH OR MORE:  10
MAX 90 OR ABOVE:   0    0.10 INCH OR MORE:   4
MIN 32 OR BELOW:  17    0.50 INCH OR MORE:   3
MIN  0 OR BELOW:   0    1.00 INCH OR MORE:   1

[HDD (BASE 65) ]
TOTAL THIS MO.   571    CLEAR  (SCALE 0-3)  17
DPTR FM NORMAL  -130    PTCLDY (SCALE 4-7)   7
TOTAL FM JUL 1  3119    CLOUDY (SCALE 8-10)  3
DPTR FM NORMAL  -734

[CDD (BASE 65) ]
TOTAL THIS MO.     0
DPTR FM NORMAL     0    [PRESSURE DATA]
TOTAL FM JAN 1     0    HIGHEST SLP M ON M
DPTR FM NORMAL     0    LOWEST  SLP 29.60 ON M

[REMARKS]
