000
CXUS56 KMFR 171000
CF6SIY
PRELIMINARY LOCAL CLIMATOLOGICAL DATA (WS FORM: F-6)

                                          STATION:   MONTAGUE CA
                                          MONTH:     FEBRUARY
                                          YEAR:      2018
                                          LATITUDE:   41 46 N
                                          LONGITUDE: 122 28 W

  TEMPERATURE IN F:       :PCPN:    SNOW:  WIND      :SUNSHINE: SKY     :PK WND
================================================================================
1   2   3   4   5  6A  6B    7    8   9   10  11  12  13   14  15   16   17  18
                                     12Z  AVG MX 2MIN
DY MAX MIN AVG DEP HDD CDD  WTR  SNW DPTH SPD SPD DIR MIN PSBL S-S WX    SPD DR
================================================================================

 1  57  29  43   7  22   0 0.00    M    M  3.5 10  40   M    M   3        11  30
 2  62  28  45   9  20   0 0.00    M    M  2.6 10  50   M    M   2 1      11  40
 3  65  29  47  10  18   0 0.00    M    M  2.3 12  40   M    M   1 12     12  40
 4  62  28  45   8  20   0 0.00    M    M  2.6  7 220   M    M   3 12     14 260
 5  62  30  46   9  19   0    T    M    M  5.0 24  30   M    M   2 12     28  30
 6  60  21  41   4  24   0 0.00    M    M  1.4  7  60   M    M   0 8       9 150
 7  60  24  42   5  23   0 0.00    M    M  2.1  7 210   M    M   0         9 200
 8  64  25  45   7  20   0 0.00    M    M  1.3  7 110   M    M   0         9  60
 9  65  25  45   7  20   0 0.00    M    M  5.7 22  20   M    M   0        24  20
10  53  20  37  -1  28   0 0.00    M    M  8.8 25  20   M    M   0        29  10
11  45  16  31  -7  34   0 0.01    M    M  5.3 22  10   M    M   5 1      26 360
12  47  25  36  -2  29   0    T    M    M 10.8 26  10   M    M   3 1      31  10
13  51  13  32  -7  33   0 0.00    M    M  2.7 12  10   M    M   0        14  40
14  51  19  35  -4  30   0    T    M    M  6.9 25  20   M    M   7        32  20
15  50  15  33  -6  32   0 0.00    M    M  1.6 12  40   M    M   0        13 360
16  54  16  35  -4  30   0 0.00    M    M  3.0 10 350   M    M   1 8      14  20
================================================================================
SM  908  363       402   0  0.01    M     65.6          M       27
================================================================================
AV 56.8 22.7                               4.1 FASTST   M    M   2    MAX(MPH)
                                 MISC ---->  # 26  10               # 32   20
================================================================================
NOTES:
# LAST OF SEVERAL OCCURRENCES

COLUMN 17 PEAK WIND IN M.P.H.

PRELIMINARY LOCAL CLIMATOLOGICAL DATA (WS FORM: F-6) , PAGE 2

                                          STATION:  MONTAGUE CA
                                          MONTH:    FEBRUARY
                                          YEAR:     2018
                                          LATITUDE:   41 46 N
                                          LONGITUDE: 122 28 W

[TEMPERATURE DATA]      [PRECIPITATION DATA]       SYMBOLS USED IN COLUMN 16

AVERAGE MONTHLY: 39.7   TOTAL FOR MONTH:   0.01    1 = FOG OR MIST
DPTR FM NORMAL:   2.0   DPTR FM NORMAL:   -1.05    2 = FOG REDUCING VISIBILITY
HIGHEST:    65 ON  9, 3 GRTST 24HR  0.01 ON 11-11      TO 1/4 MILE OR LESS
LOWEST:     13 ON 13                               3 = THUNDER
                        SNOW, ICE PELLETS, HAIL    4 = ICE PELLETS
                        TOTAL MONTH:    M          5 = HAIL
                        GRTST 24HR    M  ON   M    6 = FREEZING RAIN OR DRIZZLE
                        GRTST DEPTH:  M  ON   M    7 = DUSTSTORM OR SANDSTORM:
                                                       VSBY 1/2 MILE OR LESS
                                                   8 = SMOKE OR HAZE
[NO. OF DAYS WITH]      [WEATHER - DAYS WITH]      9 = BLOWING SNOW
                                                   X = TORNADO
MAX 32 OR BELOW:   0    0.01 INCH OR MORE:   1
MAX 90 OR ABOVE:   0    0.10 INCH OR MORE:   0
MIN 32 OR BELOW:  16    0.50 INCH OR MORE:   0
MIN  0 OR BELOW:   0    1.00 INCH OR MORE:   0

[HDD (BASE 65) ]
TOTAL THIS MO.   402    CLEAR  (SCALE 0-3)  12
DPTR FM NORMAL   -33    PTCLDY (SCALE 4-7)   4
TOTAL FM JUL 1  3428    CLOUDY (SCALE 8-10)  0
DPTR FM NORMAL  -159

[CDD (BASE 65) ]
TOTAL THIS MO.     0
DPTR FM NORMAL     0    [PRESSURE DATA]
TOTAL FM JAN 1     0    HIGHEST SLP M ON M
DPTR FM NORMAL     0    LOWEST  SLP 29.89 ON 11

[REMARKS]
