000
CXUS56 KMTR 251000
CF6SJC
PRELIMINARY LOCAL CLIMATOLOGICAL DATA (WS FORM: F-6)

                                          STATION:   SAN JOSE AIRPORT
                                          MONTH:     JULY
                                          YEAR:      2017
                                          LATITUDE:   37 21 N
                                          LONGITUDE: 121 55 W

  TEMPERATURE IN F:       :PCPN:    SNOW:  WIND      :SUNSHINE: SKY     :PK WND
================================================================================
1   2   3   4   5  6A  6B    7    8   9   10  11  12  13   14  15   16   17  18
                                     12Z  AVG MX 2MIN
DY MAX MIN AVG DEP HDD CDD  WTR  SNW DPTH SPD SPD DIR MIN PSBL S-S WX    SPD DR
================================================================================

 1  75  54  65  -4   0   0 0.00  0.0    0  6.4 15 300   M    M   2        19 300
 2  84  56  70   1   0   5 0.00  0.0    0  8.9 18 320   M    M   1 8      22 130
 3  82  56  69  -1   0   4 0.00  0.0    0  7.6 17 290   M    M   1        21 280
 4  79  57  68  -2   0   3 0.00  0.0    0  7.3 18 290   M    M   1 18     23 300
 5  76  59  68  -2   0   3 0.00  0.0    0  7.4 14 290   M    M   6 18     17 320
 6  86  59  73   3   0   8 0.00  0.0    0  7.2 16 290   M    M   1        19 310
 7  93  61  77   7   0  12 0.00  0.0    0  7.3 18 300   M    M   1        24 310
 8  97  64  81  11   0  16 0.00  0.0    0  6.2 18 310   M    M   3        22 330
 9  85  58  72   2   0   7 0.00  0.0    0  6.9 16 280   M    M   1        19 280
10  84  58  71   1   0   6 0.00  0.0    0  6.2 18 290   M    M   1        22 290
11  84  59  72   2   0   7 0.00  0.0    0  7.0 17 280   M    M   1        21 290
12  81  58  70   0   0   5 0.00  0.0    0  7.1 15 300   M    M   0        20 320
13  82  57  70   0   0   5 0.00  0.0    0  8.1 17 320   M    M   0        26 300
14  85  58  72   2   0   7 0.00  0.0    0  6.7 16 290   M    M   3        19 300
15  94  59  77   7   0  12 0.00  0.0    0  5.1 15 300   M    M   4        19 310
16  97  66  82  12   0  17 0.00  0.0    0  6.5 18 310   M    M   1        24 320
17  85  62  74   4   0   9 0.00  0.0    0  7.7 15 290   M    M   1        19 300
18  75  57  66  -4   0   1 0.00  0.0    0  8.6 16 300   M    M   1        20 320
19  81  56  69  -1   0   4 0.00  0.0    0  6.8 17 300   M    M   1        24 350
20  79  58  69  -1   0   4 0.00  0.0    0  6.4 16 320   M    M   1        21 310
21  81  57  69  -1   0   4 0.00  0.0    0  6.1 17 310   M    M   1 8      20 310
22  92  57  75   5   0  10 0.00  0.0    0  4.7 15 290   M    M   1        18 310
23  86  62  74   4   0   9 0.00  0.0    0  5.6 16 300   M    M   1        19 310
24  87  58  73   3   0   8    T  0.0    0  8.6 23 190   M    M   1        30 190
================================================================================
SM 2030 1406         0 166    T      0.0 166.4          M       35
================================================================================
AV 84.6 58.6                               6.9 FASTST   M    M   1    MAX(MPH)
                                 MISC ---->  # 23 190               # 30  190
================================================================================
NOTES:
# LAST OF SEVERAL OCCURRENCES

COLUMN 17 PEAK WIND IN M.P.H.

PRELIMINARY LOCAL CLIMATOLOGICAL DATA (WS FORM: F-6) , PAGE 2

                                          STATION:  SAN JOSE AIRPORT
                                          MONTH:    JULY
                                          YEAR:     2017
                                          LATITUDE:   37 21 N
                                          LONGITUDE: 121 55 W

[TEMPERATURE DATA]      [PRECIPITATION DATA]       SYMBOLS USED IN COLUMN 16

AVERAGE MONTHLY: 71.6   TOTAL FOR MONTH:      T    1 = FOG OR MIST
DPTR FM NORMAL:   1.7   DPTR FM NORMAL:   -0.02    2 = FOG REDUCING VISIBILITY
HIGHEST:    97 ON 16, 8 GRTST 24HR    T  ON 24-24      TO 1/4 MILE OR LESS
LOWEST:     54 ON  1                               3 = THUNDER
                        SNOW, ICE PELLETS, HAIL    4 = ICE PELLETS
                        TOTAL MONTH:   0.0 INCH    5 = HAIL
                        GRTST 24HR     0.0         6 = FREEZING RAIN OR DRIZZLE
                        GRTST DEPTH:   0           7 = DUSTSTORM OR SANDSTORM:
                                                       VSBY 1/2 MILE OR LESS
                                                   8 = SMOKE OR HAZE
[NO. OF DAYS WITH]      [WEATHER - DAYS WITH]      9 = BLOWING SNOW
                                                   X = TORNADO
MAX 32 OR BELOW:   0    0.01 INCH OR MORE:   0
MAX 90 OR ABOVE:   5    0.10 INCH OR MORE:   0
MIN 32 OR BELOW:   0    0.50 INCH OR MORE:   0
MIN  0 OR BELOW:   0    1.00 INCH OR MORE:   0

[HDD (BASE 65) ]
TOTAL THIS MO.     0    CLEAR  (SCALE 0-3)  22
DPTR FM NORMAL     0    PTCLDY (SCALE 4-7)   2
TOTAL FM JUL 1     0    CLOUDY (SCALE 8-10)  0
DPTR FM NORMAL     0

[CDD (BASE 65) ]
TOTAL THIS MO.   166
DPTR FM NORMAL    46    [PRESSURE DATA]
TOTAL FM JAN 1   377    HIGHEST SLP M ON M
DPTR FM NORMAL    93    LOWEST  SLP 29.79 ON 23

[REMARKS]
