000
CXUS54 KSJT 221210
CF6SJT
PRELIMINARY LOCAL CLIMATOLOGICAL DATA (WS FORM: F-6)

                                          STATION:   SAN ANGELO
                                          MONTH:     FEBRUARY
                                          YEAR:      2018
                                          LATITUDE:   31 21 N
                                          LONGITUDE: 100 30 W

  TEMPERATURE IN F:       :PCPN:    SNOW:  WIND      :SUNSHINE: SKY     :PK WND
================================================================================
1   2   3   4   5  6A  6B    7    8   9   10  11  12  13   14  15   16   17  18
                                     12Z  AVG MX 2MIN
DY MAX MIN AVG DEP HDD CDD  WTR  SNW DPTH SPD SPD DIR MIN PSBL S-S WX    SPD DR
================================================================================

 1  61  45  53   5  12   0 0.00  0.0    0 12.8 22 360   M    M   0        26 360
 2  58  31  45  -3  20   0 0.00  0.0    0  9.0 21  30   M    M   0        26  30
 3  74  39  57   9   8   0 0.01  0.0    0 15.0 28 210   M    M   3        33 210
 4  73  35  54   6  11   0 0.00  0.0    0 10.3 31  20   M    M   0        36  30
 5  70  27  49   1  16   0 0.00  0.0    0  6.2 17 200   M    M   3 8      21 190
 6  53  32  43  -5  22   0 0.01  0.0    0 11.1 18  50   M    M  10 18     23  60
 7  52  27  40  -9  25   0    T  0.0    0  8.1 21  10   M    M   3 16     24  10
 8  68  21  45  -4  20   0 0.00  0.0    0  5.0 14 140   M    M   0        18 140
 9  75  35  55   6  10   0 0.00  0.0    0 10.4 24 210   M    M   0        30 210
10  54  33  44  -5  21   0 0.00  0.0    0  8.1 20  30   M    M   5 8      23  40
11  45  25  35 -14  30   0 0.02    T    0 12.0 23  40   M    M   5 46     27  30
12  59  21  40 -10  25   0 0.00  0.0    0  5.7 15 110   M    M   0        20 110
13  63  40  52   2  13   0 0.00  0.0    0  9.1 21 180   M    M   9 8      26 190
14  81  54  68  18   0   3 0.00  0.0    0 12.7 21 190   M    M   5        30 180
15  80  61  71  21   0   6 0.00  0.0    0 15.2 24 190   M    M   4        34 180
16  63  50  57   7   8   0    T  0.0    0 11.6 25  30   M    M   2 12     31  30
17  77  44  61  10   4   0 0.01  0.0    0  8.5 21 340   M    M   3        24 140
18  76  50  63  12   2   0 0.14  0.0    0 11.3 23 190   M    M   5 1      29 170
19  81  63  72  21   0   7 0.00  0.0    0 17.4 28 180   M    M   2        37 190
20  84  41  63  12   2   0    T  0.0    0 16.5 26  30   M    M   5 38     33 160
21  41  29  35 -17  30   0 1.02    T    0 14.8 30  40   M    M  10 13468  37  30
================================================================================
SM 1388  803       279  16  1.21    T    230.8          M       74
================================================================================
AV 66.1 38.2                              11.0 FASTST   M    M   4    MAX(MPH)
                                 MISC ---->  # 31  20               # 37  190
================================================================================
NOTES:
# LAST OF SEVERAL OCCURRENCES

COLUMN 17 PEAK WIND IN M.P.H.

PRELIMINARY LOCAL CLIMATOLOGICAL DATA (WS FORM: F-6) , PAGE 2

                                          STATION:  SAN ANGELO
                                          MONTH:    FEBRUARY
                                          YEAR:     2018
                                          LATITUDE:   31 21 N
                                          LONGITUDE: 100 30 W

[TEMPERATURE DATA]      [PRECIPITATION DATA]       SYMBOLS USED IN COLUMN 16

AVERAGE MONTHLY: 52.2   TOTAL FOR MONTH:   1.21    1 = FOG OR MIST
DPTR FM NORMAL:   2.7   DPTR FM NORMAL:    0.22    2 = FOG REDUCING VISIBILITY
HIGHEST:    84 ON 20    GRTST 24HR  1.02 ON 21-21      TO 1/4 MILE OR LESS
LOWEST:     21 ON 12, 8                            3 = THUNDER
                        SNOW, ICE PELLETS, HAIL    4 = ICE PELLETS
                        TOTAL MONTH:    T          5 = HAIL
                        GRTST 24HR    T  ON 21-21  6 = FREEZING RAIN OR DRIZZLE
                        GRTST DEPTH:   0           7 = DUSTSTORM OR SANDSTORM:
                                                       VSBY 1/2 MILE OR LESS
                                                   8 = SMOKE OR HAZE
[NO. OF DAYS WITH]      [WEATHER - DAYS WITH]      9 = BLOWING SNOW
                                                   X = TORNADO
MAX 32 OR BELOW:   0    0.01 INCH OR MORE:   6
MAX 90 OR ABOVE:   0    0.10 INCH OR MORE:   2
MIN 32 OR BELOW:   8    0.50 INCH OR MORE:   1
MIN  0 OR BELOW:   0    1.00 INCH OR MORE:   1

[HDD (BASE 65) ]
TOTAL THIS MO.   279    CLEAR  (SCALE 0-3)  11
DPTR FM NORMAL   -49    PTCLDY (SCALE 4-7)   7
TOTAL FM JUL 1  1763    CLOUDY (SCALE 8-10)  3
DPTR FM NORMAL  -109

[CDD (BASE 65) ]
TOTAL THIS MO.    16
DPTR FM NORMAL    16    [PRESSURE DATA]
TOTAL FM JAN 1    16    HIGHEST SLP M ON M
DPTR FM NORMAL    15    LOWEST  SLP 29.65 ON 19

[REMARKS]
