000
CXUS54 KSJT 261210
CF6SJT
PRELIMINARY LOCAL CLIMATOLOGICAL DATA (WS FORM: F-6)

                                          STATION:   SAN ANGELO
                                          MONTH:     FEBRUARY
                                          YEAR:      2017
                                          LATITUDE:   31 21 N
                                          LONGITUDE: 100 30 W

  TEMPERATURE IN F:       :PCPN:    SNOW:  WIND      :SUNSHINE: SKY     :PK WND
================================================================================
1   2   3   4   5  6A  6B    7    8   9   10  11  12  13   14  15   16   17  18
                                     12Z  AVG MX 2MIN
DY MAX MIN AVG DEP HDD CDD  WTR  SNW DPTH SPD SPD DIR MIN PSBL S-S WX    SPD DR
================================================================================

 1  81  37  59  11   6   0 0.00  0.0    0 10.1 21 260   M    M   0        24  40
 2  55  34  45  -3  20   0 0.00  0.0    0  7.5 18  20   M    M   0        22  30
 3  46  30  38 -10  27   0 0.00  0.0    0 10.1 17  50   M    M   8        22  30
 4  60  44  52   4  13   0 0.00  0.0    0  6.2 16 180   M    M   8 18     21 190
 5  74  50  62  14   3   0 0.00  0.0    0  9.8 18 200   M    M   5 1      26 170
 6  80  54  67  19   0   2 0.00  0.0    0 12.5 22 210   M    M   4 18     28 230
 7  82  46  64  15   1   0 0.00  0.0    0 11.1 20 290   M    M   0 1      25 270
 8  84  44  64  15   1   0 0.00  0.0    0 12.4 32  30   M    M   0        41  40
 9  75  32  54   5  11   0 0.00  0.0    0  7.7 17 180   M    M   0        23 180
10  81  48  65  16   0   0 0.00  0.0    0 14.1 30 210   M    M   0        36 210
11  93  53  73  24   0   8 0.00  0.0    0 10.2 21 220   M    M   0 18     26 210
12  69  50  60  10   5   0 0.00  0.0    0 15.2 29  40   M    M   1 18     36  30
13  53  40  47  -3  18   0 0.42  0.0    0 11.5 21  50   M    M   9 13     26  40
14  51  41  46  -4  19   0 0.59  0.0    0 13.5 24 340   M    M  10 13     29 340
15  60  34  47  -3  18   0 0.00  0.0    0  8.1 16 350   M    M   1        20  10
16  68  30  49  -1  16   0    T  0.0    0  7.1 16 230   M    M   0        22 200
17  77  48  63  12   2   0 0.00  0.0    0 14.6 28 240   M    M   2        34 230
18  82  45  64  13   1   0 0.00  0.0    0  8.5 15 230   M    M   0        20 230
19  78  53  66  15   0   1 0.22  0.0    0  8.0 28 280   M    M   5 138    36 290
20  74  47  61  10   4   0 0.00    M    0 11.7 28 270   M    M   0        32 270
21  81  39  60   8   5   0 0.00  0.0    0  7.8 20 290   M    M   0        24 290
22  88  40  64  12   1   0 0.00  0.0    0  7.2 16 260   M    M   0        22 260
23  92  45  69  17   0   4 0.00  0.0    0  9.8 24 250   M    M   1        32 250
24  69  42  56   4   9   0 0.00  0.0    0  7.6 20 290   M    M   0        23 300
25  63  33  48  -5  17   0 0.00  0.0    0  8.6 15  90   M    M   0        19  40
================================================================================
SM 1816 1059       197  15  1.23     0.0 250.9          M       54
================================================================================
AV 72.6 42.4                              10.0 FASTST   M    M   2    MAX(MPH)
                                 MISC ---->  # 32  30               # 41   40
================================================================================
NOTES:
# LAST OF SEVERAL OCCURRENCES

COLUMN 17 PEAK WIND IN M.P.H.

PRELIMINARY LOCAL CLIMATOLOGICAL DATA (WS FORM: F-6) , PAGE 2

                                          STATION:  SAN ANGELO
                                          MONTH:    FEBRUARY
                                          YEAR:     2017
                                          LATITUDE:   31 21 N
                                          LONGITUDE: 100 30 W

[TEMPERATURE DATA]      [PRECIPITATION DATA]       SYMBOLS USED IN COLUMN 16

AVERAGE MONTHLY: 57.5   TOTAL FOR MONTH:   1.23    1 = FOG OR MIST
DPTR FM NORMAL:   7.6   DPTR FM NORMAL:    0.04    2 = FOG REDUCING VISIBILITY
HIGHEST:    93 ON 11    GRTST 24HR  1.01 ON 13-14      TO 1/4 MILE OR LESS
LOWEST:     30 ON 16, 3                            3 = THUNDER
                        SNOW, ICE PELLETS, HAIL    4 = ICE PELLETS
                        TOTAL MONTH:   0.0 INCH    5 = HAIL
                        GRTST 24HR     0.0         6 = FREEZING RAIN OR DRIZZLE
                        GRTST DEPTH:   0           7 = DUSTSTORM OR SANDSTORM:
                                                       VSBY 1/2 MILE OR LESS
                                                   8 = SMOKE OR HAZE
[NO. OF DAYS WITH]      [WEATHER - DAYS WITH]      9 = BLOWING SNOW
                                                   X = TORNADO
MAX 32 OR BELOW:   0    0.01 INCH OR MORE:   3
MAX 90 OR ABOVE:   2    0.10 INCH OR MORE:   3
MIN 32 OR BELOW:   3    0.50 INCH OR MORE:   1
MIN  0 OR BELOW:   0    1.00 INCH OR MORE:   0

[HDD (BASE 65) ]
TOTAL THIS MO.   197    CLEAR  (SCALE 0-3)  18
DPTR FM NORMAL  -183    PTCLDY (SCALE 4-7)   5
TOTAL FM JUL 1  1314    CLOUDY (SCALE 8-10)  2
DPTR FM NORMAL  -610

[CDD (BASE 65) ]
TOTAL THIS MO.    15
DPTR FM NORMAL    15    [PRESSURE DATA]
TOTAL FM JAN 1    16    HIGHEST SLP M ON M
DPTR FM NORMAL    15    LOWEST  SLP 29.42 ON 23

[REMARKS]
