000
CXUS54 KSJT 300900
CF6SJT
PRELIMINARY LOCAL CLIMATOLOGICAL DATA (WS FORM: F-6)

                                          STATION:   SAN ANGELO
                                          MONTH:     MARCH
                                          YEAR:      2015
                                          LATITUDE:   31 21 N
                                          LONGITUDE: 100 30 W

  TEMPERATURE IN F:       :PCPN:    SNOW:  WIND      :SUNSHINE: SKY     :PK WND
================================================================================
1   2   3   4   5  6A  6B    7    8   9   10  11  12  13   14  15   16   17  18
                                     12Z  AVG MX 2MIN
DY MAX MIN AVG DEP HDD CDD  WTR  SNW DPTH SPD SPD DIR MIN PSBL S-S WX    SPD DR
================================================================================

 1  37  31  34 -20  31   0    T  0.0    0  8.7 14  20   M    M  10 16     18  50
 2  39  34  37 -17  28   0 0.01  0.0    0  7.5 15  40   M    M  10 1      18  40
 3  68  39  54   0  11   0 0.00  0.0    0  3.7 16 220   M    M   6 1      21 170
 4  58  27  43 -11  22   0 0.08  0.2    0 12.0 26 360   M    M   9 146    32 360
 5  44  25  35 -20  30   0    T    T    0 10.6 23  10   M    M   3        28  10
 6  59  22  41 -14  24   0 0.00  0.0    0  4.9 12 220   M    M   0        15 200
 7  66  35  51  -4  14   0    T  0.0    0  6.2 21 180   M    M   4        27 170
 8  61  45  53  -3  12   0 0.00  0.0    0  9.1 17 140   M    M   M        29 150
 9  54  50  52  -4  13   0 0.19  0.0    0  5.6 16 350   M    M  10 1      18 360
10  71  49  60   4   5   0 0.00  0.0    0  4.9 13  30   M    M   5        16 350
11  71  41  56   0   9   0 0.00  0.0    0  5.8 17  30   M    M   4 12     23  50
12  69  37  53  -4  12   0 0.00  0.0    0  5.0 13  70   M    M   1        17  30
13  74  38  56  -1   9   0 0.00  0.0    0  4.8 18 360   M    M   0        25  10
14  72  44  58   1   7   0 0.02  0.0    0  9.6 24  20   M    M   4        30  40
15  69  36  53  -5  12   0 0.00  0.0    0  3.9  8 150   M    M   0        12 340
16  80  42  61   3   4   0 0.00  0.0    0  5.4 14 150   M    M   3        19 160
17  64  53  59   1   6   0 0.14  0.0    0  5.6 16  40   M    M   6 1      19  30
18  66  51  59   1   6   0 0.10  0.0    0  5.1 14  30   M    M   7        16  40
19  77  52  65   6   0   0 0.00  0.0    0  8.1 21 210   M    M   4        24 210
20  64  51  58  -1   7   0 0.81  0.0    0  9.2 22  20   M    M   9 13     25  20
21  58  52  55  -4  10   0 0.32  0.0    0  4.6 20  50   M    M  10 1      23  40
22  76  54  65   6   0   0    T  0.0    0  3.9 13  80   M    M   6        16  80
23  85  51  68   8   0   3 0.00  0.0    0  9.0 17 180   M    M   0        23 180
24  87  63  75  15   0  10 0.00  0.0    0 11.6 22 210   M    M   0        28 200
25  88  59  74  14   0   9 0.00  0.0    0 13.6 43  10   M    M   0        51  10
26  67  42  55  -5  10   0 0.00  0.0    0 13.3 31  10   M    M   1        38  10
27  79  38  59  -2   6   0 0.00  0.0    0  8.8 16 260   M    M   0        19 220
28  87  54  71  10   0   6 0.00  0.0    0 15.7 24 220   M    M   0        29 210
29  93  51  72  11   0   7 0.00  0.0    0 11.3 31  30   M    M   0        36  30
================================================================================
SM 1983 1266       288  35  1.67     0.2 227.5          M      112
================================================================================
AV 68.4 43.7                               7.8 FASTST   M    M   4    MAX(MPH)
                                 MISC ---->  # 43  10               # 51   10
================================================================================
NOTES:
# LAST OF SEVERAL OCCURRENCES

COLUMN 17 PEAK WIND IN M.P.H.

PRELIMINARY LOCAL CLIMATOLOGICAL DATA (WS FORM: F-6) , PAGE 2

                                          STATION:  SAN ANGELO
                                          MONTH:    MARCH
                                          YEAR:     2015
                                          LATITUDE:   31 21 N
                                          LONGITUDE: 100 30 W

[TEMPERATURE DATA]      [PRECIPITATION DATA]       SYMBOLS USED IN COLUMN 16

AVERAGE MONTHLY: 56.0   TOTAL FOR MONTH:   1.67    1 = FOG OR MIST
DPTR FM NORMAL:  -1.5   DPTR FM NORMAL:    0.26    2 = FOG REDUCING VISIBILITY
HIGHEST:    93 ON 29    GRTST 24HR  0.81 ON 20-20      TO 1/4 MILE OR LESS
LOWEST:     22 ON  6                               3 = THUNDER
                        SNOW, ICE PELLETS, HAIL    4 = ICE PELLETS
                        TOTAL MONTH:   0.2 INCH    5 = HAIL
                        GRTST 24HR   0.2 ON   M    6 = FREEZING RAIN OR DRIZZLE
                        GRTST DEPTH:   0           7 = DUSTSTORM OR SANDSTORM:
                                                       VSBY 1/2 MILE OR LESS
                                                   8 = SMOKE OR HAZE
[NO. OF DAYS WITH]      [WEATHER - DAYS WITH]      9 = BLOWING SNOW
                                                   X = TORNADO
MAX 32 OR BELOW:   0    0.01 INCH OR MORE:   8
MAX 90 OR ABOVE:   1    0.10 INCH OR MORE:   5
MIN 32 OR BELOW:   4    0.50 INCH OR MORE:   1
MIN  0 OR BELOW:   0    1.00 INCH OR MORE:   0

[HDD (BASE 65) ]
TOTAL THIS MO.   288    CLEAR  (SCALE 0-3)  12
DPTR FM NORMAL    40    PTCLDY (SCALE 4-7)  10
TOTAL FM JUL 1  2135    CLOUDY (SCALE 8-10)  6
DPTR FM NORMAL   -74

[CDD (BASE 65) ]
TOTAL THIS MO.    35
DPTR FM NORMAL     3    [PRESSURE DATA]
TOTAL FM JAN 1    37    HIGHEST SLP 30.19 ON  8
DPTR FM NORMAL     0    LOWEST  SLP 29.50 ON  8

[REMARKS]
