000
CXUS51 KBTV 190700
CF6SLK
PRELIMINARY LOCAL CLIMATOLOGICAL DATA (WS FORM: F-6)

                                          STATION:   SARANAC LAKE NY
                                          MONTH:     AUGUST
                                          YEAR:      2017
                                          LATITUDE:   44 23 N
                                          LONGITUDE:  74 12 W

  TEMPERATURE IN F:       :PCPN:    SNOW:  WIND      :SUNSHINE: SKY     :PK WND
================================================================================
1   2   3   4   5  6A  6B    7    8   9   10  11  12  13   14  15   16   17  18
                                     12Z  AVG MX 2MIN
DY MAX MIN AVG DEP HDD CDD  WTR  SNW DPTH SPD SPD DIR MIN PSBL S-S WX    SPD DR
================================================================================

 1  80  52  66   3   0   1 0.00  0.0    0  1.8  9 280   M    M   4 12     15 250
 2  81  47  64   1   1   0 0.17    M    0  4.8 25 210   M    M   3 123    30 210
 3  78  50  64   1   1   0 0.01  0.0    0  2.4 12 220   M    M   4 123    17 270
 4  83  51  67   5   0   2 0.98  0.0    0  7.8 24 180   M    M   5 123    33 210
 5  71  55  63   1   2   0 0.19  0.0    0  9.5 22 230   M    M   8 1      27 230
 6  67  45  56  -6   9   0 0.02    M    0  6.6 15 270   M    M   7 12     24 280
 7  67  45  56  -6   9   0 0.67    M    0  1.8 10 230   M    M   9 13     13 230
 8  70  52  61  -1   4   0 0.02  0.0    0  4.1 10 240   M    M   5 12     16 300
 9  73  49  61  -1   4   0 0.01    M    0  4.9 15 250   M    M   6 18     22 240
10  79  47  63   1   2   0 0.00  0.0    0  2.3 13 210   M    M   4 12     16 220
11  77  51  64   2   1   0 0.00  0.0    0  4.6 20 200   M    M   5 1      25 220
12  77  57  67   5   0   2 0.00  0.0    0  7.7 18 230   M    M   4 3      26 230
13  74  46  60  -2   5   0    T    M    0  4.1 10 280   M    M   4        18 280
14  76  42  59  -3   6   0 0.00  0.0    0  3.4 13 210   M    M   0        17 200
15  76  49  63   1   2   0 0.17    M    0  3.0 15 220   M    M   6 123    20 230
16  69  41  55  -7  10   0 0.00  0.0    0  2.7 12  10   M    M   4 1      19  30
17  74  37  56  -5   9   0 0.00  0.0    0  2.3 10 220   M    M   2 1      12 220
18  82  61  72  11   0   7 0.20  0.0    M  5.5 18 210   M    M   7 1      25 210
================================================================================
SM 1354  877        65  12  2.44     0.0  79.3          M       87
================================================================================
AV 75.2 48.7                               4.4 FASTST   M    M   5    MAX(MPH)
                                 MISC ---->  # 25 210               # 33  210
================================================================================
NOTES:
# LAST OF SEVERAL OCCURRENCES

COLUMN 17 PEAK WIND IN M.P.H.

PRELIMINARY LOCAL CLIMATOLOGICAL DATA (WS FORM: F-6) , PAGE 2

                                          STATION:  SARANAC LAKE NY
                                          MONTH:    AUGUST
                                          YEAR:     2017
                                          LATITUDE:   44 23 N
                                          LONGITUDE:  74 12 W

[TEMPERATURE DATA]      [PRECIPITATION DATA]       SYMBOLS USED IN COLUMN 16

AVERAGE MONTHLY: 62.0   TOTAL FOR MONTH:   2.44    1 = FOG OR MIST
DPTR FM NORMAL:  -0.1   DPTR FM NORMAL:    0.08    2 = FOG REDUCING VISIBILITY
HIGHEST:    83 ON  4    GRTST 24HR  0.98 ON  4- 4      TO 1/4 MILE OR LESS
LOWEST:     37 ON 17                               3 = THUNDER
                        SNOW, ICE PELLETS, HAIL    4 = ICE PELLETS
                        TOTAL MONTH:   0.0 INCH    5 = HAIL
                        GRTST 24HR     0.0         6 = FREEZING RAIN OR DRIZZLE
                        GRTST DEPTH:   0           7 = DUSTSTORM OR SANDSTORM:
                                                       VSBY 1/2 MILE OR LESS
                                                   8 = SMOKE OR HAZE
[NO. OF DAYS WITH]      [WEATHER - DAYS WITH]      9 = BLOWING SNOW
                                                   X = TORNADO
MAX 32 OR BELOW:   0    0.01 INCH OR MORE:  10
MAX 90 OR ABOVE:   0    0.10 INCH OR MORE:   6
MIN 32 OR BELOW:   0    0.50 INCH OR MORE:   2
MIN  0 OR BELOW:   0    1.00 INCH OR MORE:   0

[HDD (BASE 65) ]
TOTAL THIS MO.    65    CLEAR  (SCALE 0-3)   3
DPTR FM NORMAL    -9    PTCLDY (SCALE 4-7)  13
TOTAL FM JUL 1   157    CLOUDY (SCALE 8-10)  2
DPTR FM NORMAL   -11

[CDD (BASE 65) ]
TOTAL THIS MO.    12
DPTR FM NORMAL    -6    [PRESSURE DATA]
TOTAL FM JAN 1    51    HIGHEST SLP M ON M
DPTR FM NORMAL   -42    LOWEST  SLP 29.78 ON  5

[REMARKS]
