000
CXUS53 KICT 010800
CF6SLN
PRELIMINARY LOCAL CLIMATOLOGICAL DATA (WS FORM: F-6)

                                          STATION:   SALINA KS
                                          MONTH:     FEBRUARY
                                          YEAR:      2015
                                          LATITUDE:   38 47 N
                                          LONGITUDE:  97 39 W

  TEMPERATURE IN F:       :PCPN:    SNOW:  WIND      :SUNSHINE: SKY     :PK WND
================================================================================
1   2   3   4   5  6A  6B    7    8   9   10  11  12  13   14  15   16   17  18
                                     12Z  AVG MX 2MIN
DY MAX MIN AVG DEP HDD CDD  WTR  SNW DPTH SPD SPD DIR MIN PSBL S-S WX    SPD DR
================================================================================

 1  41  10  26  -6  39   0 0.09    M    M 25.5 40 330   M    M  10 18     46 330
 2  35   6  21 -11  44   0 0.00    M    M  9.4 21 190   M    M   0        25 190
 3  57  23  40   8  25   0 0.00    M    M  9.8 23 200   M    M   0        27 200
 4  37  13  25  -8  40   0    T    M    M 16.1 29  10   M    M   5 8      35  10
 5  39  10  25  -8  40   0 0.00    M    M 10.3 21 190   M    M   0        27 200
 6  63  30  47  14  18   0 0.00    M    M 11.9 20 190   M    M   0        26 190
 7  74  31  53  20  12   0 0.00    M    M  9.1 16 190   M    M   0 1      20 190
 8  73  41  57  23   8   0 0.00    M    M  9.6 23 320   M    M   0        26 320
 9  47  32  40   6  25   0 0.00    M    M  6.9 14 110   M    M   6 128    19 130
10  52  31  42   8  23   0 0.00    M    M  6.0 14 160   M    M   3 18     18 150
11  43  25  34   0  31   0 0.00    M    M 12.8 28 350   M    M   2 1      33 360
12  31  16  24 -10  41   0 0.00    M    M  9.3 25  10   M    M   2        31  30
13  60  22  41   6  24   0 0.00    M    M  7.7 20 320   M    M   0        23 350
14  45  23  34  -1  31   0 0.00    M    M 13.9 25  30   M    M   1        33  30
15  26  16  21 -14  44   0    T    M    M 10.2 17  60   M    M   5 1      22  80
16  41  16  29  -7  36   0    T    M    M  5.2 12 210   M    M   4 1      13 210
17  42  19  31  -5  34   0 0.01    M    M 10.3 40 350   M    M   4        48 350
18  32  13  23 -13  42   0 0.00    M    M 10.7 24 330   M    M   2        28 330
19  39  20  30  -7  35   0 0.00    M    M 11.1 21 140   M    M   5        26 140
20  47  18  33  -4  32   0    T    M    M  6.3 16  30   M    M   3        19  30
21  55  27  41   4  24   0 0.02    M    M 10.5 26  20   M    M   5        33  30
22  29  17  23 -15  42   0    T    M    M 17.3 29 360   M    M  10        35  10
23  25  10  18 -20  47   0 0.00    M    M  7.9 15  40   M    M   5        20  30
24  54  17  36  -2  29   0 0.00    M    M  8.8 17 320   M    M   1        22 350
25  59  20  40   1  25   0 0.00    M    M 17.0 36  10   M    M   4        43 360
26  24   9  17 -22  48   0    T    T    M 17.2 31 350   M    M   2        35 350
27  24   8  16 -24  49   0 0.00    M    M  4.7 13 150   M    M   6        16 120
28  23   9  16 -24  49   0    T    M    M  6.4 12 150   M    M   9 18     13 140
================================================================================
SM 1217  532       937   0  0.12    T    301.9          M       94
================================================================================
AV 43.5 19.0                              10.8 FASTST   M    M   3    MAX(MPH)
                                 MISC ---->  # 40 330               # 48  350
================================================================================
NOTES:
# LAST OF SEVERAL OCCURRENCES

COLUMN 17 PEAK WIND IN M.P.H.

PRELIMINARY LOCAL CLIMATOLOGICAL DATA (WS FORM: F-6) , PAGE 2

                                          STATION:  SALINA KS
                                          MONTH:    FEBRUARY
                                          YEAR:     2015
                                          LATITUDE:   38 47 N
                                          LONGITUDE:  97 39 W

[TEMPERATURE DATA]      [PRECIPITATION DATA]       SYMBOLS USED IN COLUMN 16

AVERAGE MONTHLY: 31.2   TOTAL FOR MONTH:   0.12    1 = FOG OR MIST
DPTR FM NORMAL:  -4.3   DPTR FM NORMAL:   -1.05    2 = FOG REDUCING VISIBILITY
HIGHEST:    74 ON  7    GRTST 24HR  0.74 ON 31- 1      TO 1/4 MILE OR LESS
LOWEST:      6 ON  2                               3 = THUNDER
                        SNOW, ICE PELLETS, HAIL    4 = ICE PELLETS
                        TOTAL MONTH:    T          5 = HAIL
                        GRTST 24HR    T  ON 26-26  6 = FREEZING RAIN OR DRIZZLE
                        GRTST DEPTH:  M  ON   M    7 = DUSTSTORM OR SANDSTORM:
                                                       VSBY 1/2 MILE OR LESS
                                                   8 = SMOKE OR HAZE
[NO. OF DAYS WITH]      [WEATHER - DAYS WITH]      9 = BLOWING SNOW
                                                   X = TORNADO
MAX 32 OR BELOW:   8    0.01 INCH OR MORE:   3
MAX 90 OR ABOVE:   0    0.10 INCH OR MORE:   0
MIN 32 OR BELOW:  27    0.50 INCH OR MORE:   0
MIN  0 OR BELOW:   0    1.00 INCH OR MORE:   0

[HDD (BASE 65) ]
TOTAL THIS MO.   937    CLEAR  (SCALE 0-3)  15
DPTR FM NORMAL   112    PTCLDY (SCALE 4-7)  10
TOTAL FM JUL 1  3829    CLOUDY (SCALE 8-10)  3
DPTR FM NORMAL   -12

[CDD (BASE 65) ]
TOTAL THIS MO.     0
DPTR FM NORMAL     0    [PRESSURE DATA]
TOTAL FM JAN 1     0    HIGHEST SLP M ON M
DPTR FM NORMAL     0    LOWEST  SLP 29.69 ON  7

[REMARKS]
#FINAL-02-15#
