000
CXUS55 KLOX 291155
CF6SMO
PRELIMINARY LOCAL CLIMATOLOGICAL DATA (WS FORM: F-6)

                                          STATION:   SANTA MONICA AIRPORT CA
                                          MONTH:     MARCH
                                          YEAR:      2017
                                          LATITUDE:   34  0 N
                                          LONGITUDE: 118 27 W

  TEMPERATURE IN F:       :PCPN:    SNOW:  WIND      :SUNSHINE: SKY     :PK WND
================================================================================
1   2   3   4   5  6A  6B    7    8   9   10  11  12  13   14  15   16   17  18
                                     12Z  AVG MX 2MIN
DY MAX MIN AVG DEP HDD CDD  WTR  SNW DPTH SPD SPD DIR MIN PSBL S-S WX    SPD DR
================================================================================

 1  72  45  59   1   6   0 0.00  0.0    0  5.0 12 260   M    M   0        15 250
 2  75  49  62   4   3   0 0.00  0.0    0  4.5 10 260   M    M   0        15 270
 3  79  51  65   7   0   0 0.00  0.0    0  4.2 13 200   M    M   0        16 200
 4  66  50  58   0   7   0 0.00  0.0    0  3.1 10 210   M    M   1        13 250
 5  60  49  55  -3  10   0 0.02    M    0  7.5 20 260   M    M   6 1      31 260
 6  65  47  56  -2   9   0 0.00  0.0    0  7.2 17 240   M    M   0        28 350
 7  71  48  60   2   5   0 0.00  0.0    0  3.8 12 230   M    M   0        14 220
 8  77  52  65   7   0   0 0.00  0.0    0  4.0 13 260   M    M   0        16 270
 9  76  54  65   7   0   0 0.00  0.0    0  4.4 10 230   M    M   0        14 260
10  73  54  64   6   1   0 0.00  0.0    0  3.0 12 240   M    M   0        15 240
11  75  52  64   6   1   0 0.00  0.0    0  3.0 12 240   M    M   1 1      14 200
12  67  51  59   1   6   0 0.00  0.0    0  3.4 10 230   M    M   5 128    14 210
13  70  53  62   4   3   0 0.00  0.0    0  2.8 10 210   M    M   6 128    13 210
14  69  51  60   2   5   0 0.00  0.0    0  3.1 12 210   M    M   3 12     13 210
15  72  53  63   5   2   0 0.00  0.0    0  3.5 13 220   M    M   2 12     17 230
16  67  54  61   3   4   0 0.00  0.0    0  4.7 12 240   M    M   1 128    16 230
17  64  53  59   1   6   0 0.00  0.0    0  3.5 10 230   M    M   6 128    13 240
18  65  54  60   2   5   0 0.00  0.0    0  4.3 12 240   M    M   5 18     17 240
19  65  54  60   2   5   0 0.00  0.0    0  5.3 14 230   M    M   6 18     17 230
20  65  57  61   3   4   0 0.00  0.0    0  4.5 13 230   M    M   5        19 230
21  65  55  60   2   5   0 0.17  0.0    0  3.8 12 160   M    M   9 1      16 160
22  64  53  59   1   6   0    T  0.0    0  6.7 22 240   M    M   4 1      30 250
23  64  53  59   1   6   0 0.00  0.0    0  6.8 16 240   M    M   1 8      22 240
24  64  50  57  -1   8   0 0.00  0.0    0  5.1 17 230   M    M   2        24 230
25  65  52  59   1   6   0    T  0.0    0  4.9 15 240   M    M   3        20 260
26  65  53  59   1   6   0 0.00  0.0    0  3.8 14 260   M    M   3        20 230
27  72  51  62   4   3   0 0.00  0.0    0  7.9 21 350   M    M   1        33 350
28  73  60  67   9   0   2 0.00  0.0    0  8.9 24 350   M    M   0        39 350
================================================================================
SM 1925 1458       122   2  0.19     0.0 132.7          M       70
================================================================================
AV 68.8 52.1                               4.7 FASTST   M    M   3    MAX(MPH)
                                 MISC ---->  # 24 350               # 39  350
================================================================================
NOTES:
# LAST OF SEVERAL OCCURRENCES

COLUMN 17 PEAK WIND IN M.P.H.

PRELIMINARY LOCAL CLIMATOLOGICAL DATA (WS FORM: F-6) , PAGE 2

                                          STATION:  SANTA MONICA AIRPORT CA
                                          MONTH:    MARCH
                                          YEAR:     2017
                                          LATITUDE:   34  0 N
                                          LONGITUDE: 118 27 W

[TEMPERATURE DATA]      [PRECIPITATION DATA]       SYMBOLS USED IN COLUMN 16

AVERAGE MONTHLY: 60.4   TOTAL FOR MONTH:   0.19    1 = FOG OR MIST
DPTR FM NORMAL:   2.4   DPTR FM NORMAL:   -2.26    2 = FOG REDUCING VISIBILITY
HIGHEST:    79 ON  3    GRTST 24HR  0.17 ON 21-21      TO 1/4 MILE OR LESS
LOWEST:     45 ON  1                               3 = THUNDER
                        SNOW, ICE PELLETS, HAIL    4 = ICE PELLETS
                        TOTAL MONTH:   0.0 INCH    5 = HAIL
                        GRTST 24HR     0.0         6 = FREEZING RAIN OR DRIZZLE
                        GRTST DEPTH:   0           7 = DUSTSTORM OR SANDSTORM:
                                                       VSBY 1/2 MILE OR LESS
                                                   8 = SMOKE OR HAZE
[NO. OF DAYS WITH]      [WEATHER - DAYS WITH]      9 = BLOWING SNOW
                                                   X = TORNADO
MAX 32 OR BELOW:   0    0.01 INCH OR MORE:   2
MAX 90 OR ABOVE:   0    0.10 INCH OR MORE:   1
MIN 32 OR BELOW:   0    0.50 INCH OR MORE:   0
MIN  0 OR BELOW:   0    1.00 INCH OR MORE:   0

[HDD (BASE 65) ]
TOTAL THIS MO.   122    CLEAR  (SCALE 0-3)  19
DPTR FM NORMAL   -75    PTCLDY (SCALE 4-7)   8
TOTAL FM JUL 1   980    CLOUDY (SCALE 8-10)  1
DPTR FM NORMAL  -225

[CDD (BASE 65) ]
TOTAL THIS MO.     2
DPTR FM NORMAL     2    [PRESSURE DATA]
TOTAL FM JAN 1     2    HIGHEST SLP M ON M
DPTR FM NORMAL   -12    LOWEST  SLP 29.88 ON 27

[REMARKS]
