000
CXUS55 KLOX 171655
CF6SMX
PRELIMINARY LOCAL CLIMATOLOGICAL DATA (WS FORM: F-6)

                                          STATION:   SANTA MARIA AIRPORT CA
                                          MONTH:     APRIL
                                          YEAR:      2014
                                          LATITUDE:   34 54 N
                                          LONGITUDE: 120 27 W

  TEMPERATURE IN F:       :PCPN:    SNOW:  WIND      :SUNSHINE: SKY     :PK WND
================================================================================
1   2   3   4   5  6A  6B    7    8   9   10  11  12  13   14  15   16   17  18
                                     12Z  AVG MX 2MIN
DY MAX MIN AVG DEP HDD CDD  WTR  SNW DPTH SPD SPD DIR MIN PSBL S-S WX    SPD DR
================================================================================

 1  64  46  55   0  10   0 0.33    M    0  6.4 17 270   M    M   6 1      22 260
 2  62  46  54  -1  11   0 0.39    M    0  5.2 21 290   M    M   5 1      33 360
 3  66  42  54  -1  11   0 0.00  0.0    0  4.7 17 320   M    M   2        22 250
 4  63  44  54  -1  11   0    T    M    0  7.5 25 300   M    M   5        41 300
 5  66  43  55   0  10   0 0.00  0.0    0  9.3 26 290   M    M   2        32 290
 6  83  47  65  10   0   0 0.00  0.0    0 10.4 23 300   M    M   0        29 360
 7  84  49  67  12   0   2 0.00  0.0    0  4.1 14 320   M    M   0 18     17 300
 8  78  51  65  10   0   0 0.00  0.0    0  4.0  M   M   M    M   4 128     M  M
 9  74  49  62   7   3   0 0.00  0.0    0  3.3 14 330   M    M   7 128    17 330
10  68  50  59   4   6   0 0.00  0.0    0  3.5  M   M   M    M   8 18      M  M
11  70  47  59   4   6   0 0.00  0.0    0   M  16 300   M    M   6 128     M  M
12  65  52  59   4   6   0 0.00  0.0    0  5.3  M 300   M    M   7         M  M
13  66  51  59   4   6   0 0.00  0.0    0  6.8  M   M   M    M   5         M  M
14  72  48  60   5   5   0 0.00  0.0    0  3.4 14 300   M    M   3 18     16 290
15  71  50  61   5   4   0 0.00  0.0    M  6.0 22 300   M    M   3 128    24 310
16  70  50  60   4   5   0 0.00  0.0    0  6.9  M   M   M    M   4 18      M  M
================================================================================
SM 1122  765        94   2  0.72     0.0  86.9          M       67
================================================================================
AV 70.1 47.8                               5.8 FASTST   M    M   4    MAX(MPH)
                                 MISC ---->  # 26 290               # 41  300
================================================================================
NOTES:
# LAST OF SEVERAL OCCURRENCES

COLUMN 17 PEAK WIND IN M.P.H.

PRELIMINARY LOCAL CLIMATOLOGICAL DATA (WS FORM: F-6) , PAGE 2

                                          STATION:  SANTA MARIA AIRPORT CA
                                          MONTH:    APRIL
                                          YEAR:     2014
                                          LATITUDE:   34 54 N
                                          LONGITUDE: 120 27 W

[TEMPERATURE DATA]      [PRECIPITATION DATA]       SYMBOLS USED IN COLUMN 16

AVERAGE MONTHLY: 59.0   TOTAL FOR MONTH:   0.72    1 = FOG OR MIST
DPTR FM NORMAL:   3.8   DPTR FM NORMAL:    0.08    2 = FOG REDUCING VISIBILITY
HIGHEST:    84 ON  7    GRTST 24HR  0.65 ON  1- 2      TO 1/4 MILE OR LESS
LOWEST:     42 ON  3                               3 = THUNDER
                        SNOW, ICE PELLETS, HAIL    4 = ICE PELLETS
                        TOTAL MONTH:   0.0 INCH    5 = HAIL
                        GRTST 24HR     0.0         6 = FREEZING RAIN OR DRIZZLE
                        GRTST DEPTH:   0           7 = DUSTSTORM OR SANDSTORM:
                                                       VSBY 1/2 MILE OR LESS
                                                   8 = SMOKE OR HAZE
[NO. OF DAYS WITH]      [WEATHER - DAYS WITH]      9 = BLOWING SNOW
                                                   X = TORNADO
MAX 32 OR BELOW:   0    0.01 INCH OR MORE:   2
MAX 90 OR ABOVE:   0    0.10 INCH OR MORE:   2
MIN 32 OR BELOW:   0    0.50 INCH OR MORE:   0
MIN  0 OR BELOW:   0    1.00 INCH OR MORE:   0

[HDD (BASE 65) ]
TOTAL THIS MO.    94    CLEAR  (SCALE 0-3)   5
DPTR FM NORMAL   -66    PTCLDY (SCALE 4-7)  11
TOTAL FM JUL 1  1388    CLOUDY (SCALE 8-10)  0
DPTR FM NORMAL  -945

[CDD (BASE 65) ]
TOTAL THIS MO.     2
DPTR FM NORMAL     2    [PRESSURE DATA]
TOTAL FM JAN 1    14    HIGHEST SLP M ON M
DPTR FM NORMAL    12    LOWEST  SLP 29.74 ON 16

[REMARKS]
