000
CXUS55 KLOX 171155
CF6SMX
PRELIMINARY LOCAL CLIMATOLOGICAL DATA (WS FORM: F-6)

                                          STATION:   SANTA MARIA AIRPORT CA
                                          MONTH:     DECEMBER
                                          YEAR:      2017
                                          LATITUDE:   34 54 N
                                          LONGITUDE: 120 27 W

  TEMPERATURE IN F:       :PCPN:    SNOW:  WIND      :SUNSHINE: SKY     :PK WND
================================================================================
1   2   3   4   5  6A  6B    7    8   9   10  11  12  13   14  15   16   17  18
                                     12Z  AVG MX 2MIN
DY MAX MIN AVG DEP HDD CDD  WTR  SNW DPTH SPD SPD DIR MIN PSBL S-S WX    SPD DR
================================================================================

 1  73  40  57   4   8   0 0.00  0.0    0  4.7 17 310   M    M   1         M  M
 2  74  41  58   6   7   0 0.00  0.0    0  3.5 13 310   M    M   2        16 320
 3  71  42  57   5   8   0 0.00  0.0    0 11.5 25  10   M    M   1 1      33  30
 4  68  39  54   2  11   0 0.00  0.0    0  8.6 20  40   M    M   0        27  50
 5  75  38  57   5   8   0 0.00  0.0    0  9.0 21  50   M    M   0        29  40
 6  69  35  52   0  13   0 0.00  0.0    0  4.3 10 100   M    M   0        14 310
 7  84  36  60   8   5   0 0.00  0.0    0  3.8 14  50   M    M   1 8      18  60
 8  76  37  57   5   8   0 0.00  0.0    0  3.7 12 310   M    M   1 8      13 320
 9  80  41  61   9   4   0 0.00  0.0    0  4.2  9 310   M    M   1 8      12 320
10  68  42  55   4  10   0 0.00  0.0    0  3.6  8 210   M    M   9 8      11 210
11  79  41  60   9   5   0 0.00  0.0    0  3.3  9 300   M    M   6 8      11 300
12  82  33  58   7   7   0 0.00  0.0    0  3.2 10 310   M    M   1        12 300
13  80  35  58   7   7   0 0.00  0.0    0  5.4 14 310   M    M   0 8       M  M
14  75  37  56   5   9   0 0.00  0.0    0  3.4  9 290   M    M   0 8      11 300
15  74  39  57   6   8   0 0.00  0.0    0  3.3 12 290   M    M   2 18     14 300
16  68  42  55   4  10   0 0.00  0.0    0  9.5 20  20   M    M   3 128    24  60
================================================================================
SM 1196  618       128   0  0.00     0.0  85.0          M       28
================================================================================
AV 74.8 38.6                               5.3 FASTST   M    M   2    MAX(MPH)
                                 MISC ---->  # 25  10               # 33   30
================================================================================
NOTES:
# LAST OF SEVERAL OCCURRENCES

COLUMN 17 PEAK WIND IN M.P.H.

PRELIMINARY LOCAL CLIMATOLOGICAL DATA (WS FORM: F-6) , PAGE 2

                                          STATION:  SANTA MARIA AIRPORT CA
                                          MONTH:    DECEMBER
                                          YEAR:     2017
                                          LATITUDE:   34 54 N
                                          LONGITUDE: 120 27 W

[TEMPERATURE DATA]      [PRECIPITATION DATA]       SYMBOLS USED IN COLUMN 16

AVERAGE MONTHLY: 56.7   TOTAL FOR MONTH:   0.00    1 = FOG OR MIST
DPTR FM NORMAL:   5.1   DPTR FM NORMAL:   -0.95    2 = FOG REDUCING VISIBILITY
HIGHEST:    84 ON  7    GRTST 24HR  0.00 ON 16-16      TO 1/4 MILE OR LESS
LOWEST:     33 ON 12                               3 = THUNDER
                        SNOW, ICE PELLETS, HAIL    4 = ICE PELLETS
                        TOTAL MONTH:   0.0 INCH    5 = HAIL
                        GRTST 24HR     0.0         6 = FREEZING RAIN OR DRIZZLE
                        GRTST DEPTH:   0           7 = DUSTSTORM OR SANDSTORM:
                                                       VSBY 1/2 MILE OR LESS
                                                   8 = SMOKE OR HAZE
[NO. OF DAYS WITH]      [WEATHER - DAYS WITH]      9 = BLOWING SNOW
                                                   X = TORNADO
MAX 32 OR BELOW:   0    0.01 INCH OR MORE:   0
MAX 90 OR ABOVE:   0    0.10 INCH OR MORE:   0
MIN 32 OR BELOW:   0    0.50 INCH OR MORE:   0
MIN  0 OR BELOW:   0    1.00 INCH OR MORE:   0

[HDD (BASE 65) ]
TOTAL THIS MO.   128    CLEAR  (SCALE 0-3)  13
DPTR FM NORMAL   -86    PTCLDY (SCALE 4-7)   2
TOTAL FM JUL 1   401    CLOUDY (SCALE 8-10)  1
DPTR FM NORMAL  -459

[CDD (BASE 65) ]
TOTAL THIS MO.     0
DPTR FM NORMAL     0    [PRESSURE DATA]
TOTAL FM JAN 1   333    HIGHEST SLP M ON M
DPTR FM NORMAL   229    LOWEST  SLP 29.64 ON 16

[REMARKS]
