000
CXAK56 PAFC 231439
CF6SNP

PRELIMINARY LOCAL CLIMATOLOGICAL DATA (WS FORM: F-6)

                                          STATION:   SAINT PAUL ISLAND
                                          MONTH:     JANUARY
                                          YEAR:      2018
                                          LATITUDE:   57  9 N
                                          LONGITUDE: 170 13 W

  TEMPERATURE IN F:       :PCPN:    SNOW:  WIND      :SUNSHINE: SKY     :PK WND
================================================================================
1   2   3   4   5  6A  6B    7    8   9   10  11  12  13   14  15   16   17  18
                                     12Z  AVG MX 2MIN
DY MAX MIN AVG DEP HDD CDD  WTR  SNW DPTH SPD SPD DIR MIN PSBL S-S WX    SPD DR
================================================================================

 1  37  31  34   7  31   0 0.02  0.0    0  7.6 16 160   M    M   9 1       M  M
 2  34  26  30   3  35   0 0.01    T    0  3.7  6 330   M    M   9 1       M  M
 3  36  27  32   6  33   0 0.01    T    0  9.9 17 130   M    M   7 1       M  M
 4  40  34  37  11  28   0 0.15  0.0    0 28.6 33  90   M    M   8 1      52 110
 5  40  36  38  12  27   0 0.12  0.0    0 22.5 41 120   M    M  10 1      61 120
 6  40  36  38  12  27   0 0.02  0.0    0 14.8 20 190   M    M   8 1      27 170
 7  38  34  36  10  29   0 0.03  0.0    0 13.0 22 110   M    M   8 1      36 140
 8  38  35  37  11  28   0 0.08  0.0    0 30.9 39  80   M    M   8 1      48  80
 9  38  36  37  11  28   0 0.03  0.0    0 19.9 29  80   M    M   9 1      39  80
10  39  34  37  11  28   0 0.06    M    M 23.5 30 110   M    M   9 1      41 110
11  38  33  36  10  29   0 0.02    M    M 25.3 30  60   M    M  10 1      44  60
12  37  30  34   9  31   0 0.03    T    M 14.3 29  30   M    M   9 1      36  40
13  35  32  34   9  31   0    T    M    M 17.4 28 340   M    M   9 1      37 340
14  34  29  32   7  33   0 0.10    M    M 16.4 29 360   M    M   9 1      35 360
15  34  27  31   6  34   0 0.06    M    0 12.7 16 290   M    M   8 1      23 280
16  30  22  26   1  39   0 0.07  0.4    2 10.0 13 360   M    M   6 1       M  M
17  30  16  23  -2  42   0 0.03  0.3    3  7.1 24 330   M    M   5 1      28 330
18  29  14  22  -3  43   0 0.01  0.1    2  9.8 18  20   M    M   5 1      24  20
19  29  20  25   0  40   0 0.01  0.1    3 20.9 30  30   M    M   6 1      37  30
20  29  24  27   3  38   0    T    T    3 14.6 24  40   M    M   4        35  40
21  31  28  30   6  35   0 0.02    T    3 16.0 22  10   M    M  10 1      41  20
22  31  26  29   5  36   0 0.02  0.4    2  7.1 16 360   M    M   9 18      M  M
================================================================================
SM  767  630       725   0  0.90     1.3 346.0          M      175
================================================================================
AV 34.9 28.6                              15.7 FASTST   M    M   8    MAX(MPH)
                                 MISC ---->  # 41 120               # 61  120
================================================================================
NOTES:
# LAST OF SEVERAL OCCURRENCES

COLUMN 17 PEAK WIND IN M.P.H.

PRELIMINARY LOCAL CLIMATOLOGICAL DATA (WS FORM: F-6) , PAGE 2

                                          STATION:  SAINT PAUL ISLAND
                                          MONTH:    JANUARY
                                          YEAR:     2018
                                          LATITUDE:   57  9 N
                                          LONGITUDE: 170 13 W

[TEMPERATURE DATA]      [PRECIPITATION DATA]       SYMBOLS USED IN COLUMN 16

AVERAGE MONTHLY: 31.8   TOTAL FOR MONTH:   0.90    1 = FOG OR MIST
DPTR FM NORMAL:   6.3   DPTR FM NORMAL:   -0.26    2 = FOG REDUCING VISIBILITY
HIGHEST:    40 ON  6, 5 GRTST 24HR  0.15 ON  4- 4      TO 1/4 MILE OR LESS
LOWEST:     14 ON 18                               3 = THUNDER
                        SNOW, ICE PELLETS, HAIL    4 = ICE PELLETS
                        TOTAL MONTH:   1.3 INCHES  5 = HAIL
                        GRTST 24HR   0.4 ON 22-22  6 = FREEZING RAIN OR DRIZZLE
                        GRTST DEPTH:   3 ON 21,20  7 = DUSTSTORM OR SANDSTORM:
                                                       VSBY 1/2 MILE OR LESS
                                                   8 = SMOKE OR HAZE
[NO. OF DAYS WITH]      [WEATHER - DAYS WITH]      9 = BLOWING SNOW
                                                   X = TORNADO
MAX 32 OR BELOW:   7    0.01 INCH OR MORE:  20
MAX 90 OR ABOVE:   0    0.10 INCH OR MORE:   3
MIN 32 OR BELOW:  14    0.50 INCH OR MORE:   0
MIN  0 OR BELOW:   0    1.00 INCH OR MORE:   0

[HDD (BASE 65) ]
TOTAL THIS MO.   725    CLEAR  (SCALE 0-3)   0
DPTR FM NORMAL  -144    PTCLDY (SCALE 4-7)   8
TOTAL FM JUL 1  4827    CLOUDY (SCALE 8-10) 14
DPTR FM NORMAL  -584

[CDD (BASE 65) ]
TOTAL THIS MO.     0
DPTR FM NORMAL     0    [PRESSURE DATA]
TOTAL FM JAN 1     0    HIGHEST SLP M ON M
DPTR FM NORMAL     0    LOWEST  SLP 28.60 ON 14

[REMARKS]
