946
CXAK56 PASN 301131
CF6SNP

PRELIMINARY LOCAL CLIMATOLOGICAL DATA (WS FORM: F-6)

                                          STATION:   ST PAUL
                                          MONTH:     05
                                          YEAR:      2016
                                          LATITUDE:   57 10 N
                                          LONGITUDE: 170 13 W

  TEMPERATURE IN F:       :PCPN:    SNOW:  WIND      :SUNSHINE: SKY     :PK WND
================================================================================
1   2   3   4   5  6A  6B    7     8   9   10  11  12  13   14  15   16  17  18
                                      12Z  AVG MX 2MIN
DY MAX MIN AVG DEP HDD CDD  WTR   SNW DPTH SPD SPD DIR MIN PSBL S-S WX   SPD DR
================================================================================

 1  37  31  34   1  31   0  0.09    T   0  6.7 16  330   M    M   M 1     19 320
 2  42  33  38   5  27   0  0.03  0.0   0  9.7 16  110   M    M   M 1     20 110
 3  45  35  40   6  25   0  0.06  0.0   0 13.6 22   70   M    M   M 18    25  70
 4  41  33  37   3  28   0     T    T   0 16.1 23   20   M    M   M       30 340
 5  39  31  35   1  30   0     T    T   0 16.5 24  350   M    M   M       29 340
 6  44  26  35   1  30   0  0.06  0.0   0 12.1 25  140   M    M   M       30 150
 7  43  40  42   8  23   0  0.14  0.0   0 10.4 24  140   M    M   M 12    28 150
 8  45  40  43   8  22   0  0.00  0.0   0  8.5 16  190   M    M   M       21 200
 9  45  39  42   7  23   0  0.04  0.0   0  0.0 36  160   M    M   M 1     41 160
10  44  38  41   6  24   0  0.12  0.0   0 16.9 29  170   M    M   M 1     35 170
11  45  39  42   7  23   0  0.02  0.0   0 11.1 18  170   M    M   M       22 180
12  48  34  41   6  24   0  0.00  0.0   0  6.8 13  200   M    M   M       15 230
13  48  30  39   3  26   0  0.00  0.0   0 10.8 21   20   M    M   M       24  10
14  48  37  43   7  22   0  0.00  0.0   0 25.1 32   10   M    M   M       40  10
15  46  36  41   5  24   0     T  0.0   0  0.0 32   10   M    M   M       38  10
16  41  35  38   2  27   0  0.00  0.0   0 17.1 25  360   M    M   M       30 360
17  44  34  39   3  26   0     T  0.0   0 10.2 16  300   M    M   M       20 290
18  45  35  40   3  25   0  0.04  0.0   0 11.1 18  250   M    M   M       22 200
19  45  30  38   1  27   0  0.03  0.0   0 12.4 24  220   M    M   M       29 220
20  46  28  37   0  28   0  0.07  0.0   0 10.5 20  260   M    M   M       23 250
21  44  36  40   3  25   0  0.07  0.0   0 10.5 18  210   M    M   M       22 210
22  46  32  39   2  26   0     T  0.0   0 11.3 23  220   M    M   M       28 230
23  46  42  44   6  21   0  0.01  0.0   0 14.1 23  230   M    M   M 1     28 220
24  49  40  45   7  20   0  0.01  0.0   0 14.9 21  200   M    M   M 18    25 210
25  47  42  45   7  20   0  0.00  0.0   0 19.1 25  180   M    M   M 1     32 180
26  48  43  46   8  19   0  0.00  0.0   0 16.1 23  140   M    M   M 1     29 140
27  53  42  48  10  17   0  0.00  0.0   0  8.2 15  110   M    M   M 1     19 110
28  51  39  45   6  20   0  0.00  0.0   0 10.9 17  170   M    M   M 12    21 140
29  50  35  43   4  22   0     T  0.0   0 11.9 18   90   M    M   M 12    23  80
================================================================================
SM 1315 1035       705   0  0.79     T    342.6           M        M
================================================================================
AV 45.3 35.7                             11.8 FASTST  PSBL  %   M    MAX(MPH)
                                 MISC ---->     36  160                 41 160
================================================================================
NOTES:
# LAST OF SEVERAL OCCURRENCES

COLUMN 17 PEAK WIND IN M.P.H.

PRELIMINARY LOCAL CLIMATOLOGICAL DATA (WS FORM: F-6) , PAGE 2

                                          STATION:   ST PAUL
                                          MONTH:     05
                                          YEAR:      2016
                                          LATITUDE:  57 10 N
                                          LONGITUDE: 170 13 W

[TEMPERATURE DATA]      [PRECIPITATION DATA]       SYMBOLS USED IN COLUMN 16

AVERAGE MONTHLY:40.5   TOTAL FOR MONTH: 0.79       1 = FOG
DPTR FM NORMAL:  4.5   DPTR FM NORMAL: -0.27       2 = FOG REDUCING VISIBILITY
HIGHEST:    53 ON 27    GRTST 24HR   0.14 ON  7        TO 1/4 MILE OR LESS
LOWEST:     26 ON  6                               3 = THUNDER
                        SNOW, ICE PELLETS, HAIL    4 = ICE PELLETS
                        TOTAL MONTH:     T         5 = HAIL
                        GRTST 24HR     T ON  5     6 = GLAZE OR RIME
                        GRTST DEPTH:    0          7 = BLOWING DUST OR SAND:
                                                       VSBY 1/2 MILE OR LESS
                                                   8 = SMOKE OR HAZE
[NO. OF DAYS WITH]      [WEATHER - DAYS WITH]      9 = BLOWING SNOW
                                                   X = TORNADO
MAX 32 OR BELOW:   0    0.01 INCH OR MORE:  14
MAX 70 OR ABOVE:   0    0.10 INCH OR MORE:   2
MIN 32 OR BELOW:   7    0.50 INCH OR MORE:   0
MIN  0 OR BELOW:   0    1.00 INCH OR MORE:   0

[HDD (BASE 65) ]
TOTAL THIS MO.   705    CLEAR  (SCALE 0-3)   M
DPTR FM NORMAL  -137    PTCLDY (SCALE 4-7)   M
SEASONAL TOTAL  8714    CLOUDY (SCALE 8-10)  M
DPTR FM NORMAL -1355

[CDD (BASE 65) ]
TOTAL THIS MO.     0
DPTR FM NORMAL     0    [PRESSURE DATA]
SEASONAL TOTAL     0    HIGHEST SLP     M
DPTR FM NORMAL     0    LOWEST  SLP     M

[REMARKS]
