058
CXUS56 KMTR 281000
CF6SNS
PRELIMINARY LOCAL CLIMATOLOGICAL DATA (WS FORM: F-6)

                                          STATION:   SALINAS AIRPORT
                                          MONTH:     SEPTEMBER
                                          YEAR:      2016
                                          LATITUDE:   36 40 N
                                          LONGITUDE: 121 36 W

  TEMPERATURE IN F:       :PCPN:    SNOW:  WIND      :SUNSHINE: SKY     :PK WND
================================================================================
1   2   3   4   5  6A  6B    7    8   9   10  11  12  13   14  15   16   17  18
                                     12Z  AVG MX 2MIN
DY MAX MIN AVG DEP HDD CDD  WTR  SNW DPTH SPD SPD DIR MIN PSBL S-S WX    SPD DR
================================================================================

 1  68  57  63  -2   2   0 0.00  0.0    0  9.6 18 260   M    M   7 1      23 260
 2  72  54  63  -2   2   0 0.00  0.0    0  7.4 20 280   M    M   5 1      25 280
 3  65  57  61  -4   4   0 0.00  0.0    0 11.3 21 260   M    M   9        26 270
 4  66  57  62  -3   3   0 0.00  0.0    0 10.8 21 240   M    M   9        26 240
 5  72  51  62  -3   3   0 0.00  0.0    0  7.0 17 280   M    M   4        21 260
 6  82  49  66   1   0   1 0.00  0.0    0  6.2 17 270   M    M   2 12     21 280
 7  88  50  69   4   0   4 0.00  0.0    0  7.7 21 320   M    M   5 12     25 290
 8  69  57  63  -2   2   0 0.00  0.0    0  8.4 16 280   M    M   5 1      21 270
 9  66  50  58  -7   7   0 0.00  0.0    0  6.7 17 270   M    M   5 128    22 270
10  66  54  60  -5   5   0 0.00  0.0    0  8.2 17 290   M    M   7 18     22 270
11  66  55  61  -4   4   0 0.00  0.0    0  7.1 16 280   M    M   8 1      21 280
12  65  57  61  -3   4   0 0.00  0.0    0  9.0 20 280   M    M   8        26 270
13  72  51  62  -2   3   0 0.00  0.0    0 10.8 21 100   M    M   6        25 100
14  74  47  61  -3   4   0 0.00  0.0    0  6.9 17 250   M    M   0        22 250
15  72  49  61  -3   4   0 0.00  0.0    0  7.0 17 280   M    M   1 1      22 270
16  71  52  62  -2   3   0 0.00  0.0    0  6.0 18 290   M    M   6 18     23 280
17  79  50  65   1   0   0 0.00  0.0    0  6.3 17 280   M    M   5 128    21 270
18  93  50  72   8   0   7 0.00  0.0    0  5.5 17 290   M    M   2 12     20 290
19  77  56  67   3   0   2 0.00  0.0    0  7.3 16 330   M    M   2 1      19 310
20  75  58  67   3   0   2 0.00  0.0    0  7.1 16 300   M    M   4 18     23 290
21  66  56  61  -3   4   0 0.00  0.0    0 10.7 21 230   M    M   3        25 240
22  66  53  60  -4   5   0 0.00  0.0    0 11.3 23 240   M    M   3        29 210
23  72  50  61  -3   4   0 0.00  0.0    0  6.2 17 230   M    M   2 18     22 260
24  86  50  68   4   0   3 0.00  0.0    0  4.9 18 280   M    M   0        23 270
25  93  54  74  10   0   9 0.00  0.0    0  8.0 20 110   M    M   0        25 110
26 101  59  80  16   0  15 0.00  0.0    0  9.4 22 110   M    M   1        25 100
27  90  54  72   8   0   7 0.00  0.0    0  8.5 17 110   M    M   1 18     20 110
================================================================================
SM 2032 1437        63  50  0.00     0.0 215.3          M      110
================================================================================
AV 75.3 53.2                               8.0 FASTST   M    M   4    MAX(MPH)
                                 MISC ---->  # 23 240               # 29  210
================================================================================
NOTES:
# LAST OF SEVERAL OCCURRENCES

COLUMN 17 PEAK WIND IN M.P.H.

PRELIMINARY LOCAL CLIMATOLOGICAL DATA (WS FORM: F-6) , PAGE 2

                                          STATION:  SALINAS AIRPORT
                                          MONTH:    SEPTEMBER
                                          YEAR:     2016
                                          LATITUDE:   36 40 N
                                          LONGITUDE: 121 36 W

[TEMPERATURE DATA]      [PRECIPITATION DATA]       SYMBOLS USED IN COLUMN 16

AVERAGE MONTHLY: 64.2   TOTAL FOR MONTH:   0.00    1 = FOG OR MIST
DPTR FM NORMAL:  -0.2   DPTR FM NORMAL:   -0.14    2 = FOG REDUCING VISIBILITY
HIGHEST:   101 ON 26    GRTST 24HR    T  ON  6- 7      TO 1/4 MILE OR LESS
LOWEST:     47 ON 14                               3 = THUNDER
                        SNOW, ICE PELLETS, HAIL    4 = ICE PELLETS
                        TOTAL MONTH:   0.0 INCH    5 = HAIL
                        GRTST 24HR     0.0         6 = FREEZING RAIN OR DRIZZLE
                        GRTST DEPTH:   0           7 = DUSTSTORM OR SANDSTORM:
                                                       VSBY 1/2 MILE OR LESS
                                                   8 = SMOKE OR HAZE
[NO. OF DAYS WITH]      [WEATHER - DAYS WITH]      9 = BLOWING SNOW
                                                   X = TORNADO
MAX 32 OR BELOW:   0    0.01 INCH OR MORE:   0
MAX 90 OR ABOVE:   4    0.10 INCH OR MORE:   0
MIN 32 OR BELOW:   0    0.50 INCH OR MORE:   0
MIN  0 OR BELOW:   0    1.00 INCH OR MORE:   0

[HDD (BASE 65) ]
TOTAL THIS MO.    63    CLEAR  (SCALE 0-3)  11
DPTR FM NORMAL     8    PTCLDY (SCALE 4-7)  13
TOTAL FM JUL 1   211    CLOUDY (SCALE 8-10)  3
DPTR FM NORMAL    21

[CDD (BASE 65) ]
TOTAL THIS MO.    50
DPTR FM NORMAL    23    [PRESSURE DATA]
TOTAL FM JAN 1    83    HIGHEST SLP M ON M
DPTR FM NORMAL   -13    LOWEST  SLP 29.81 ON M

[REMARKS]
