000
CXUS55 KPIH 281200
CF6SNT

PRELIMINARY LOCAL CLIMATOLOGICAL DATA (WS FORM: F-6)

                                          STATION:   STANLEY_ID
                                          MONTH:     FEBRUARY
                                          YEAR:      2015
                                          LATITUDE:   44 10 N
                                          LONGITUDE: 114 56 W

  TEMPERATURE IN F:       :PCPN:    SNOW:  WIND      :SUNSHINE: SKY     :PK WND
================================================================================
1   2   3   4   5  6A  6B    7    8   9   10  11  12  13   14  15   16   17  18
                                     12Z  AVG MX 2MIN
DY MAX MIN AVG DEP HDD CDD  WTR  SNW DPTH SPD SPD DIR MIN PSBL S-S WX    SPD DR
================================================================================

 1  27   0  14  -1  51   0 0.07    M    M  0.9  7  90   M    M   0         9 140
 2  38  11  25   9  40   0 0.21    M    M  3.8 14 130   M    M   0        21 120
 3  36  25  31  15  34   0 0.20    M    M  4.1 12 110   M    M   0        16 120
 4  41  30  36  20  29   0 0.00    M    M  1.7 10 120   M    M   0        15 110
 5  53  28  41  25  24   0 0.00    M    M  8.2 21 240   M    M   0        34 270
 6  53  36  45  29  20   0 0.13    M    M 11.3 28 190   M    M   0        39 190
 7  44  34  39  23  26   0 0.78    M    M  8.9 18 140   M    M   0        36 280
 8  47  32  40  24  25   0 0.00    M    M  6.6 17 250   M    M   0        27 260
 9  40  35  38  21  27   0 0.41    M    M  6.8 15 250   M    M   0        24 250
10  43  23  33  16  32   0 0.00    M    M  2.5  7 150   M    M   0        10 330
11  41  16  29  12  36   0 0.00    M    M  1.6  7 340   M    M   0         8 340
12  48  15  32  15  33   0 0.00    M    M  1.9  7 150   M    M   0         9 130
13  47   9  28  10  37   0 0.00    M    M  0.7  6 180   M    M   0         7  10
14  54  17  36  18  29   0 0.00    M    M  2.6 10 110   M    M   0        13 140
15  43  15  29  11  36   0 0.00    M    M  2.4 12 310   M    M   0        18 310
16  37   3  20   2  45   0 0.00    M    M  2.1  7 310   M    M   0         9 120
17  43   2  23   4  42   0 0.00    M    M  1.9  7 170   M    M   0         8 160
18  52   4  28   9  37   0 0.00    M    M  1.7  8 150   M    M   0        10 150
19  49  13  31  11  34   0 0.00    M    M  2.9 16 320   M    M   0        22 320
20  39  22  31  11  34   0 0.00    M    M  3.5 14 310   M    M   0        18 310
21  36  12  24   4  41   0 0.00    M    M  4.4 16 340   M    M   0        23 340
22  30  -1  15  -5  50   0 0.00    M    M  4.3 10 310   M    M   0        14 350
23  38 -10  14  -7  51   0 0.00    M    M  3.0  7 160   M    M   0         9 120
24  48   3  26   5  39   0 0.00    M    M  3.2 20 290   M    M   0        27 310
25  41  19  30   9  35   0 0.00    M    M  2.8 12 340   M    M   0        18 340
26  37  17  27   5  38   0 0.03    M    M  2.0 10  10   M    M   0        15  10
27  37  17  27   5  38   0 0.00    M    M  2.4  8 210   M    M   0        10 220
================================================================================
SM 1142  427       963   0  1.83    M     98.2          M        0
================================================================================
AV 42.3 15.8                               3.6 FASTST   M    M   0    MAX(MPH)
                                 MISC ---->  # 28 190               # 39  190
================================================================================
NOTES:
# LAST OF SEVERAL OCCURRENCES

COLUMN 17 PEAK WIND IN M.P.H.

PRELIMINARY LOCAL CLIMATOLOGICAL DATA (WS FORM: F-6) , PAGE 2

                                          STATION:  STANLEY_ID
                                          MONTH:    FEBRUARY
                                          YEAR:     2015
                                          LATITUDE:   44 10 N
                                          LONGITUDE: 114 56 W

[TEMPERATURE DATA]      [PRECIPITATION DATA]       SYMBOLS USED IN COLUMN 16

AVERAGE MONTHLY: 29.1   TOTAL FOR MONTH:   1.83    1 = FOG OR MIST
DPTR FM NORMAL:  10.8   DPTR FM NORMAL:    0.11    2 = FOG REDUCING VISIBILITY
HIGHEST:    54 ON 14    GRTST 24HR  0.88 ON  6- 7      TO 1/4 MILE OR LESS
LOWEST:    -10 ON 23                               3 = THUNDER
                        SNOW, ICE PELLETS, HAIL    4 = ICE PELLETS
                        TOTAL MONTH:    M          5 = HAIL
                        GRTST 24HR    M  ON   M    6 = FREEZING RAIN OR DRIZZLE
                        GRTST DEPTH:  M  ON   M    7 = DUSTSTORM OR SANDSTORM:
                                                       VSBY 1/2 MILE OR LESS
                                                   8 = SMOKE OR HAZE
[NO. OF DAYS WITH]      [WEATHER - DAYS WITH]      9 = BLOWING SNOW
                                                   X = TORNADO
MAX 32 OR BELOW:   2    0.01 INCH OR MORE:   7
MAX 90 OR ABOVE:   0    0.10 INCH OR MORE:   5
MIN 32 OR BELOW:  24    0.50 INCH OR MORE:   1
MIN  0 OR BELOW:   3    1.00 INCH OR MORE:   0

[HDD (BASE 65) ]
TOTAL THIS MO.   963    CLEAR  (SCALE 0-3)  27
DPTR FM NORMAL  -300    PTCLDY (SCALE 4-7)   0
TOTAL FM JUL 1  6336    CLOUDY (SCALE 8-10)  0
DPTR FM NORMAL -1156

[CDD (BASE 65) ]
TOTAL THIS MO.     0
DPTR FM NORMAL     0    [PRESSURE DATA]
TOTAL FM JAN 1     0    HIGHEST SLP M ON M
DPTR FM NORMAL     0    LOWEST  SLP 29.74 ON 27

[REMARKS]
