000
CXUS55 KPIH 271200
CF6SNT

PRELIMINARY LOCAL CLIMATOLOGICAL DATA (WS FORM: F-6)

                                          STATION:   STANLEY_ID
                                          MONTH:     AUGUST
                                          YEAR:      2016
                                          LATITUDE:   44 10 N
                                          LONGITUDE: 114 56 W

  TEMPERATURE IN F:       :PCPN:    SNOW:  WIND      :SUNSHINE: SKY     :PK WND
================================================================================
1   2   3   4   5  6A  6B    7    8   9   10  11  12  13   14  15   16   17  18
                                     12Z  AVG MX 2MIN
DY MAX MIN AVG DEP HDD CDD  WTR  SNW DPTH SPD SPD DIR MIN PSBL S-S WX    SPD DR
================================================================================

 1  80  31  56  -3   9   0 0.00    M    M  4.5 13 220   M    M   0        23 270
 2  85  32  59   0   6   0 0.00    M    M  4.5 21 180   M    M   0        31 180
 3  77  32  55  -4  10   0 0.00    M    M  4.6 15 340   M    M   0        19 330
 4  84  30  57  -2   8   0 0.00    M    M  4.5 14 350   M    M   0        17 350
 5  79  37  58   0   7   0 0.00    M    M  3.5 17 260   M    M   0        26 230
 6  83  42  63   5   2   0 0.01    M    M  4.9 20 250   M    M   0        27 250
 7  78  37  58   0   7   0 0.01    M    M  4.3 18 350   M    M   0        26 350
 8  78  32  55  -3  10   0 0.00    M    M  4.5 20 180   M    M   0        28 160
 9  71  35  53  -5  12   0 0.00    M    M  4.4 20 180   M    M   0        28 200
10  73  27  50  -8  15   0 0.00    M    M  3.8 12 360   M    M   0        15 340
11  76  30  53  -5  12   0 0.00    M    M  3.6 13 360   M    M   0        18 320
12  80  32  56  -1   9   0 0.00    M    M  3.8 14 270   M    M   0        20 320
13  82  31  57   0   8   0 0.00    M    M  3.4 14 330   M    M   0        20 320
14  87  39  63   6   2   0 0.00    M    M  3.2 16 210   M    M   0        24 220
15  86  37  62   5   3   0 0.00    M    M  5.2 15 340   M    M   0        22 290
16  88  36  62   6   3   0 0.00    M    M  4.4 17  40   M    M   0        22  70
17  86  41  64   8   1   0 0.00    M    M  3.5 20 360   M    M   0        28  20
18  83  43  63   7   2   0 0.00    M    M  3.3 13 280   M    M   0        19 280
19  83  37  60   4   5   0 0.00    M    M  4.6 15  10   M    M   0        26 340
20  84  33  59   4   6   0 0.00    M    M  3.5 13  30   M    M   0        19  40
21  82  34  58   3   7   0 0.00    M    M  2.7 13 320   M    M   0        19 340
22  76  34  55   0  10   0 0.00    M    M  4.6 16 330   M    M   0        26 330
23  72  24  48  -6  17   0 0.00    M    M  3.5 14 350   M    M   0        20 350
24  74  27  51  -3  14   0 0.00    M    M  4.6 15 350   M    M   0        20 350
25  74  30  52  -2  13   0 0.00    M    M  3.3 13 350   M    M   0        17 320
26  74  33  54   0  11   0 0.00    M    M  3.8 13 290   M    M   0        18 360
================================================================================
SM 2075  876       209   0  0.02    M    104.5          M        0
================================================================================
AV 79.8 33.7                               4.0 FASTST   M    M   0    MAX(MPH)
                                 MISC ---->  # 21 180               # 31  180
================================================================================
NOTES:
# LAST OF SEVERAL OCCURRENCES
PRECIPITATION SUSPECT DURING FREEZING/FROZEN EVENTS

COLUMN 17 PEAK WIND IN M.P.H.

PRELIMINARY LOCAL CLIMATOLOGICAL DATA (WS FORM: F-6) , PAGE 2

                                          STATION:  STANLEY_ID
                                          MONTH:    AUGUST
                                          YEAR:     2016
                                          LATITUDE:   44 10 N
                                          LONGITUDE: 114 56 W

[TEMPERATURE DATA]      [PRECIPITATION DATA]       SYMBOLS USED IN COLUMN 16

AVERAGE MONTHLY: 56.8   TOTAL FOR MONTH:   0.02    1 = FOG OR MIST
DPTR FM NORMAL:   0.0   DPTR FM NORMAL:   -0.51    2 = FOG REDUCING VISIBILITY
HIGHEST:    88 ON 16    GRTST 24HR  0.02 ON  6- 7      TO 1/4 MILE OR LESS
LOWEST:     24 ON 23                               3 = THUNDER
                        SNOW, ICE PELLETS, HAIL    4 = ICE PELLETS
                        TOTAL MONTH:    M          5 = HAIL
                        GRTST 24HR    M  ON   M    6 = FREEZING RAIN OR DRIZZLE
                        GRTST DEPTH:  M  ON   M    7 = DUSTSTORM OR SANDSTORM:
                                                       VSBY 1/2 MILE OR LESS
                                                   8 = SMOKE OR HAZE
[NO. OF DAYS WITH]      [WEATHER - DAYS WITH]      9 = BLOWING SNOW
                                                   X = TORNADO
MAX 32 OR BELOW:   0    0.01 INCH OR MORE:   2
MAX 90 OR ABOVE:   0    0.10 INCH OR MORE:   0
MIN 32 OR BELOW:  12    0.50 INCH OR MORE:   0
MIN  0 OR BELOW:   0    1.00 INCH OR MORE:   0

[HDD (BASE 65) ]
TOTAL THIS MO.   209    CLEAR  (SCALE 0-3)  26
DPTR FM NORMAL    -8    PTCLDY (SCALE 4-7)   0
TOTAL FM JUL 1   445    CLOUDY (SCALE 8-10)  0
DPTR FM NORMAL   -13

[CDD (BASE 65) ]
TOTAL THIS MO.     0
DPTR FM NORMAL     0    [PRESSURE DATA]
TOTAL FM JAN 1     3    HIGHEST SLP M ON M
DPTR FM NORMAL     0    LOWEST  SLP 29.67 ON  8

[REMARKS]
