000
CXUS55 KCYS 281000
CF6SNY
PRELIMINARY LOCAL CLIMATOLOGICAL DATA (WS FORM: F-6)

                                          STATION:   SIDNEY NEBRASKA AIRPORT
                                          MONTH:     JULY
                                          YEAR:      2017
                                          LATITUDE:   41  5 N
                                          LONGITUDE: 102 59 W

  TEMPERATURE IN F:       :PCPN:    SNOW:  WIND      :SUNSHINE: SKY     :PK WND
================================================================================
1   2   3   4   5  6A  6B    7    8   9   10  11  12  13   14  15   16   17  18
                                     12Z  AVG MX 2MIN
DY MAX MIN AVG DEP HDD CDD  WTR  SNW DPTH SPD SPD DIR MIN PSBL S-S WX    SPD DR
================================================================================

 1  89  44  67  -6   0   2 0.00    M    M  8.8 23 230   M    M   0        31 230
 2  96  48  72  -1   0   7 0.00    M    M  8.0 24  70   M    M   0 3      35  70
 3  94  53  74   0   0   9    T    M    M  9.7 28 210   M    M   1 3      39 210
 4  95  50  73  -1   0   8 0.00    M    M  7.2 15  20   M    M   0        22  30
 5  98  53  76   2   0  11 0.00    M    M  8.6 16 210   M    M   0        23 200
 6 100  56  78   4   0  13    T    M    M  9.3 25  50   M    M   0 3      30  50
 7  89  53  71  -4   0   6 0.01    M    M  9.1 33  60   M    M   1 38     39  60
 8  95  55  75   0   0  10 0.00    M    M  9.5 26  80   M    M   0 8      35  80
 9 101  52  77   2   0  12 0.00    M    M  8.0 22  20   M    M   0 3      27  10
10  98  58  78   3   0  13 0.03    M    M  8.8 33 320   M    M   1 38     39 320
11  99  60  80   5   0  15 0.00    M    M  9.2 31 330   M    M   0        38 320
12  81  55  68  -7   0   3    T    M    M 10.6 21  50   M    M   5        26  50
13  89  50  70  -6   0   5 0.00    M    M  8.4 16 120   M    M   1 1      22 150
14  91  51  71  -5   0   6 0.00    M    M  8.8 17 140   M    M   0 1      26 140
15  93  59  76   0   0  11 0.00    M    M  9.1 21 190   M    M   0        26 190
16  89  49  69  -7   0   4 0.00    M    M 12.6 29 150   M    M   0        34 150
17  96  61  79   3   0  14 0.00    M    M  8.1 24 270   M    M   1        31 270
18  93  62  78   2   0  13 0.00    M    M  8.5 20  10   M    M   3 1      24 160
19 103  58  81   5   0  16    T    M    M  9.8 29  30   M    M   2 123    42 210
20  93  66  80   4   0  15 0.00    M    M  8.2 17  90   M    M   0        24  90
21  98  64  81   5   0  16 0.00    M    M 11.5 32 200   M    M   1        41 200
22  91  57  74  -2   0   9 0.00    M    M 10.7 31 190   M    M   1        39 190
23  97  54  76   0   0  11 0.00    M    M  9.7 16 160   M    M   0        24 160
24 101  61  81   5   0  16 0.02    M    M 15.6 23 190   M    M   0 3      31 200
25 102  70  86  10   0  21    T    M    M 12.7 30 160   M    M   0        35 170
26  84  63  74  -2   0   9 0.00    M    M 12.7 21  10   M    M   6        26  10
27  89  58  74  -2   0   9    T    M    M 12.9 25 160   M    M   5 13     32 160
================================================================================
SM 2544 1520         0 284  0.06    M    266.1          M       28
================================================================================
AV 94.2 56.3                               9.9 FASTST   M    M   1    MAX(MPH)
                                 MISC ---->  # 33  60               # 42  210
================================================================================
NOTES:
# LAST OF SEVERAL OCCURRENCES

COLUMN 17 PEAK WIND IN M.P.H.

PRELIMINARY LOCAL CLIMATOLOGICAL DATA (WS FORM: F-6) , PAGE 2

                                          STATION:  SIDNEY NEBRASKA AIRPORT
                                          MONTH:    JULY
                                          YEAR:     2017
                                          LATITUDE:   41  5 N
                                          LONGITUDE: 102 59 W

[TEMPERATURE DATA]      [PRECIPITATION DATA]       SYMBOLS USED IN COLUMN 16

AVERAGE MONTHLY: 75.3   TOTAL FOR MONTH:   0.06    1 = FOG OR MIST
DPTR FM NORMAL:   0.0   DPTR FM NORMAL:   -2.54    2 = FOG REDUCING VISIBILITY
HIGHEST:   103 ON 19    GRTST 24HR  0.03 ON 10-10      TO 1/4 MILE OR LESS
LOWEST:     44 ON  1                               3 = THUNDER
                        SNOW, ICE PELLETS, HAIL    4 = ICE PELLETS
                        TOTAL MONTH:    M          5 = HAIL
                        GRTST 24HR    M  ON   M    6 = FREEZING RAIN OR DRIZZLE
                        GRTST DEPTH:  M  ON   M    7 = DUSTSTORM OR SANDSTORM:
                                                       VSBY 1/2 MILE OR LESS
                                                   8 = SMOKE OR HAZE
[NO. OF DAYS WITH]      [WEATHER - DAYS WITH]      9 = BLOWING SNOW
                                                   X = TORNADO
MAX 32 OR BELOW:   0    0.01 INCH OR MORE:   3
MAX 90 OR ABOVE:  20    0.10 INCH OR MORE:   0
MIN 32 OR BELOW:   0    0.50 INCH OR MORE:   0
MIN  0 OR BELOW:   0    1.00 INCH OR MORE:   0

[HDD (BASE 65) ]
TOTAL THIS MO.     0    CLEAR  (SCALE 0-3)  24
DPTR FM NORMAL     0    PTCLDY (SCALE 4-7)   3
TOTAL FM JUL 1     0    CLOUDY (SCALE 8-10)  0
DPTR FM NORMAL     0

[CDD (BASE 65) ]
TOTAL THIS MO.   284
DPTR FM NORMAL     7    [PRESSURE DATA]
TOTAL FM JAN 1   372    HIGHEST SLP M ON M
DPTR FM NORMAL   -64    LOWEST  SLP 29.73 ON 11

[REMARKS]
