000
CXUS55 KPUB 301111
CF6SPD
PRELIMINARY LOCAL CLIMATOLOGICAL DATA (WS FORM: F-6)

                                          STATION:   SPRINGFIELD CO
                                          MONTH:     MAY
                                          YEAR:      2016
                                          LATITUDE:   37 16 N
                                          LONGITUDE: 102 37 W

  TEMPERATURE IN F:       :PCPN:    SNOW:  WIND      :SUNSHINE: SKY     :PK WND
================================================================================
1   2   3   4   5  6A  6B    7    8   9   10  11  12  13   14  15   16   17  18
                                     12Z  AVG MX 2MIN
DY MAX MIN AVG DEP HDD CDD  WTR  SNW DPTH SPD SPD DIR MIN PSBL S-S WX    SPD DR
================================================================================

 1  42  34  38 -18  27   0 0.05  0.0    0 18.6 36 350   M    M   0        43 350
 2  59  29  44 -13  21   0 0.00  0.0    0  9.3 21 340   M    M   0        26 340
 3  66  36  51  -6  14   0 0.00  0.0    0 14.0 36 350   M    M   0        42 350
 4  75  37  56  -1   9   0 0.00  0.0    0  9.2 17 310   M    M   0        26 350
 5  83  43  63   5   2   0 0.00    M    0  9.0 23 180   M    M   0        27 180
 6  81  47  64   6   1   0 0.00  0.0    0 20.2 35 170   M    M   0        42 190
 7  81  47  64   6   1   0 0.00  0.0    0 17.5 43 190   M    M   0        55 190
 8  72  36  54  -5  11   0 0.00  0.0    0  7.4 31 190   M    M   0        46 190
 9  72  35  54  -5  11   0 0.00  0.0    0 10.1 30 310   M    M   0        37 310
10  83  41  62   3   3   0 0.00  0.0    0 12.3 51 350   M    M   0        61 360
11  70  41  56  -4   9   0    M  0.0    0 13.2 25 340   M    M   0        34 340
12  70  37  54  -6  11   0 0.00  0.0    0 11.6 21 190   M    M   0        27 190
13  81  40  61   1   4   0 0.00  0.0    0 13.2 26  60   M    M   0        34  60
14  60  36  48 -13  17   0 0.03  0.0    0 13.0 24 140   M    M   0        32 150
15  60  43  52  -9  13   0 0.00  0.0    0 22.0 39 160   M    M   0        47 160
16  61  43  52  -9  13   0    M  0.0    0 12.9 33  40   M    M   0        40  40
17  50  42  46 -16  19   0 0.00  0.0    0 11.4 23  10   M    M   0        26  10
18  59  41  50 -12  15   0 0.00  0.0    0 10.2 20 160   M    M   0        26 170
19  67  44  56  -6   9   0 0.00  0.0    0 14.9 25 160   M    M   0        32 160
20  80  46  63   0   2   0 0.02  0.0    0 14.3 25 160   M    M   0        32 160
21  86  51  69   6   0   4 0.00  0.0    0 21.1 38 170   M    M   0        46 190
22  85  53  69   6   0   4 0.00  0.0    0 20.5 36 160   M    M   0        45 180
23  80  46  63  -1   2   0 0.00  0.0    0 10.4 26 180   M    M   0        34 170
24  85  47  66   2   0   1 0.00  0.0    0 11.4 30 180   M    M   0        38 180
25  84  47  66   2   0   1 0.00  0.0    0 10.1 18 170   M    M   0        26 230
26  83  44  64  -1   1   0 0.00  0.0    0 14.3 31 320   M    M   0        40 320
27  65  41  53 -12  12   0 0.00  0.0    0 17.8 36 320   M    M   0        45 300
28  79  39  59  -6   6   0 0.01    M    M  8.7 28 200   M    M   0        38 210
29  84  49  67   1   0   2 0.25    M    M 13.6 39 160   M    M   0        47 160
================================================================================
SM 2103 1215       233  12  0.36     0.0 392.2          M        0
================================================================================
AV 72.5 41.9                              13.5 FASTST   M    M   0    MAX(MPH)
                                 MISC ---->  # 51 350               # 61  360
================================================================================
NOTES:
# LAST OF SEVERAL OCCURRENCES

COLUMN 17 PEAK WIND IN M.P.H.

PRELIMINARY LOCAL CLIMATOLOGICAL DATA (WS FORM: F-6) , PAGE 2

                                          STATION:  SPRINGFIELD CO
                                          MONTH:    MAY
                                          YEAR:     2016
                                          LATITUDE:   37 16 N
                                          LONGITUDE: 102 37 W

[TEMPERATURE DATA]      [PRECIPITATION DATA]       SYMBOLS USED IN COLUMN 16

AVERAGE MONTHLY: 57.2   TOTAL FOR MONTH:   0.36    1 = FOG OR MIST
DPTR FM NORMAL:  -3.8   DPTR FM NORMAL:   -1.82    2 = FOG REDUCING VISIBILITY
HIGHEST:    86 ON 21    GRTST 24HR  0.26 ON 28-29      TO 1/4 MILE OR LESS
LOWEST:     29 ON  2                               3 = THUNDER
                        SNOW, ICE PELLETS, HAIL    4 = ICE PELLETS
                        TOTAL MONTH:   0.0 INCH    5 = HAIL
                        GRTST 24HR     0.0         6 = FREEZING RAIN OR DRIZZLE
                        GRTST DEPTH:   0           7 = DUSTSTORM OR SANDSTORM:
                                                       VSBY 1/2 MILE OR LESS
                                                   8 = SMOKE OR HAZE
[NO. OF DAYS WITH]      [WEATHER - DAYS WITH]      9 = BLOWING SNOW
                                                   X = TORNADO
MAX 32 OR BELOW:   0    0.01 INCH OR MORE:   5
MAX 90 OR ABOVE:   0    0.10 INCH OR MORE:   1
MIN 32 OR BELOW:   1    0.50 INCH OR MORE:   0
MIN  0 OR BELOW:   0    1.00 INCH OR MORE:   0

[HDD (BASE 65) ]
TOTAL THIS MO.   233    CLEAR  (SCALE 0-3)  29
DPTR FM NORMAL    75    PTCLDY (SCALE 4-7)   0
TOTAL FM JUL 1  4978    CLOUDY (SCALE 8-10)  0
DPTR FM NORMAL  -279

[CDD (BASE 65) ]
TOTAL THIS MO.    12
DPTR FM NORMAL   -32    [PRESSURE DATA]
TOTAL FM JAN 1    12    HIGHEST SLP M ON M
DPTR FM NORMAL   -36    LOWEST  SLP 29.54 ON  9

[REMARKS]
