093
CXUS53 KILX 250900
CF6SPI
PRELIMINARY LOCAL CLIMATOLOGICAL DATA (WS FORM: F-6)

                                          STATION:   SPRINGFIELD IL
                                          MONTH:     FEBRUARY
                                          YEAR:      2018
                                          LATITUDE:   39 50 N
                                          LONGITUDE:  89 41 W

  TEMPERATURE IN F:       :PCPN:    SNOW:  WIND      :SUNSHINE: SKY     :PK WND
================================================================================
1   2   3   4   5  6A  6B    7    8   9   10  11  12  13   14  15   16   17  18
                                     12Z  AVG MX 2MIN
DY MAX MIN AVG DEP HDD CDD  WTR  SNW DPTH SPD SPD DIR MIN PSBL S-S WX    SPD DR
================================================================================

 1  37  14  26  -2  39   0 0.00  0.0    0 14.2 24 330   M    M   2        31 320
 2  26   7  17 -11  48   0 0.00  0.0    0  6.7 13 160   M    M   3        17 310
 3  43  25  34   6  31   0 0.00  0.0    0 16.8 28 190   M    M   9        34 180
 4  38   7  23  -5  42   0 0.02  0.6    0 13.1 25 330   M    M   8 18     33 310
 5  23  -3  10 -18  55   0 0.05  0.2    1  4.9 13 100   M    M   4 1      16 140
 6  21   8  15 -14  50   0 0.00  0.0    T  6.7 13  30   M    M   5 18     16  30
 7  27  13  20  -9  45   0 0.00  0.0    T  8.2 16 310   M    M   6 18     22 320
 8  43  16  30   1  35   0    T    T    T  8.9 20 170   M    M   7        25 170
 9  47  25  36   7  29   0 0.00  0.0    0 12.5 22 350   M    M   7 8      25 350
10  25  20  23  -7  42   0 0.13  0.2    0 13.6 20  20   M    M  10 1468   25  20
11  25  11  18 -12  47   0 0.13  0.3    1  8.8 16 330   M    M   7 168    21 360
12  31   8  20 -10  45   0 0.00  0.0    T  7.9 16  30   M    M   0        19  30
13  43  15  29  -1  36   0 0.00  0.0    0  7.4 14 170   M    M   4 18     17 170
14  57  33  45  14  20   0 0.00  0.0    0  8.1 18 200   M    M   6 12     21 200
15  68  42  55  24  10   0 0.01  0.0    0 10.8 20 330   M    M   7 128    25 330
16  42  22  32   1  33   0 0.00  0.0    0 10.2 21 330   M    M   4        28 330
17  39  21  30  -2  35   0 0.05    T    0  8.5 20 270   M    M   5 18     24 270
18  51  20  36   4  29   0 0.01  0.0    0 13.8 28 170   M    M   1 1      35 160
19  65  48  57  25   8   0 0.55  0.0    0 19.1 30 180   M    M   9 13     40 180
20  68  32  50  17  15   0 2.17  0.0    0 15.4 32 190   M    M   5 136    45 180
21  33  27  30  -3  35   0 0.22    T    T 12.0 18  60   M    M  10 16     24 310
22  46  32  39   5  26   0 0.05  0.0    0 10.0 17 110   M    M  10 16     21  80
23  47  38  43   9  22   0 0.06  0.0    0  8.4 20 280   M    M  10 1      24 280
24  55  37  46  12  19   0 0.69  0.0    0 14.4 37 260   M    M  10 12     44 270
================================================================================
SM 1000  518       796   0  4.14     1.3 260.4          M      149
================================================================================
AV 41.7 21.6                              10.8 FASTST   M    M   6    MAX(MPH)
                                 MISC ---->  # 37 260               # 45  180
================================================================================
NOTES:
# LAST OF SEVERAL OCCURRENCES

COLUMN 17 PEAK WIND IN M.P.H.

PRELIMINARY LOCAL CLIMATOLOGICAL DATA (WS FORM: F-6) , PAGE 2

                                          STATION:  SPRINGFIELD IL
                                          MONTH:    FEBRUARY
                                          YEAR:     2018
                                          LATITUDE:   39 50 N
                                          LONGITUDE:  89 41 W

[TEMPERATURE DATA]      [PRECIPITATION DATA]       SYMBOLS USED IN COLUMN 16

AVERAGE MONTHLY: 31.6   TOTAL FOR MONTH:   4.14    1 = FOG OR MIST
DPTR FM NORMAL:   1.1   DPTR FM NORMAL:    2.63    2 = FOG REDUCING VISIBILITY
HIGHEST:    68 ON 20,15 GRTST 24HR  2.17 ON 20-20      TO 1/4 MILE OR LESS
LOWEST:     -3 ON  5                               3 = THUNDER
                        SNOW, ICE PELLETS, HAIL    4 = ICE PELLETS
                        TOTAL MONTH:   1.3 INCHES  5 = HAIL
                        GRTST 24HR   0.6 ON  4- 4  6 = FREEZING RAIN OR DRIZZLE
                        GRTST DEPTH:   1 ON 11, 5  7 = DUSTSTORM OR SANDSTORM:
                                                       VSBY 1/2 MILE OR LESS
                                                   8 = SMOKE OR HAZE
[NO. OF DAYS WITH]      [WEATHER - DAYS WITH]      9 = BLOWING SNOW
                                                   X = TORNADO
MAX 32 OR BELOW:   7    0.01 INCH OR MORE:  13
MAX 90 OR ABOVE:   0    0.10 INCH OR MORE:   6
MIN 32 OR BELOW:  19    0.50 INCH OR MORE:   3
MIN  0 OR BELOW:   1    1.00 INCH OR MORE:   1

[HDD (BASE 65) ]
TOTAL THIS MO.   796    CLEAR  (SCALE 0-3)   4
DPTR FM NORMAL   -31    PTCLDY (SCALE 4-7)  12
TOTAL FM JUL 1  3912    CLOUDY (SCALE 8-10)  8
DPTR FM NORMAL  -241

[CDD (BASE 65) ]
TOTAL THIS MO.     0
DPTR FM NORMAL     0    [PRESSURE DATA]
TOTAL FM JAN 1     0    HIGHEST SLP M ON M
DPTR FM NORMAL     0    LOWEST  SLP 29.51 ON 24

[REMARKS]
