000
CXUS53 KILX 222300
CF6SPI
PRELIMINARY LOCAL CLIMATOLOGICAL DATA (WS FORM: F-6)

                                          STATION:   SPRINGFIELD IL
                                          MONTH:     SEPTEMBER
                                          YEAR:      2014
                                          LATITUDE:   39 50 N
                                          LONGITUDE:  89 41 W

  TEMPERATURE IN F:       :PCPN:    SNOW:  WIND      :SUNSHINE: SKY     :PK WND
================================================================================
1   2   3   4   5  6A  6B    7    8   9   10  11  12  13   14  15   16   17  18
                                     12Z  AVG MX 2MIN
DY MAX MIN AVG DEP HDD CDD  WTR  SNW DPTH SPD SPD DIR MIN PSBL S-S WX    SPD DR
================================================================================

 1  84  71  78   6   0  13 0.19  0.0    0 10.6 31 170   M    M   2 13     42 170
 2  84  68  76   4   0  11 0.10  0.0    0  5.0 15 150   M    M   5 13     20 150
 3  85  62  74   2   0   9 0.00  0.0    0  6.3 16 170   M    M   1 12     23 160
 4  93  73  83  12   0  18 0.00  0.0    0 10.1 20 190   M    M   2        26 190
 5  95  63  79   8   0  14 0.78  0.0    0  8.6 32 310   M    M   3 13     46 310
 6  76  55  66  -5   0   1    T  0.0    0  6.9 14 340   M    M   3        19  20
 7  79  51  65  -5   0   0 0.00  0.0    0  3.3 13  70   M    M   0        15  60
 8  81  52  67  -3   0   2 0.00  0.0    0  4.7 17 180   M    M   1        24 180
 9  72  64  68  -2   0   3 0.60  0.0    0  7.0 18  80   M    M   6 13     24 200
10  81  63  72   3   0   7 2.38  0.0    0 11.3 24 210   M    M  10 13     38 210
11  63  53  58 -11   7   0 0.00  0.0    0  8.4 15  50   M    M  10 1      18 340
12  59  46  53 -15  12   0 0.04  0.0    0  8.7 18 360   M    M  10 1      25 360
13  65  41  53 -15  12   0 0.00  0.0    0  3.7 13  30   M    M   1 1      17 350
14  70  40  55 -13  10   0 0.00  0.0    0  1.7  8 160   M    M   0        11 140
15  62  50  56 -11   9   0 0.88  0.0    0  5.9 18 130   M    M   8 13     23 360
16  68  48  58  -9   7   0 0.00  0.0    0  3.4  9  20   M    M   4 1      13 350
17  68  46  57  -9   8   0 0.00  0.0    0  3.4 12 140   M    M   5 13     15 150
18  77  47  62  -4   3   0 0.00  0.0    0  5.1 12 100   M    M   0 1      17 100
19  78  49  64  -2   1   0 0.00  0.0    0  6.8 15 130   M    M   0        21 180
20  85  62  74   9   0   9 0.21  0.0    0  8.6 16 280   M    M   3 138    26 200
21  76  54  65   0   0   0 0.00  0.0    0 10.3 21 340   M    M   2 1      30 320
================================================================================
SM 1601 1158        69  87  5.18     0.0 139.8          M       76
================================================================================
AV 76.2 55.1                               6.7 FASTST   M    M   4    MAX(MPH)
                                 MISC ---->  # 32 310               # 46  310
================================================================================
NOTES:
# LAST OF SEVERAL OCCURRENCES

COLUMN 17 PEAK WIND IN M.P.H.

PRELIMINARY LOCAL CLIMATOLOGICAL DATA (WS FORM: F-6) , PAGE 2

                                          STATION:  SPRINGFIELD IL
                                          MONTH:    SEPTEMBER
                                          YEAR:     2014
                                          LATITUDE:   39 50 N
                                          LONGITUDE:  89 41 W

[TEMPERATURE DATA]      [PRECIPITATION DATA]       SYMBOLS USED IN COLUMN 16

AVERAGE MONTHLY: 65.7   TOTAL FOR MONTH:   5.18    1 = FOG OR MIST
DPTR FM NORMAL:  -3.0   DPTR FM NORMAL:    3.14    2 = FOG REDUCING VISIBILITY
HIGHEST:    95 ON  5    GRTST 24HR  2.60 ON  9-10      TO 1/4 MILE OR LESS
LOWEST:     40 ON 14                               3 = THUNDER
                        SNOW, ICE PELLETS, HAIL    4 = ICE PELLETS
                        TOTAL MONTH:   0.0 INCH    5 = HAIL
                        GRTST 24HR     0.0         6 = FREEZING RAIN OR DRIZZLE
                        GRTST DEPTH:   0           7 = DUSTSTORM OR SANDSTORM:
                                                       VSBY 1/2 MILE OR LESS
                                                   8 = SMOKE OR HAZE
[NO. OF DAYS WITH]      [WEATHER - DAYS WITH]      9 = BLOWING SNOW
                                                   X = TORNADO
MAX 32 OR BELOW:   0    0.01 INCH OR MORE:   8
MAX 90 OR ABOVE:   2    0.10 INCH OR MORE:   7
MIN 32 OR BELOW:   0    0.50 INCH OR MORE:   4
MIN  0 OR BELOW:   0    1.00 INCH OR MORE:   1

[HDD (BASE 65) ]
TOTAL THIS MO.    69    CLEAR  (SCALE 0-3)  12
DPTR FM NORMAL    37    PTCLDY (SCALE 4-7)   6
TOTAL FM JUL 1    72    CLOUDY (SCALE 8-10)  3
DPTR FM NORMAL    35

[CDD (BASE 65) ]
TOTAL THIS MO.    87
DPTR FM NORMAL   -20    [PRESSURE DATA]
TOTAL FM JAN 1  1120    HIGHEST SLP M ON M
DPTR FM NORMAL    43    LOWEST  SLP 29.57 ON 10

[REMARKS]
