000
CXUS54 KLZK 241130
CF6SRC
PRELIMINARY LOCAL CLIMATOLOGICAL DATA (WS FORM: F-6)

                                          STATION:   Searcy Airport
                                          MONTH:     JULY
                                          YEAR:      2017
                                          LATITUDE:   35 12 N
                                          LONGITUDE:  91 44 W

  TEMPERATURE IN F:       :PCPN:    SNOW:  WIND      :SUNSHINE: SKY     :PK WND
================================================================================
1   2   3   4   5  6A  6B    7    8   9   10  11  12  13   14  15   16   17  18
                                     12Z  AVG MX 2MIN
DY MAX MIN AVG DEP HDD CDD  WTR  SNW DPTH SPD SPD DIR MIN PSBL S-S WX    SPD DR
================================================================================

 1  90  68  79  -1   0  14 0.03  0.0    0  5.3 14 280   M    M   3 3      28 280
 2  91  68  80  -1   0  15 0.00  0.0    0  4.5  9 190   M    M   3 1       M  M
 3  87  70  79  -2   0  14 0.82  0.0    0  3.9  9 250   M    M   6 13      M  M
 4  84  71  78  -3   0  13 1.58  0.0    0  4.2  9  70   M    M   4 13      M  M
 5  84  70  77  -4   0  12 0.77  0.0    0  4.4 10 190   M    M   6 123     M  M
 6  90  72  81   0   0  16    T  0.0    M  5.1  9 320   M    M   5 1       M  M
 7  93  70  82   1   0  17    T  0.0    0  3.1  7 260   M    M   1 13      M  M
 8  91  70  81   0   0  16 0.74  0.0    0  2.4  7 110   M    M   3 13      M  M
 9  90  69  80  -1   0  15 0.00  0.0    0  3.4 12 180   M    M   1 12      M  M
10  91  67  79  -2   0  14 0.00  0.0    0  2.8 12 170   M    M   1 12      M  M
11  92  70  81   0   0  16 0.00  0.0    0  3.6 10 180   M    M   1 1       M  M
12  93  72  83   2   0  18 0.00  0.0    0  4.7 10 180   M    M   1 1       M  M
13  94  75  85   4   0  20 0.00  0.0    0  4.9  9 190   M    M   1         M  M
14  95  73  84   2   0  19 0.00  0.0    0  3.0  7 170   M    M   1 13      M  M
15  90  72  81  -1   0  16 0.00  0.0    0  5.4 10  50   M    M   2 1       M  M
16  93  72  83   1   0  18 0.00  0.0    0  4.2  9 120   M    M   3 1       M  M
17  93  70  82   0   0  17 0.00  0.0    0  2.1  8  90   M    M   1 1       M  M
18  94  68  81  -1   0  16 0.00  0.0    0  1.4  7  99   M    M   0 12      M  M
19  96  73  85   3   0  20 0.00  0.0    0  1.5  6 200   M    M   1 1       M  M
20  96  74  85   3   0  20 0.00  0.0    M  2.3  7 220   M    M   1 1       M  M
21  97  75  86   4   0  21 0.00  0.0    0  3.0  8 180   M    M   1 12      M  M
22  97  74  86   4   0  21 0.00  0.0    0  4.2  9 200   M    M   0 1       M  M
23  96  73  85   3   0  20 0.85  0.0    0  2.5  7 180   M    M   2 123     M  M
================================================================================
SM 2117 1636         0 388  4.79     0.0  81.9          M       48
================================================================================
AV 92.0 71.1                               3.6 FASTST   M    M   2    MAX(MPH)
                                 MISC ---->  # 14 280               # 28  280
================================================================================
NOTES:
# LAST OF SEVERAL OCCURRENCES

COLUMN 17 PEAK WIND IN M.P.H.

PRELIMINARY LOCAL CLIMATOLOGICAL DATA (WS FORM: F-6) , PAGE 2

                                          STATION:  Searcy Airport
                                          MONTH:    JULY
                                          YEAR:     2017
                                          LATITUDE:   35 12 N
                                          LONGITUDE:  91 44 W

[TEMPERATURE DATA]      [PRECIPITATION DATA]       SYMBOLS USED IN COLUMN 16

AVERAGE MONTHLY: 81.6   TOTAL FOR MONTH:   4.79    1 = FOG OR MIST
DPTR FM NORMAL:   0.2   DPTR FM NORMAL:    2.03    2 = FOG REDUCING VISIBILITY
HIGHEST:    97 ON 22,21 GRTST 24HR  1.58 ON  4- 4      TO 1/4 MILE OR LESS
LOWEST:     67 ON 10                               3 = THUNDER
                        SNOW, ICE PELLETS, HAIL    4 = ICE PELLETS
                        TOTAL MONTH:   0.0 INCH    5 = HAIL
                        GRTST 24HR     0.0         6 = FREEZING RAIN OR DRIZZLE
                        GRTST DEPTH:   0           7 = DUSTSTORM OR SANDSTORM:
                                                       VSBY 1/2 MILE OR LESS
                                                   8 = SMOKE OR HAZE
[NO. OF DAYS WITH]      [WEATHER - DAYS WITH]      9 = BLOWING SNOW
                                                   X = TORNADO
MAX 32 OR BELOW:   0    0.01 INCH OR MORE:   6
MAX 90 OR ABOVE:  20    0.10 INCH OR MORE:   5
MIN 32 OR BELOW:   0    0.50 INCH OR MORE:   5
MIN  0 OR BELOW:   0    1.00 INCH OR MORE:   1

[HDD (BASE 65) ]
TOTAL THIS MO.     0    CLEAR  (SCALE 0-3)  18
DPTR FM NORMAL     0    PTCLDY (SCALE 4-7)   5
TOTAL FM JUL 1     0    CLOUDY (SCALE 8-10)  0
DPTR FM NORMAL     0

[CDD (BASE 65) ]
TOTAL THIS MO.   388
DPTR FM NORMAL    12    [PRESSURE DATA]
TOTAL FM JAN 1   957    HIGHEST SLP M ON M
DPTR FM NORMAL   -31    LOWEST  SLP M ON M

[REMARKS]
