000
CXUS54 KEPZ 271200
CF6SRR
PRELIMINARY LOCAL CLIMATOLOGICAL DATA (WS FORM: F-6)

                                          STATION:   RUIDOSO        AWOS
                                          MONTH:     MAY
                                          YEAR:      2015
                                          LATITUDE:   33 28 N
                                          LONGITUDE: 105 32 W

  TEMPERATURE IN F:       :PCPN:    SNOW:  WIND      :SUNSHINE: SKY     :PK WND
================================================================================
1   2   3   4   5  6A  6B    7    8   9   10  11  12  13   14  15   16   17  18
                                     12Z  AVG MX 2MIN
DY MAX MIN AVG DEP HDD CDD  WTR  SNW DPTH SPD SPD DIR MIN PSBL S-S WX    SPD DR
================================================================================

 1  73  50  62   M   3   0 0.00  0.0    0  9.9 17 130   M    M   2        23 130
 2  75  48  62   M   3   0    T  0.0    0  6.8 15 230   M    M   2        25 220
 3  73  52  63   M   2   0 0.00  0.0    0  9.0 20 240   M    M   2        29 230
 4  59  46  53   M  12   0 0.02    M    0  9.0 20 230   M    M   5 3      31 230
 5  61  41  51   M  14   0 0.01  0.0    0 12.5 30 230   M    M   1        39 230
 6  66  41  54   M  11   0 0.00  0.0    0  8.7 21 230   M    M   0        30 220
 7  68  46  57   M   8   0 0.00  0.0    0  8.0 18 230   M    M   0        28 240
 8  68  46  57   M   8   0 0.00  0.0    0 14.6 28 230   M    M   0        35 230
 9  59  45  52   M  13   0 0.00  0.0    0 22.3 39 230   M    M   0        51 240
10  64  39  52   M  13   0 0.00  0.0    0 12.1 27 300   M    M   0        36 300
11  63  39  51   M  14   0 0.00  0.0    0 10.9 18 120   M    M   1        27 120
12  54  43  49   M  16   0 0.02    M    0  9.6 16 130   M    M  10 12     21 130
13  63  43  53   M  12   0 0.01    M    0 10.5 20 310   M    M   4        29 310
14  68  48  58   M   7   0 0.00  0.0    0 12.1 24 220   M    M   2        36 230
15  64  45  55   M  10   0 0.01    M    0 13.5 27 240   M    M   3 3      38 210
16  57  41  49   M  16   0    T  0.0    0 17.2 33 230   M    M   2 8      45 230
17  64  39  52   M  13   0 0.00  0.0    0  9.3 17 240   M    M   1        29 290
18  72  43  58   M   7   0 0.00  0.0    0 14.4 27 110   M    M   2        35 110
19  70  48  59   M   6   0 0.00  0.0    0 13.4 24 240   M    M   1 2      33 210
20  64  39  52   M  13   0 0.00  0.0    0  9.3 15 110   M    M   2 12     23 140
21  48  41  45   M  20   0 0.01    M    0 10.6 17 150   M    M  10 123    20 130
22  64  39  52   M  13   0 0.00  0.0    0  9.9 20 130   M    M   5 23     25 140
23  66  45  56   M   9   0 0.00  0.0    0 16.5 31 230   M    M   0        47 220
24  66  45  56   M   9   0 0.00  0.0    0 11.7 20 220   M    M   0        25 210
25  68  45  57   M   8   0 0.00  0.0    0 10.1 18 290   M    M   1        29 290
26  70  46  58   M   7   0 0.00  0.0    0 10.4 16 340   M    M   1        25 340
================================================================================
SM 1687 1143       267   0  0.08     0.0 302.3          M       57
================================================================================
AV 64.9 44.0                              11.6 FASTST   M    M   2    MAX(MPH)
                                 MISC ---->    39   M                 51    M
================================================================================
NOTES:
# LAST OF SEVERAL OCCURRENCES

COLUMN 17 PEAK WIND IN M.P.H.

PRELIMINARY LOCAL CLIMATOLOGICAL DATA (WS FORM: F-6) , PAGE 2

                                          STATION:  RUIDOSO        AWOS
                                          MONTH:    MAY
                                          YEAR:     2015
                                          LATITUDE:   33 28 N
                                          LONGITUDE: 105 32 W

[TEMPERATURE DATA]      [PRECIPITATION DATA]       SYMBOLS USED IN COLUMN 16

AVERAGE MONTHLY: 54.4   TOTAL FOR MONTH:   0.08    1 = FOG OR MIST
DPTR FM NORMAL:     M   DPTR FM NORMAL:       M    2 = FOG REDUCING VISIBILITY
HIGHEST:    75 ON  2    GRTST 24HR  0.02 ON 12-12      TO 1/4 MILE OR LESS
LOWEST:     39 ON 22,20                            3 = THUNDER
                        SNOW, ICE PELLETS, HAIL    4 = ICE PELLETS
                        TOTAL MONTH:   0.0 INCH    5 = HAIL
                        GRTST 24HR     0.0         6 = FREEZING RAIN OR DRIZZLE
                        GRTST DEPTH:   0           7 = DUSTSTORM OR SANDSTORM:
                                                       VSBY 1/2 MILE OR LESS
                                                   8 = SMOKE OR HAZE
[NO. OF DAYS WITH]      [WEATHER - DAYS WITH]      9 = BLOWING SNOW
                                                   X = TORNADO
MAX 32 OR BELOW:   0    0.01 INCH OR MORE:   6
MAX 90 OR ABOVE:   0    0.10 INCH OR MORE:   0
MIN 32 OR BELOW:   0    0.50 INCH OR MORE:   0
MIN  0 OR BELOW:   0    1.00 INCH OR MORE:   0

[HDD (BASE 65) ]
TOTAL THIS MO.   267    CLEAR  (SCALE 0-3)  20
DPTR FM NORMAL     M    PTCLDY (SCALE 4-7)   4
TOTAL FM JUL 1  4770    CLOUDY (SCALE 8-10)  2
DPTR FM NORMAL     M

[CDD (BASE 65) ]
TOTAL THIS MO.     0
DPTR FM NORMAL     M    [PRESSURE DATA]
TOTAL FM JAN 1     0    HIGHEST SLP M ON M
DPTR FM NORMAL     M    LOWEST  SLP M ON M

[REMARKS]
