000
CXUS53 KLSX 311600
CF6SUS
PRELIMINARY LOCAL CLIMATOLOGICAL DATA (WS FORM: F-6)

                                          STATION:   SPIRIT OF ST LOUIS MO
                                          MONTH:     OCTOBER
                                          YEAR:      2014
                                          LATITUDE:   38 39 N
                                          LONGITUDE:  90 38 W

  TEMPERATURE IN F:       :PCPN:    SNOW:  WIND      :SUNSHINE: SKY     :PK WND
================================================================================
1   2   3   4   5  6A  6B    7    8   9   10  11  12  13   14  15   16   17  18
                                     12Z  AVG MX 2MIN
DY MAX MIN AVG DEP HDD CDD  WTR  SNW DPTH SPD SPD DIR MIN PSBL S-S WX    SPD DR
================================================================================

 1  87  62  75  13   0  10 0.15  0.0    0  3.9 13 280   M    M   3 138    17 140
 2  76  64  70   8   0   5    M  0.0    0  6.0 25 250   M    M   8 13     33 250
 3  64  42  53  -8  12   0    M  0.0    0 11.1 29 290   M    M   7 1      38 290
 4  56  37  47 -14  18   0 0.00  0.0    0  8.9 24 290   M    M   3        31 280
 5  73  36  55  -6  10   0 0.00  0.0    0  4.2 23 290   M    M   5        30 260
 6  72  53  63   3   2   0 0.01  0.0    0  7.4 25 280   M    M   5        32 280
 7  77  47  62   2   3   0 0.02  0.0    0  6.9 22 290   M    M   5 3      33 290
 8  77  43  60   0   5   0    T  0.0    0  0.6  8 250   M    M   3 38     12 220
 9  61  56  59   0   6   0 1.32  0.0    0  5.4 13  90   M    M   9 13     16  90
10  57  50  54  -5  11   0 0.67  0.0    0  6.2 14  20   M    M  10 1      20  20
11  56  45  51  -8  14   0 0.00  0.0    0  3.0 10  40   M    M   7 1      13  40
12  62  47  55  -3  10   0 0.07  0.0    0  2.9  8 150   M    M  10 1      12 150
13  69  60  65   7   0   0    M  0.0    0  7.3 24 210   M    M   9 13     36 230
14  63  53  58   0   7   0 0.22  0.0    0 11.6 22 290   M    M  10 1      28 290
15  59  47  53  -5  12   0 0.02  0.0    0  5.9 16 290   M    M   9 12     23 300
16  73  43  58   1   7   0 0.00  0.0    0  3.5 12 240   M    M   4 12     15 240
17  68  48  58   1   7   0 0.00  0.0    0  8.9 23 300   M    M   1        29 300
18  63  40  52  -5  13   0 0.00  0.0    0  6.0 14  10   M    M   3 1      22 350
19  64  35  50  -6  15   0 0.00  0.0    0  2.1 10 240   M    M   5 12     15 210
20  74  46  60   4   5   0 0.00  0.0    0  6.1 16 320   M    M   2        22 310
21  68  40  54  -2  11   0 0.00  0.0    0  2.3 12  30   M    M   0 1      15 360
22  63  35  49  -6  16   0 0.00  0.0    0  2.2  9 100   M    M   0 1      13 120
23  65  34  50  -5  15   0 0.00  0.0    0  2.0 10 200   M    M   6 1      17 190
24  74  47  61   6   4   0 0.00  0.0    0  3.4 12 220   M    M   5 18     16 220
25  81  50  66  12   0   1 0.00  0.0    0  2.2 10 240   M    M   1 12     15 240
26  77  44  61   7   4   0 0.00  0.0    0  3.8 13 110   M    M   0 12     16 120
27  83  59  71  17   0   6    T  0.0    0  9.8 22 210   M    M   5 13     31 210
28  70  42  56   3   9   0 0.41  0.0    0  8.0 21 310   M    M   5 13     25 310
29  58  36  47  -6  18   0 0.00  0.0    0  4.6 17 300   M    M   0        21 320
30  60  33  47  -6  18   0 0.02  0.0    0  1.1 10 150   M    M   6 1      14 120
================================================================================
SM 2050 1374       252  22  2.91     0.0 157.3          M      146
================================================================================
AV 68.3 45.8                               5.2 FASTST   M    M   5    MAX(MPH)
                                 MISC ---->  # 29 290               # 38  290
================================================================================
NOTES:
# LAST OF SEVERAL OCCURRENCES

COLUMN 17 PEAK WIND IN M.P.H.

PRELIMINARY LOCAL CLIMATOLOGICAL DATA (WS FORM: F-6) , PAGE 2

                                          STATION:  SPIRIT OF ST LOUIS MO
                                          MONTH:    OCTOBER
                                          YEAR:     2014
                                          LATITUDE:   38 39 N
                                          LONGITUDE:  90 38 W

[TEMPERATURE DATA]      [PRECIPITATION DATA]       SYMBOLS USED IN COLUMN 16

AVERAGE MONTHLY: 57.1   TOTAL FOR MONTH:   2.91    1 = FOG OR MIST
DPTR FM NORMAL:  -0.3   DPTR FM NORMAL:   -0.73    2 = FOG REDUCING VISIBILITY
HIGHEST:    87 ON  1    GRTST 24HR  1.39 ON  9-10      TO 1/4 MILE OR LESS
LOWEST:     33 ON 30                               3 = THUNDER
                        SNOW, ICE PELLETS, HAIL    4 = ICE PELLETS
                        TOTAL MONTH:   0.0 INCH    5 = HAIL
                        GRTST 24HR     0.0         6 = FREEZING RAIN OR DRIZZLE
                        GRTST DEPTH:   0           7 = DUSTSTORM OR SANDSTORM:
                                                       VSBY 1/2 MILE OR LESS
                                                   8 = SMOKE OR HAZE
[NO. OF DAYS WITH]      [WEATHER - DAYS WITH]      9 = BLOWING SNOW
                                                   X = TORNADO
MAX 32 OR BELOW:   0    0.01 INCH OR MORE:  10
MAX 90 OR ABOVE:   0    0.10 INCH OR MORE:   5
MIN 32 OR BELOW:   0    0.50 INCH OR MORE:   2
MIN  0 OR BELOW:   0    1.00 INCH OR MORE:   1

[HDD (BASE 65) ]
TOTAL THIS MO.   252    CLEAR  (SCALE 0-3)  10
DPTR FM NORMAL    -7    PTCLDY (SCALE 4-7)  14
TOTAL FM JUL 1   318    CLOUDY (SCALE 8-10)  6
DPTR FM NORMAL     1

[CDD (BASE 65) ]
TOTAL THIS MO.    22
DPTR FM NORMAL    -8    [PRESSURE DATA]
TOTAL FM JAN 1  1259    HIGHEST SLP M ON M
DPTR FM NORMAL  -100    LOWEST  SLP 29.42 ON 14

[REMARKS]
