000
CXUS51 KBGM 200800
CF6SYR
PRELIMINARY LOCAL CLIMATOLOGICAL DATA (WS FORM: F-6)

                                          STATION:   SYRACUSE NY
                                          MONTH:     JANUARY
                                          YEAR:      2017
                                          LATITUDE:   43  7 N
                                          LONGITUDE:  76  7 W

  TEMPERATURE IN F:       :PCPN:    SNOW:  WIND      :SUNSHINE: SKY     :PK WND
================================================================================
1   2   3   4   5  6A  6B    7    8   9   10  11  12  13   14  15   16   17  18
                                     12Z  AVG MX 2MIN
DY MAX MIN AVG DEP HDD CDD  WTR  SNW DPTH SPD SPD DIR MIN PSBL S-S WX    SPD DR
================================================================================

 1  39  22  31   6  34   0    T    T    4 11.2 29 260   M    M   6        35 270
 2  34  19  27   2  38   0 0.01  0.0    1  8.1 14  80   M    M   8        18  80
 3  38  34  36  12  29   0 0.58  0.0    T  9.3 16  80   M    M  10 1      22  90
 4  40  20  30   6  35   0 0.04  0.1    0 18.9 37 260   M    M   8 1      49 250
 5  25  19  22  -2  43   0 0.05  1.3    0 15.1 30 250   M    M   8 1      36 260
 6  20   7  14 -10  51   0    T    T    1 11.5 24 250   M    M   4        28 250
 7  22   9  16  -8  49   0    T    T    1  6.9 22 240   M    M   8        26 240
 8  18   7  13 -11  52   0 0.10  2.4    1 11.0 23 290   M    M   8 189    30 300
 9  22   7  15  -9  50   0    T  0.2    3  6.4 16 160   M    M   9 1      21 160
10  34  10  22  -2  43   0 0.23  0.7    2 14.0 31 160   M    M   8 1468   38 140
11  49  34  42  18  23   0    T  0.0    2 13.7 37 180   M    M   7        48 200
12  54  35  45  22  20   0 0.27  0.0    T 14.4 25 330   M    M   9 1      35 170
13  35  19  27   4  38   0    T  0.1    0 13.3 25 280   M    M  10        34 280
14  26  13  20  -3  45   0 0.00  0.0    0  3.8  9  70   M    M   7        11  60
15  33  19  26   3  39   0    T    T    0  8.2 18 310   M    M   8        24 310
16  41  17  29   6  36   0 0.00  0.0    0  4.2 12 250   M    M   6        14 250
17  37  23  30   7  35   0 0.91  0.0    0  8.1 17  90   M    M  10 16     22  90
18  38  34  36  13  29   0 0.16  0.0    0  5.9 12 250   M    M  10 1      15 290
19  37  34  36  13  29   0    T  0.0    0  6.8 14 260   M    M  10 1      19 250
================================================================================
SM  642  382       718   0  2.35     4.8 190.8          M      154
================================================================================
AV 33.8 20.1                              10.0 FASTST   M    M   8    MAX(MPH)
                                 MISC ---->  # 37 260               # 49  250
================================================================================
NOTES:
# LAST OF SEVERAL OCCURRENCES

COLUMN 17 PEAK WIND IN M.P.H.

PRELIMINARY LOCAL CLIMATOLOGICAL DATA (WS FORM: F-6) , PAGE 2

                                          STATION:  SYRACUSE NY
                                          MONTH:    JANUARY
                                          YEAR:     2017
                                          LATITUDE:   43  7 N
                                          LONGITUDE:  76  7 W

[TEMPERATURE DATA]      [PRECIPITATION DATA]       SYMBOLS USED IN COLUMN 16

AVERAGE MONTHLY: 26.9   TOTAL FOR MONTH:   2.35    1 = FOG OR MIST
DPTR FM NORMAL:   3.3   DPTR FM NORMAL:    0.74    2 = FOG REDUCING VISIBILITY
HIGHEST:    54 ON 12    GRTST 24HR  1.03 ON 17-18      TO 1/4 MILE OR LESS
LOWEST:      7 ON  9, 8                            3 = THUNDER
                        SNOW, ICE PELLETS, HAIL    4 = ICE PELLETS
                        TOTAL MONTH:   4.8 INCHES  5 = HAIL
                        GRTST 24HR   2.4 ON   M    6 = FREEZING RAIN OR DRIZZLE
                        GRTST DEPTH:   4 ON  1     7 = DUSTSTORM OR SANDSTORM:
                                                       VSBY 1/2 MILE OR LESS
                                                   8 = SMOKE OR HAZE
[NO. OF DAYS WITH]      [WEATHER - DAYS WITH]      9 = BLOWING SNOW
                                                   X = TORNADO
MAX 32 OR BELOW:   6    0.01 INCH OR MORE:   9
MAX 90 OR ABOVE:   0    0.10 INCH OR MORE:   6
MIN 32 OR BELOW:  14    0.50 INCH OR MORE:   2
MIN  0 OR BELOW:   0    1.00 INCH OR MORE:   0

[HDD (BASE 65) ]
TOTAL THIS MO.   718    CLEAR  (SCALE 0-3)   0
DPTR FM NORMAL   -67    PTCLDY (SCALE 4-7)  10
TOTAL FM JUL 1  3003    CLOUDY (SCALE 8-10)  9
DPTR FM NORMAL  -235

[CDD (BASE 65) ]
TOTAL THIS MO.     0
DPTR FM NORMAL     0    [PRESSURE DATA]
TOTAL FM JAN 1     0    HIGHEST SLP 30.69 ON 14
DPTR FM NORMAL     0    LOWEST  SLP 29.42 ON  4

[REMARKS]
