000
CXUS54 KEWX 300910
CF6T82
PRELIMINARY LOCAL CLIMATOLOGICAL DATA (WS FORM: F-6)

                                          STATION:   FREDERICKSBURG
                                          MONTH:     APRIL
                                          YEAR:      2016
                                          LATITUDE:   30 15 N
                                          LONGITUDE:  98 55 W

  TEMPERATURE IN F:       :PCPN:    SNOW:  WIND      :SUNSHINE: SKY     :PK WND
================================================================================
1   2   3   4   5  6A  6B    7    8   9   10  11  12  13   14  15   16   17  18
                                     12Z  AVG MX 2MIN
DY MAX MIN AVG DEP HDD CDD  WTR  SNW DPTH SPD SPD DIR MIN PSBL S-S WX    SPD DR
================================================================================

 1  61  44  53   M  12   0 0.67    M    0  9.2 18  20   M    M   6 3      24  50
 2  67  35  51   M  14   0 0.00  0.0    0  4.5  9 320   M    M   1         M  M
 3  73  37  55   M  10   0 0.00  0.0    0  3.9 13 190   M    M   0         M  M
 4  80  41  61   M   4   0 0.00  0.0    0  3.6 12 200   M    M   0         M  M
 5  77  41  59   M   6   0 0.00  0.0    0  4.1 14 160   M    M   0        22 160
 6  74  56  65   M   0   0 0.00  0.0    0 10.1 23  10   M    M   2        30  10
 7  79  38  59   M   6   0 0.00  0.0    0  3.4 13 220   M    M   0        17 220
 8  74  47  61   M   4   0 0.00    M    0  4.1 13  90   M    M   0        18  90
 9  75  56  66   M   0   1 0.04    M    0  5.3 14 170   M    M   5 3      22 170
10  72  62  67   M   0   2 0.00  0.0    0 10.3 15 190   M    M  10        20 180
11  86  67  77   M   0  12 0.00    M    0  8.6 14 190   M    M   6 1      31 140
12  84  56  70   M   0   5 0.00  0.0    0  6.9 17  10   M    M   7 3      22  10
13  69  58  64   M   1   0 0.99  0.0    0  4.8 13 340   M    M   9 13     17  70
14  75  54  65   M   0   0 0.00    M    0  1.1  7  80   M    M   4 12      M  M
15  76  49  63   M   2   0 0.00    M    0  2.7  9 140   M    M   5 12     17 120
16  74  61  68   M   0   3 0.01  0.0    0  7.6 10 150   M    M   9 1      17 140
17  77  65  71   M   0   6 1.15  0.0    0  8.4 14 140   M    M   9 3      24  70
18  69  61  65   M   0   0 1.21  0.0    0  5.9 24  70   M    M   0 3      41  70
19  73  57  65   M   0   0 0.00  0.0    0  2.2  7 100   M    M   3 12      M  M
20  78  58  68   M   0   3 0.21  0.0    0  2.2 16  10   M    M   7        27  10
21  77  56  67   M   0   2 0.87    M    M  4.8 20 330   M    M   5 3      20  40
22  77  51  64   M   1   0 0.00    M    M  2.5 10  20   M    M   1         M  M
23  77  50  64   M   1   0 0.00    M    0  2.4  8 140   M    M   0         M  M
24  77  60  69   M   0   4 0.00  0.0    0  6.5 13 200   M    M   4        20 170
25  86  66  76   M   0  11 0.00  0.0    0  7.8 12 190   M    M   7        16 190
26  83  67  75   M   0  10 0.00  0.0    0  9.7 18 190   M    M   9 1      23 190
27  82  53  68   M   0   3 0.36  0.0    0  5.0 23 330   M    M   3 138    35 330
28  81  51  66   M   0   1 0.00  0.0    0  4.6 12 170   M    M   3 1      17 160
29  85  71  78   M   0  13 0.00  0.0    0  9.3 15 180   M    M   9 18     24 190
================================================================================
SM 2218 1568        61  76  5.51     0.0 161.5          M      124
================================================================================
AV 76.5 54.1                               5.6 FASTST   M    M   4    MAX(MPH)
                                 MISC ---->    24   M                 41    M
================================================================================
NOTES:
# LAST OF SEVERAL OCCURRENCES

COLUMN 17 PEAK WIND IN M.P.H.

PRELIMINARY LOCAL CLIMATOLOGICAL DATA (WS FORM: F-6) , PAGE 2

                                          STATION:  FREDERICKSBURG
                                          MONTH:    APRIL
                                          YEAR:     2016
                                          LATITUDE:   30 15 N
                                          LONGITUDE:  98 55 W

[TEMPERATURE DATA]      [PRECIPITATION DATA]       SYMBOLS USED IN COLUMN 16

AVERAGE MONTHLY: 65.3   TOTAL FOR MONTH:   5.51    1 = FOG OR MIST
DPTR FM NORMAL:     M   DPTR FM NORMAL:       M    2 = FOG REDUCING VISIBILITY
HIGHEST:    86 ON 25,11 GRTST 24HR  1.21 ON 18-18      TO 1/4 MILE OR LESS
LOWEST:     35 ON  2                               3 = THUNDER
                        SNOW, ICE PELLETS, HAIL    4 = ICE PELLETS
                        TOTAL MONTH:   0.0 INCH    5 = HAIL
                        GRTST 24HR     0.0         6 = FREEZING RAIN OR DRIZZLE
                        GRTST DEPTH:   0           7 = DUSTSTORM OR SANDSTORM:
                                                       VSBY 1/2 MILE OR LESS
                                                   8 = SMOKE OR HAZE
[NO. OF DAYS WITH]      [WEATHER - DAYS WITH]      9 = BLOWING SNOW
                                                   X = TORNADO
MAX 32 OR BELOW:   0    0.01 INCH OR MORE:   9
MAX 90 OR ABOVE:   0    0.10 INCH OR MORE:   7
MIN 32 OR BELOW:   0    0.50 INCH OR MORE:   5
MIN  0 OR BELOW:   0    1.00 INCH OR MORE:   2

[HDD (BASE 65) ]
TOTAL THIS MO.    61    CLEAR  (SCALE 0-3)  12
DPTR FM NORMAL     M    PTCLDY (SCALE 4-7)  11
TOTAL FM JUL 1  1754    CLOUDY (SCALE 8-10)  6
DPTR FM NORMAL     M

[CDD (BASE 65) ]
TOTAL THIS MO.    76
DPTR FM NORMAL     M    [PRESSURE DATA]
TOTAL FM JAN 1   117    HIGHEST SLP M ON M
DPTR FM NORMAL     M    LOWEST  SLP M ON M

[REMARKS]
