000
CXUS54 KFWD 290730
CF6TKI
PRELIMINARY LOCAL CLIMATOLOGICAL DATA (WS FORM: F-6)

                                          STATION:   MCKINNEY
                                          MONTH:     MARCH
                                          YEAR:      2017
                                          LATITUDE:   33 10 N
                                          LONGITUDE:  96 35 W

  TEMPERATURE IN F:       :PCPN:    SNOW:  WIND      :SUNSHINE: SKY     :PK WND
================================================================================
1   2   3   4   5  6A  6B    7    8   9   10  11  12  13   14  15   16   17  18
                                     12Z  AVG MX 2MIN
DY MAX MIN AVG DEP HDD CDD  WTR  SNW DPTH SPD SPD DIR MIN PSBL S-S WX    SPD DR
================================================================================

 1  72  42  57   5   8   0 0.00  0.0    0 14.9 28 350   M    M   0        35 360
 2  65  31  48  -4  17   0 0.00  0.0    0  2.5 10 130   M    M   0        14 100
 3  69  34  52   0  13   0 0.00  0.0    0  5.8 18 170   M    M   0        23 150
 4  60  42  51  -1  14   0 0.05  0.0    0 10.0 26 160   M    M   8 1      34 160
 5  62  51  57   4   8   0 0.15  0.0    0 10.0 18 160   M    M  10 1      24 160
 6  81  62  72  19   0   7    T  0.0    0 19.0 36 190   M    M   7 1      46 190
 7  75  41  58   5   7   0 0.12  0.0    0 10.6 29  10   M    M   4 13     37  10
 8  74  34  54   1  11   0 0.00  0.0    0  7.8 21 190   M    M   1        25 170
 9  75  55  65  11   0   0 0.00  0.0    0 10.4 22 190   M    M   6        27 190
10  70  57  64  10   1   0 0.00  0.0    0  7.5 18  20   M    M   8 12     21  20
11  69  46  58   4   7   0    T  0.0    0 10.8 24  50   M    M   9        28  50
12  52  41  47  -7  18   0 0.00  0.0    0  8.3 18  30   M    M   8        23  30
13  61  38  50  -4  15   0 0.01  0.0    0  9.7 22 360   M    M   5 1      28 360
14  61  31  46  -9  19   0 0.00  0.0    0  4.4 13  40   M    M   0        17  40
15  61  43  52  -3  13   0 0.00  0.0    0  9.3 15  20   M    M   5        19 170
16  70  49  60   5   5   0 0.00  0.0    0 14.1 23 180   M    M   8 1      29 180
17  77  62  70  15   0   5 0.00  0.0    0 15.2 26 190   M    M   9        33 180
18  78  62  70  14   0   5 0.00  0.0    0  7.2 15 190   M    M   5        19 150
19  81  57  69  13   0   4 0.00  0.0    0 10.6 22 180   M    M   1 1      30 160
20  88  64  76  20   0  11 0.00  0.0    0 15.2 26 200   M    M   1        33 190
21  84  59  72  16   0   7 0.00  0.0    0 12.4 24 180   M    M   0        30 170
22  76  60  68  12   0   3 0.00  0.0    0  9.4 17 130   M    M   3 1      22 140
23  83  62  73  16   0   8 0.00  0.0    0 19.9 33 160   M    M   2        42 160
24  74  54  64   7   1   0 0.31  0.0    0 16.0 30 170   M    M   5 13     39 170
25  69  49  59   2   6   0 0.00  0.0    0 10.1 24 280   M    M   2        33 280
26  81  46  64   7   1   0 0.16  0.0    0 11.2 26 160   M    M   2 3      34 180
27  70  54  62   4   3   0 0.00  0.0    0  7.8 22 190   M    M   5 1      29 190
28  78  53  66   8   0   1 0.00  0.0    0 10.4 25 160   M    M   8 1      31 160
================================================================================
SM 2016 1379       167  51  0.80     0.0 300.5          M      122
================================================================================
AV 72.0 49.3                              10.7 FASTST   M    M   4    MAX(MPH)
                                 MISC ---->  # 36 190               # 46  190
================================================================================
NOTES:
# LAST OF SEVERAL OCCURRENCES

COLUMN 17 PEAK WIND IN M.P.H.

PRELIMINARY LOCAL CLIMATOLOGICAL DATA (WS FORM: F-6) , PAGE 2

                                          STATION:  MCKINNEY
                                          MONTH:    MARCH
                                          YEAR:     2017
                                          LATITUDE:   33 10 N
                                          LONGITUDE:  96 35 W

[TEMPERATURE DATA]      [PRECIPITATION DATA]       SYMBOLS USED IN COLUMN 16

AVERAGE MONTHLY: 60.6   TOTAL FOR MONTH:   0.80    1 = FOG OR MIST
DPTR FM NORMAL:   5.8   DPTR FM NORMAL:   -2.36    2 = FOG REDUCING VISIBILITY
HIGHEST:    88 ON 20    GRTST 24HR  0.31 ON 24-24      TO 1/4 MILE OR LESS
LOWEST:     31 ON 14, 2                            3 = THUNDER
                        SNOW, ICE PELLETS, HAIL    4 = ICE PELLETS
                        TOTAL MONTH:   0.0 INCH    5 = HAIL
                        GRTST 24HR     0.0         6 = FREEZING RAIN OR DRIZZLE
                        GRTST DEPTH:   0           7 = DUSTSTORM OR SANDSTORM:
                                                       VSBY 1/2 MILE OR LESS
                                                   8 = SMOKE OR HAZE
[NO. OF DAYS WITH]      [WEATHER - DAYS WITH]      9 = BLOWING SNOW
                                                   X = TORNADO
MAX 32 OR BELOW:   0    0.01 INCH OR MORE:   6
MAX 90 OR ABOVE:   0    0.10 INCH OR MORE:   4
MIN 32 OR BELOW:   2    0.50 INCH OR MORE:   0
MIN  0 OR BELOW:   0    1.00 INCH OR MORE:   0

[HDD (BASE 65) ]
TOTAL THIS MO.   167    CLEAR  (SCALE 0-3)  11
DPTR FM NORMAL  -135    PTCLDY (SCALE 4-7)  14
TOTAL FM JUL 1  1620    CLOUDY (SCALE 8-10)  3
DPTR FM NORMAL  -860

[CDD (BASE 65) ]
TOTAL THIS MO.    51
DPTR FM NORMAL    41    [PRESSURE DATA]
TOTAL FM JAN 1    78    HIGHEST SLP M ON M
DPTR FM NORMAL    63    LOWEST  SLP 29.61 ON M

[REMARKS]
