000
CXUS53 KTOP 200800
CF6TOP
PRELIMINARY LOCAL CLIMATOLOGICAL DATA (WS FORM: F-6)

                                          STATION:   Topeka KS
                                          MONTH:     JULY
                                          YEAR:      2017
                                          LATITUDE:   39  4 N
                                          LONGITUDE:  95 38 W

  TEMPERATURE IN F:       :PCPN:    SNOW:  WIND      :SUNSHINE: SKY     :PK WND
================================================================================
1   2   3   4   5  6A  6B    7    8   9   10  11  12  13   14  15   16   17  18
                                     12Z  AVG MX 2MIN
DY MAX MIN AVG DEP HDD CDD  WTR  SNW DPTH SPD SPD DIR MIN PSBL S-S WX    SPD DR
================================================================================

 1  87  60  74  -4   0   9 0.00  0.0    0  3.7 10 160   M    M   0 1      15 130
 2  89  67  78   0   0  13 0.00  0.0    0  5.3 14 210   M    M   1        18 190
 3  85  69  77  -1   0  12 0.00  0.0    0  5.2 14 150   M    M   1        18 120
 4  79  69  74  -4   0   9 0.02  0.0    0  4.4 15 140   M    M   5 13     19 130
 5  88  65  77  -1   0  12    T  0.0    0  3.3 18  70   M    M   2 13     22  70
 6  92  66  79   0   0  14 0.00  0.0    0  3.8 12 210   M    M   1 12     16 260
 7  89  67  78  -1   0  13    T  0.0    0  6.2 17 350   M    M   0        23 340
 8  89  61  75  -4   0  10 0.00  0.0    0  4.3 14 150   M    M   0        18 140
 9  93  68  81   2   0  16 0.00  0.0    0  7.6 20 160   M    M   0        24 150
10  96  76  86   7   0  21 0.00  0.0    0  9.9 17 180   M    M   0        23 220
11  98  77  88   9   0  23 0.00  0.0    0 11.7 21 160   M    M   0        27 160
12  99  79  89  10   0  24 0.00  0.0    0 10.0 18 180   M    M   0        25 170
13  92  70  81   2   0  16 2.19  0.0    0  7.3 35 300   M    M   4 13     44 300
14  89  71  80   1   0  15    T  0.0    0  2.8  8  40   M    M   2 1      11  50
15  91  73  82   3   0  17 0.00  0.0    0  3.4 10  80   M    M   1        15  70
16  93  71  82   3   0  17 0.00  0.0    0  2.5  8 150   M    M   0        13 130
17  93  68  81   2   0  16 0.00  0.0    0  4.7 15 160   M    M   0        19 160
18  94  72  83   4   0  18 0.00  0.0    0  6.9 16 160   M    M   0        21 190
19  96  77  87   8   0  22 0.00  0.0    0  8.6 20 180   M    M   1 3      25 180
================================================================================
SM 1732 1326         0 297  2.21     0.0 111.6          M       18
================================================================================
AV 91.2 69.8                               5.9 FASTST   M    M   1    MAX(MPH)
                                 MISC ---->  # 35 300               # 44  300
================================================================================
NOTES:
# LAST OF SEVERAL OCCURRENCES

COLUMN 17 PEAK WIND IN M.P.H.

PRELIMINARY LOCAL CLIMATOLOGICAL DATA (WS FORM: F-6) , PAGE 2

                                          STATION:  Topeka KS
                                          MONTH:    JULY
                                          YEAR:     2017
                                          LATITUDE:   39  4 N
                                          LONGITUDE:  95 38 W

[TEMPERATURE DATA]      [PRECIPITATION DATA]       SYMBOLS USED IN COLUMN 16

AVERAGE MONTHLY: 80.5   TOTAL FOR MONTH:   2.21    1 = FOG OR MIST
DPTR FM NORMAL:   1.7   DPTR FM NORMAL:   -0.26    2 = FOG REDUCING VISIBILITY
HIGHEST:    99 ON 12    GRTST 24HR  2.19 ON 13-13      TO 1/4 MILE OR LESS
LOWEST:     60 ON  1                               3 = THUNDER
                        SNOW, ICE PELLETS, HAIL    4 = ICE PELLETS
                        TOTAL MONTH:   0.0 INCH    5 = HAIL
                        GRTST 24HR     0.0         6 = FREEZING RAIN OR DRIZZLE
                        GRTST DEPTH:   0           7 = DUSTSTORM OR SANDSTORM:
                                                       VSBY 1/2 MILE OR LESS
                                                   8 = SMOKE OR HAZE
[NO. OF DAYS WITH]      [WEATHER - DAYS WITH]      9 = BLOWING SNOW
                                                   X = TORNADO
MAX 32 OR BELOW:   0    0.01 INCH OR MORE:   2
MAX 90 OR ABOVE:  11    0.10 INCH OR MORE:   1
MIN 32 OR BELOW:   0    0.50 INCH OR MORE:   1
MIN  0 OR BELOW:   0    1.00 INCH OR MORE:   1

[HDD (BASE 65) ]
TOTAL THIS MO.     0    CLEAR  (SCALE 0-3)  17
DPTR FM NORMAL     0    PTCLDY (SCALE 4-7)   2
TOTAL FM JUL 1     0    CLOUDY (SCALE 8-10)  0
DPTR FM NORMAL     0

[CDD (BASE 65) ]
TOTAL THIS MO.   297
DPTR FM NORMAL    36    [PRESSURE DATA]
TOTAL FM JAN 1   750    HIGHEST SLP M ON M
DPTR FM NORMAL    79    LOWEST  SLP 29.75 ON 11

[REMARKS]
