000
CXUS55 KTBW 191000
CF6TPA
PRELIMINARY LOCAL CLIMATOLOGICAL DATA (WS FORM: F-6)

                                          STATION:   Tampa
                                          MONTH:     AUGUST
                                          YEAR:      2017
                                          LATITUDE:   27 58 N
                                          LONGITUDE:  82 32 W

  TEMPERATURE IN F:       :PCPN:    SNOW:  WIND      :SUNSHINE: SKY     :PK WND
================================================================================
1   2   3   4   5  6A  6B    7    8   9   10  11  12  13   14  15   16   17  18
                                     12Z  AVG MX 2MIN
DY MAX MIN AVG DEP HDD CDD  WTR  SNW DPTH SPD SPD DIR MIN PSBL S-S WX    SPD DR
================================================================================

 1  90  75  83   0   0  18 0.00  0.0    0  6.8 17 220   M    M   5        23 230
 2  85  74  80  -3   0  15 1.85  0.0    0  6.8 24 230   M    M   8 138    31 220
 3  92  77  85   2   0  20 0.46  0.0    0  5.5 28 220   M    M   6 138    37 220
 4  92  77  85   2   0  20 0.00  0.0    0  5.9 13 250   M    M   5 3      18 280
 5  92  78  85   2   0  20    T  0.0    0  4.1 26 220   M    M   7 3      31 210
 6  93  79  86   3   0  21 0.06  0.0    0  5.6 20 160   M    M   5 38     30 180
 7  93  80  87   4   0  22    T  0.0    0  6.4 13 120   M    M   4 3      17 150
 8  92  78  85   2   0  20 0.00  0.0    0  5.9 16 270   M    M   6 3      22 250
 9  93  79  86   3   0  21    T  0.0    0  5.1 14 350   M    M   5 3      18 360
10  94  81  88   5   0  23    T  0.0    0  4.9 15 270   M    M   6 3      24 290
11  95  79  87   4   0  22 0.03  0.0    0  6.3 16 280   M    M   7 38     23 280
12  92  77  85   2   0  20 0.35  0.0    0  5.1 14 290   M    M   7 13     28 270
13  89  80  85   2   0  20 0.02  0.0    0  5.8 14 190   M    M   7 38     17 200
14  93  82  88   5   0  23    T  0.0    0  6.3 14 250   M    M   5        18 240
15  93  83  88   5   0  23 0.00  0.0    0  7.7 14 270   M    M   5        24 280
16  93  81  87   4   0  22 0.26  0.0    0  4.6 24 350   M    M   5 3      31 360
17  91  80  86   3   0  21 0.24  0.0    0  3.4 16 360   M    M   6 13     21 360
18  90  79  85   2   0  20 0.01  0.0    0  4.9 21 230   M    M   6 3      29 240
================================================================================
SM 1652 1419         0 371  3.28     0.0 101.1          M      105
================================================================================
AV 91.8 78.8                               5.6 FASTST   M    M   6    MAX(MPH)
                                 MISC ---->  # 28 220               # 37  220
================================================================================
NOTES:
# LAST OF SEVERAL OCCURRENCES

COLUMN 17 PEAK WIND IN M.P.H.

PRELIMINARY LOCAL CLIMATOLOGICAL DATA (WS FORM: F-6) , PAGE 2

                                          STATION:  Tampa
                                          MONTH:    AUGUST
                                          YEAR:     2017
                                          LATITUDE:   27 58 N
                                          LONGITUDE:  82 32 W

[TEMPERATURE DATA]      [PRECIPITATION DATA]       SYMBOLS USED IN COLUMN 16

AVERAGE MONTHLY: 85.3   TOTAL FOR MONTH:   3.28    1 = FOG OR MIST
DPTR FM NORMAL:   2.3   DPTR FM NORMAL:   -1.21    2 = FOG REDUCING VISIBILITY
HIGHEST:    95 ON 11    GRTST 24HR  1.85 ON  2- 2      TO 1/4 MILE OR LESS
LOWEST:     74 ON  2                               3 = THUNDER
                        SNOW, ICE PELLETS, HAIL    4 = ICE PELLETS
                        TOTAL MONTH:   0.0 INCH    5 = HAIL
                        GRTST 24HR     0.0         6 = FREEZING RAIN OR DRIZZLE
                        GRTST DEPTH:   0           7 = DUSTSTORM OR SANDSTORM:
                                                       VSBY 1/2 MILE OR LESS
                                                   8 = SMOKE OR HAZE
[NO. OF DAYS WITH]      [WEATHER - DAYS WITH]      9 = BLOWING SNOW
                                                   X = TORNADO
MAX 32 OR BELOW:   0    0.01 INCH OR MORE:   9
MAX 90 OR ABOVE:  16    0.10 INCH OR MORE:   5
MIN 32 OR BELOW:   0    0.50 INCH OR MORE:   1
MIN  0 OR BELOW:   0    1.00 INCH OR MORE:   1

[HDD (BASE 65) ]
TOTAL THIS MO.     0    CLEAR  (SCALE 0-3)   0
DPTR FM NORMAL     0    PTCLDY (SCALE 4-7)  18
TOTAL FM JUL 1     0    CLOUDY (SCALE 8-10)  0
DPTR FM NORMAL     0

[CDD (BASE 65) ]
TOTAL THIS MO.   371
DPTR FM NORMAL    47    [PRESSURE DATA]
TOTAL FM JAN 1  2824    HIGHEST SLP M ON M
DPTR FM NORMAL   549    LOWEST  SLP 29.93 ON M

[REMARKS]
