000
CXUS53 KOAX 251200
CF6TQE
PRELIMINARY LOCAL CLIMATOLOGICAL DATA (WS FORM: F-6)

                                          STATION:   TEKAMAH  NE
                                          MONTH:     FEBRUARY
                                          YEAR:      2018
                                          LATITUDE:   41 46 N
                                          LONGITUDE:  96 11 W

  TEMPERATURE IN F:       :PCPN:    SNOW:  WIND      :SUNSHINE: SKY     :PK WND
================================================================================
1   2   3   4   5  6A  6B    7    8   9   10  11  12  13   14  15   16   17  18
                                     12Z  AVG MX 2MIN
DY MAX MIN AVG DEP HDD CDD  WTR  SNW DPTH SPD SPD DIR MIN PSBL S-S WX    SPD DR
================================================================================

 1  28   5  17  -7  48   0 0.00    M    M 14.5 29 340   M    M   0        36 340
 2  33   4  19  -5  46   0 0.00    M    M 12.2 26 180   M    M   4        32 190
 3  47  21  34  10  31   0    T    M    M 15.0 32 350   M    M   7        40 350
 4  21   1  11 -13  54   0    T    M    M 17.2 31 350   M    M   4 1      38 340
 5  15   2   9 -15  56   0 0.13    M    M 11.5 25 160   M    M   7 12     31 160
 6   8  -9   0 -24  65   0 0.01    M    M  3.8 15 350   M    M   7 18     17 350
 7  17  -2   8 -16  57   0 0.00    M    M  7.6 18 330   M    M   5        21 330
 8  23   2  13 -12  52   0    T    M    M  8.4 21  20   M    M   7 18     24  20
 9  17   6  12 -13  53   0 0.01    M    M 19.0 26 350   M    M  10 18     32  20
10   9   0   5 -20  60   0    T    M    M  8.0 15 360   M    M   5 1      18 340
11  20  -6   7 -18  58   0    T    M    M  5.3 13 340   M    M   2 1      15 280
12  17  -4   7 -19  58   0 0.00    M    M  9.4 17  90   M    M   2        21  90
13  35  13  24  -2  41   0 0.00    M    M 12.7 21 180   M    M   3        26 180
14  41  15  28   2  37   0 0.00    M    M  9.1 17 190   M    M   0 12     20 180
15  39  20  30   4  35   0 0.00    M    M 14.9 31 340   M    M   4 1      38 340
16  29   9  19  -7  46   0 0.00    M    M 12.7 28 340   M    M   1        35 340
17  43  25  34   7  31   0    T    M    M  9.2 23 320   M    M   4 1      29 320
18  53  27  40  13  25   0 0.00    M    M 16.5 39 180   M    M   1        50 190
19  33  20  27  -1  38   0    T    M    M 19.6 33 350   M    M  10 16     41 350
20  20  10  15 -13  50   0    M    M    M 17.1 29 310   M    M   7 16     36 320
21  25   5  15 -13  50   0 0.00    M    M  4.8 12 340   M    M   1        16 330
22  29  20  25  -3  40   0 0.17    M    M  6.4 13 110   M    M  10 16     18 130
23  28  18  23  -6  42   0 0.00    M    M  9.8 18 320   M    M   7 18     23 320
24  28  19  24  -5  41   0 0.07    M    M  7.4 23 300   M    M  10 16     31 280
================================================================================
SM  658  221      1114   0  0.39    M    272.1          M      118
================================================================================
AV 27.4  9.2                              11.3 FASTST   M    M   5    MAX(MPH)
                                 MISC ---->  # 39 180               # 50  190
================================================================================
NOTES:
# LAST OF SEVERAL OCCURRENCES

COLUMN 17 PEAK WIND IN M.P.H.

PRELIMINARY LOCAL CLIMATOLOGICAL DATA (WS FORM: F-6) , PAGE 2

                                          STATION:  TEKAMAH  NE
                                          MONTH:    FEBRUARY
                                          YEAR:     2018
                                          LATITUDE:   41 46 N
                                          LONGITUDE:  96 11 W

[TEMPERATURE DATA]      [PRECIPITATION DATA]       SYMBOLS USED IN COLUMN 16

AVERAGE MONTHLY: 18.3   TOTAL FOR MONTH:   0.39    1 = FOG OR MIST
DPTR FM NORMAL:  -7.6   DPTR FM NORMAL:    0.00    2 = FOG REDUCING VISIBILITY
HIGHEST:    53 ON 18    GRTST 24HR  0.17 ON 22-22      TO 1/4 MILE OR LESS
LOWEST:     -9 ON  6                               3 = THUNDER
                        SNOW, ICE PELLETS, HAIL    4 = ICE PELLETS
                        TOTAL MONTH:    M          5 = HAIL
                        GRTST 24HR    M  ON   M    6 = FREEZING RAIN OR DRIZZLE
                        GRTST DEPTH:  M  ON   M    7 = DUSTSTORM OR SANDSTORM:
                                                       VSBY 1/2 MILE OR LESS
                                                   8 = SMOKE OR HAZE
[NO. OF DAYS WITH]      [WEATHER - DAYS WITH]      9 = BLOWING SNOW
                                                   X = TORNADO
MAX 32 OR BELOW:  16    0.01 INCH OR MORE:   5
MAX 90 OR ABOVE:   0    0.10 INCH OR MORE:   2
MIN 32 OR BELOW:  24    0.50 INCH OR MORE:   0
MIN  0 OR BELOW:   5    1.00 INCH OR MORE:   0

[HDD (BASE 65) ]
TOTAL THIS MO.  1114    CLEAR  (SCALE 0-3)   8
DPTR FM NORMAL   175    PTCLDY (SCALE 4-7)  12
TOTAL FM JUL 1  4774    CLOUDY (SCALE 8-10)  4
DPTR FM NORMAL  -151

[CDD (BASE 65) ]
TOTAL THIS MO.     0
DPTR FM NORMAL     0    [PRESSURE DATA]
TOTAL FM JAN 1     0    HIGHEST SLP M ON M
DPTR FM NORMAL     0    LOWEST  SLP 29.54 ON 18

[REMARKS]
