000
CXUS53 KOAX 301000
CF6TQE
PRELIMINARY LOCAL CLIMATOLOGICAL DATA (WS FORM: F-6)

                                          STATION:   TEKAMAH, NEBRASKA
                                          MONTH:     JULY
                                          YEAR:      2015
                                          LATITUDE:   41 46 N
                                          LONGITUDE:  96 11 W

  TEMPERATURE IN F:       :PCPN:    SNOW:  WIND      :SUNSHINE: SKY     :PK WND
================================================================================
1   2   3   4   5  6A  6B    7    8   9   10  11  12  13   14  15   16   17  18
                                     12Z  AVG MX 2MIN
DY MAX MIN AVG DEP HDD CDD  WTR  SNW DPTH SPD SPD DIR MIN PSBL S-S WX    SPD DR
================================================================================

 1  84  66  75   0   0  10 0.02    M    M  8.5 18  10   M    M   4 13     23 360
 2  71  60  66  -9   0   1 0.06    M    M  5.6 13  80   M    M   8 1      15  80
 3  81  55  68  -7   0   3 0.00    M    M  3.5  8 230   M    M   2 1      12 130
 4  85  54  70  -5   0   5 0.00    M    M  6.5 15 180   M    M   0 1      21 190
 5  92  65  79   4   0  14 0.02    M    M 12.7 24 140   M    M   2 13     32 140
 6  81  60  71  -4   0   6 0.13    M    M 10.2 24 360   M    M   8 138    30  10
 7  75  53  64 -12   1   0 0.00    M    M  7.9 20  30   M    M   0        23  20
 8  77  50  64 -12   1   0 0.00    M    M  2.5  9 140   M    M   0        12 150
 9  84  57  71  -5   0   6 0.00    M    M  5.3 12 210   M    M   0        14 210
10  83  59  71  -5   0   6 0.00    M    M  8.4 20 130   M    M   2 1      25 130
11  92  68  80   4   0  15 0.08    M    M  7.1 17 130   M    M   5 3      24 200
12  95  75  85   9   0  20 0.00    M    M  8.2 16 190   M    M   0        23 180
13  96  72  84   8   0  19 0.00    M    M  6.4 20 310   M    M   0        29 330
14  95  68  82   6   0  17 0.00    M    M  5.5 13  30   M    M   0        16  20
15  76  70  73  -3   0   8 1.37    M    M  5.9 20 210   M    M   7 13     27 210
16  89  72  81   5   0  16 0.31    M    M  4.9 18 200   M    M   1 1      25 200
17  95  69  82   6   0  17    T    M    M  7.9 29 300   M    M   1 12     40 310
18  90  68  79   3   0  14 0.09    M    M  5.8 21 100   M    M   1 3      27 110
19  86  67  77   1   0  12 0.00    M    M  4.6 10 170   M    M   0        13 170
20  86  62  74  -2   0   9 0.06    M    M  8.6 20 330   M    M   3        27 320
21  84  58  71  -5   0   6 0.00    M    M  2.8  9  50   M    M   0        13  40
22  82  59  71  -5   0   6 0.00    M    M  4.7 10 150   M    M   0        15 140
23  89  59  74  -2   0   9 0.00    M    M  7.6 16 140   M    M   1        21 140
24  96  72  84   8   0  19 0.00    M    M  6.7 15 200   M    M   1        19 200
25  88  70  79   3   0  14 0.02    M    M  6.5 21 250   M    M   1        29 250
26  91  68  80   4   0  15 0.37    M    M  3.7 33 360   M    M   4 13     42 360
27  89  76  83   8   0  18    T    M    M  9.6 20 120   M    M   2 13     27 120
28  84  65  75   0   0  10 2.03    M    M 10.2 30 160   M    M   4 13     43 180
29  85  58  72  -3   0   7 0.00    M    M  4.7 14 290   M    M   0        17 290
================================================================================
SM 2501 1855         2 302  4.56    M    192.5          M       57
================================================================================
AV 86.2 64.0                               6.6 FASTST   M    M   2    MAX(MPH)
                                 MISC ---->  # 33 360               # 43  180
================================================================================
NOTES:
# LAST OF SEVERAL OCCURRENCES

COLUMN 17 PEAK WIND IN M.P.H.

PRELIMINARY LOCAL CLIMATOLOGICAL DATA (WS FORM: F-6) , PAGE 2

                                          STATION:  TEKAMAH, NEBRASKA
                                          MONTH:    JULY
                                          YEAR:     2015
                                          LATITUDE:   41 46 N
                                          LONGITUDE:  96 11 W

[TEMPERATURE DATA]      [PRECIPITATION DATA]       SYMBOLS USED IN COLUMN 16

AVERAGE MONTHLY: 75.1   TOTAL FOR MONTH:   4.56    1 = FOG OR MIST
DPTR FM NORMAL:  -0.6   DPTR FM NORMAL:    1.16    2 = FOG REDUCING VISIBILITY
HIGHEST:    96 ON 24,13 GRTST 24HR  2.03 ON 28-28      TO 1/4 MILE OR LESS
LOWEST:     50 ON  8                               3 = THUNDER
                        SNOW, ICE PELLETS, HAIL    4 = ICE PELLETS
                        TOTAL MONTH:    M          5 = HAIL
                        GRTST 24HR    M  ON   M    6 = FREEZING RAIN OR DRIZZLE
                        GRTST DEPTH:  M  ON   M    7 = DUSTSTORM OR SANDSTORM:
                                                       VSBY 1/2 MILE OR LESS
                                                   8 = SMOKE OR HAZE
[NO. OF DAYS WITH]      [WEATHER - DAYS WITH]      9 = BLOWING SNOW
                                                   X = TORNADO
MAX 32 OR BELOW:   0    0.01 INCH OR MORE:  12
MAX 90 OR ABOVE:   9    0.10 INCH OR MORE:   5
MIN 32 OR BELOW:   0    0.50 INCH OR MORE:   2
MIN  0 OR BELOW:   0    1.00 INCH OR MORE:   2

[HDD (BASE 65) ]
TOTAL THIS MO.     2    CLEAR  (SCALE 0-3)  21
DPTR FM NORMAL     2    PTCLDY (SCALE 4-7)   8
TOTAL FM JUL 1     2    CLOUDY (SCALE 8-10)  0
DPTR FM NORMAL     2

[CDD (BASE 65) ]
TOTAL THIS MO.   302
DPTR FM NORMAL    -9    [PRESSURE DATA]
TOTAL FM JAN 1   591    HIGHEST SLP 29.99 ON 15
DPTR FM NORMAL   -18    LOWEST  SLP 29.65 ON 17

[REMARKS]
