000
CXUS51 KPHI 290800
CF6TTN
PRELIMINARY LOCAL CLIMATOLOGICAL DATA (WS FORM: F-6)

                                          STATION:   TRENTON NJ
                                          MONTH:     NOVEMBER
                                          YEAR:      2014
                                          LATITUDE:   40 16 N
                                          LONGITUDE:  74 49 W

  TEMPERATURE IN F:       :PCPN:    SNOW:  WIND      :SUNSHINE: SKY     :PK WND
================================================================================
1   2   3   4   5  6A  6B    7    8   9   10  11  12  13   14  15   16   17  18
                                     12Z  AVG MX 2MIN
DY MAX MIN AVG DEP HDD CDD  WTR  SNW DPTH SPD SPD DIR MIN PSBL S-S WX    SPD DR
================================================================================

 1  50  43  47  -3  18   0 0.79    M    M 13.2 20 360   M    M  10 1      28  40
 2  48  39  44  -6  21   0 0.00    M    M 17.5 30 340   M    M   4        41 350
 3  60  37  49  -1  16   0 0.00    M    M  9.2 20 290   M    M   2        28 280
 4  70  48  59  10   6   0 0.00    M    M  6.6 15 260   M    M   3        19 260
 5  64  49  57   8   8   0    T    M    M  3.9 15 300   M    M   2        20 310
 6  52  47  50   1  15   0 0.40    M    M  3.9 10 310   M    M   8 1      15 300
 7  52  37  45  -3  20   0    T    M    M 11.1 25 310   M    M   5 1      37 310
 8  48  30  39  -9  26   0 0.00    M    M  6.6 14 220   M    M   0        18 210
 9  56  36  46  -2  19   0 0.00    M    M  4.0 16 260   M    M   4        21 270
10  61  32  47  -1  18   0 0.00    M    M  3.0 10 180   M    M   0        14 170
11  69  39  54   7  11   0 0.00    M    M  4.9 13 160   M    M   6 128    16 180
12  67  43  55   8  10   0 0.00    M    M  5.5 17 300   M    M   6 128    23 300
13  46  33  40  -7  25   0 0.19    M    M  4.4 10 300   M    M   6 1      15 300
14  41  31  36 -10  29   0 0.05    M    M  8.0 18 340   M    M   5 1      26 280
15  43  28  36 -10  29   0 0.00    M    M  5.9 15 310   M    M   1        29 310
16  43  25  34 -12  31   0 0.04    M    M  4.2 13 220   M    M   8 18     16 230
17  47  38  43  -2  22   0 1.19    M    M  5.3 18 300   M    M  10 1      28 320
18  43  22  33 -12  32   0 0.00    M    M 13.2 24 300   M    M   1        37 280
19  32  19  26 -19  39   0 0.00    M    M  8.9 15 220   M    M   1        26 210
20  47  25  36  -8  29   0 0.00    M    M  8.2 18 320   M    M   4        31 290
21  36  24  30 -14  35   0 0.00    M    M  9.2 20 310   M    M   0        29 320
22  43  19  31 -13  34   0 0.00    M    M  7.4 17 230   M    M   4        26 220
23  56  36  46   3  19   0 0.00    M    M  5.9 13 210   M    M   4        16 210
24  71  51  61  18   4   0 0.47    M    M 17.4 29 180   M    M   6 1      43 180
25  67  43  55  12  10   0 0.00    M    M  6.8 17 300   M    M   1 8      24 270
26  47  33  40  -2  25   0 1.05    M    M  9.1 18 360   M    M   9 1      27 360
27  36  30  33  -9  32   0 0.01    M    M  5.9 12 300   M    M   8 1      15 300
28  37  23  30 -12  35   0 0.00    M    M  6.7 18 300   M    M   3        26 310
================================================================================
SM 1432  960       618   0  4.19    M    215.9          M      121
================================================================================
AV 51.1 34.3                               7.7 FASTST   M    M   4    MAX(MPH)
                                 MISC ---->  # 30 340               # 43  180
================================================================================
NOTES:
# LAST OF SEVERAL OCCURRENCES

COLUMN 17 PEAK WIND IN M.P.H.

PRELIMINARY LOCAL CLIMATOLOGICAL DATA (WS FORM: F-6) , PAGE 2

                                          STATION:  TRENTON NJ
                                          MONTH:    NOVEMBER
                                          YEAR:     2014
                                          LATITUDE:   40 16 N
                                          LONGITUDE:  74 49 W

[TEMPERATURE DATA]      [PRECIPITATION DATA]       SYMBOLS USED IN COLUMN 16

AVERAGE MONTHLY: 42.7   TOTAL FOR MONTH:   4.19    1 = FOG OR MIST
DPTR FM NORMAL:  -3.4   DPTR FM NORMAL:    1.15    2 = FOG REDUCING VISIBILITY
HIGHEST:    71 ON 24    GRTST 24HR  1.22 ON 16-17      TO 1/4 MILE OR LESS
LOWEST:     19 ON 22,19                            3 = THUNDER
                        SNOW, ICE PELLETS, HAIL    4 = ICE PELLETS
                        TOTAL MONTH:    M          5 = HAIL
                        GRTST 24HR    M  ON   M    6 = FREEZING RAIN OR DRIZZLE
                        GRTST DEPTH:  M  ON   M    7 = DUSTSTORM OR SANDSTORM:
                                                       VSBY 1/2 MILE OR LESS
                                                   8 = SMOKE OR HAZE
[NO. OF DAYS WITH]      [WEATHER - DAYS WITH]      9 = BLOWING SNOW
                                                   X = TORNADO
MAX 32 OR BELOW:   1    0.01 INCH OR MORE:   9
MAX 90 OR ABOVE:   0    0.10 INCH OR MORE:   6
MIN 32 OR BELOW:  12    0.50 INCH OR MORE:   3
MIN  0 OR BELOW:   0    1.00 INCH OR MORE:   2

[HDD (BASE 65) ]
TOTAL THIS MO.   618    CLEAR  (SCALE 0-3)  11
DPTR FM NORMAL    86    PTCLDY (SCALE 4-7)  13
TOTAL FM JUL 1   910    CLOUDY (SCALE 8-10)  4
DPTR FM NORMAL   -19

[CDD (BASE 65) ]
TOTAL THIS MO.     0
DPTR FM NORMAL     0    [PRESSURE DATA]
TOTAL FM JAN 1   930    HIGHEST SLP M ON M
DPTR FM NORMAL   -35    LOWEST  SLP 29.52 ON 17

[REMARKS]
