000
CXUS54 KMEG 270735
CF6TUP
PRELIMINARY LOCAL CLIMATOLOGICAL DATA (WS FORM: F-6)

                                          STATION:   TUPELO
                                          MONTH:     FEBRUARY
                                          YEAR:      2015
                                          LATITUDE:   34 16 N
                                          LONGITUDE:  88 46 W

  TEMPERATURE IN F:       :PCPN:    SNOW:  WIND      :SUNSHINE: SKY     :PK WND
================================================================================
1   2   3   4   5  6A  6B    7    8   9   10  11  12  13   14  15   16   17  18
                                     12Z  AVG MX 2MIN
DY MAX MIN AVG DEP HDD CDD  WTR  SNW DPTH SPD SPD DIR MIN PSBL S-S WX    SPD DR
================================================================================

 1  59  42  51   8  14   0 0.42  0.0    0 12.5 24 210   M    M   9 13     30 210
 2  42  25  34  -9  31   0 0.00  0.0    0 11.1 23  30   M    M   6        30 360
 3  48  23  36  -7  29   0 0.00  0.0    0  2.3 12 210   M    M   0        13 210
 4  48  28  38  -5  27   0 0.00  0.0    0  3.5 13 210   M    M   2        15 210
 5  45  23  34 -10  31   0 0.00  0.0    0 14.5 25  30   M    M   3        30  30
 6  54  20  37  -7  28   0 0.00  0.0    0  3.5 12 200   M    M   0        14 190
 7  67  30  49   5  16   0 0.00  0.0    0  8.0 18 210   M    M   0        24 230
 8  68  43  56  12   9   0 0.00  0.0    0  7.6 15 240   M    M   7        23 250
 9  58  37  48   4  17   0 0.00  0.0    0 11.2 23  30   M    M   5 8      29  20
10  51  31  41  -4  24   0 0.00  0.0    0 10.4 22  30   M    M   5        26  30
11  61  27  44  -1  21   0 0.00  0.0    0  4.4 13  20   M    M   0 1      17  30
12  44  26  35 -10  30   0 0.00  0.0    0 13.5 25  30   M    M   1        34  30
13  44  24  34 -11  31   0 0.00  0.0    0  4.6 16  30   M    M   0        19  30
14  66  24  45  -1  20   0 0.00  0.0    0  9.0 31  40   M    M   1        36  30
15  36  23  30 -16  35   0 0.00  0.0    0 11.1 25  50   M    M   4        31  40
16  35  24  30 -16  35   0 0.91  0.0    0 10.5 21  30   M    M  10 16     28  20
17  33  20  27 -19  38   0 0.00  0.0    0  8.1 18  30   M    M   6        23  30
18  38  22  30 -17  35   0    T  0.0    0  9.7 22 350   M    M   3 1      32 350
19  30  13  22 -25  43   0 0.00  0.0    0  7.1 14  20   M    M   3        19  10
20  36  24  30 -17  35   0 0.16  0.0    0  9.5 17 160   M    M  10 6      23 170
21  60  36  48   0  17   0 2.45  0.0    0 14.6 26 210   M    M  10 16     37 200
22  43  33  38 -10  27   0 0.29  0.0    0 14.5 24  50   M    M  10 1      30  40
23  34  26  30 -18  35   0 0.04    T    T 16.0 25  30   M    M   8 1      30  20
24  40  26  33 -15  32   0 0.00  0.0    0  5.3 15  20   M    M   7        19  30
25  34  25  30 -19  35   0 0.65  7.3    0  4.0 13  40   M    M   6 12     15  40
26  40  26  33 -16  32   0 0.00  0.0    4  7.8 23  30   M    M   9 12     27  40
================================================================================
SM 1214  701       727   0  4.92     7.3 234.3          M      125
================================================================================
AV 46.7 27.0                               9.0 FASTST   M    M   5    MAX(MPH)
                                 MISC ---->  # 31  40               # 37  200
================================================================================
NOTES:
# LAST OF SEVERAL OCCURRENCES

COLUMN 17 PEAK WIND IN M.P.H.

PRELIMINARY LOCAL CLIMATOLOGICAL DATA (WS FORM: F-6) , PAGE 2

                                          STATION:  TUPELO
                                          MONTH:    FEBRUARY
                                          YEAR:     2015
                                          LATITUDE:   34 16 N
                                          LONGITUDE:  88 46 W

[TEMPERATURE DATA]      [PRECIPITATION DATA]       SYMBOLS USED IN COLUMN 16

AVERAGE MONTHLY: 36.8   TOTAL FOR MONTH:   4.92    1 = FOG OR MIST
DPTR FM NORMAL:  -8.8   DPTR FM NORMAL:    0.34    2 = FOG REDUCING VISIBILITY
HIGHEST:    68 ON  8    GRTST 24HR  2.46 ON 20-21      TO 1/4 MILE OR LESS
LOWEST:     13 ON 19                               3 = THUNDER
                        SNOW, ICE PELLETS, HAIL    4 = ICE PELLETS
                        TOTAL MONTH:   7.3 INCHES  5 = HAIL
                        GRTST 24HR   7.3 ON   M    6 = FREEZING RAIN OR DRIZZLE
                        GRTST DEPTH:   4 ON 26     7 = DUSTSTORM OR SANDSTORM:
                                                       VSBY 1/2 MILE OR LESS
                                                   8 = SMOKE OR HAZE
[NO. OF DAYS WITH]      [WEATHER - DAYS WITH]      9 = BLOWING SNOW
                                                   X = TORNADO
MAX 32 OR BELOW:   1    0.01 INCH OR MORE:   7
MAX 90 OR ABOVE:   0    0.10 INCH OR MORE:   6
MIN 32 OR BELOW:  21    0.50 INCH OR MORE:   3
MIN  0 OR BELOW:   0    1.00 INCH OR MORE:   1

[HDD (BASE 65) ]
TOTAL THIS MO.   727    CLEAR  (SCALE 0-3)  10
DPTR FM NORMAL   224    PTCLDY (SCALE 4-7)   9
TOTAL FM JUL 1  2664    CLOUDY (SCALE 8-10)  7
DPTR FM NORMAL   265

[CDD (BASE 65) ]
TOTAL THIS MO.     0
DPTR FM NORMAL     0    [PRESSURE DATA]
TOTAL FM JAN 1     0    HIGHEST SLP M ON M
DPTR FM NORMAL    -1    LOWEST  SLP 29.68 ON  1

[REMARKS]
