000
CXUS55 KTWC 280855
CF6TUS
PRELIMINARY LOCAL CLIMATOLOGICAL DATA (WS FORM: F-6)

                                          STATION:   TUCSON AZ
                                          MONTH:     FEBRUARY
                                          YEAR:      2015
                                          LATITUDE:   32  7 N
                                          LONGITUDE: 110 56 W

  TEMPERATURE IN F:       :PCPN:    SNOW:  WIND      :SUNSHINE: SKY     :PK WND
================================================================================
1   2   3   4   5  6A  6B    7    8   9   10  11  12  13   14  15   16   17  18
                                     12Z  AVG MX 2MIN
DY MAX MIN AVG DEP HDD CDD  WTR  SNW DPTH SPD SPD DIR MIN PSBL S-S WX    SPD DR
================================================================================

 1  64  48  56   2   9   0 0.02    M    0  2.9 12 350   M    M   6 12     14 360
 2  72  45  59   5   6   0 0.00  0.0    0  6.2 18 130   M    M   0        22 140
 3  76  46  61   7   4   0 0.00  0.0    0  4.9 12 330   M    M   0 8      17 290
 4  76  46  61   7   4   0 0.00  0.0    0  6.1 14 260   M    M   0 8      23  60
 5  84  46  65  11   0   0 0.00  0.0    0  5.8 15 140   M    M   0        19 160
 6  84  52  68  14   0   3 0.00  0.0    0  7.8 17 150   M    M   0        19 150
 7  79  49  64  10   1   0 0.00  0.0    0  5.4 14 150   M    M   0        16 150
 8  80  45  63   9   2   0 0.00  0.0    0  6.7 15 150   M    M   0        18 150
 9  84  48  66  11   0   1 0.00  0.0    0  7.2 14 340   M    M   0        19 340
10  81  48  65  10   0   0 0.00  0.0    0  6.9 16 340   M    M   0        20 340
11  76  47  62   7   3   0 0.00  0.0    0  8.2 21 360   M    M   0        29  90
12  70  53  62   7   3   0 0.00  0.0    0 14.5 30 130   M    M   0        40  80
13  78  53  66  11   0   1 0.00  0.0    0 10.3 25 120   M    M   0        33 120
14  79  49  64   9   1   0 0.00  0.0    0  9.2 23 130   M    M   0        27 130
15  71  59  65  10   0   0 0.10  0.0    0  4.4 16 170   M    M   7        18 170
16  73  52  63   8   2   0 0.00  0.0    0  5.6 16 310   M    M   1        22 310
17  73  50  62   6   3   0 0.00  0.0    0  5.1 13 340   M    M   0        16 300
18  76  45  61   5   4   0 0.00  0.0    0  5.7 12 340   M    M   0        27 100
19  81  49  65   9   0   0 0.00  0.0    0  6.4 14 350   M    M   0        18 190
20  75  51  63   7   2   0 0.00  0.0    0  4.6  9 140   M    M   0        14 160
21  79  48  64   8   1   0 0.00  0.0    0  7.6 22 230   M    M   0        30 230
22  75  61  68  12   0   3 0.00  0.0    0  9.9 22 210   M    M   2        27 220
23  72  54  63   7   2   0 0.00  0.0    0  8.1 21 290   M    M   0        27 280
24  60  45  53  -4  12   0 0.29    M    0  7.1 21 320   M    M   5 1      27 280
25  66  38  52  -5  13   0 0.00  0.0    0  5.4 16 270   M    M   0        20 270
26  74  42  58   1   7   0 0.00  0.0    0  8.0 16 310   M    M   0        26 100
27  75  46  61   4   4   0 0.00  0.0    0  9.5 23 240   M    M   0        30 250
================================================================================
SM 2033 1315        83   8  0.41     0.0 189.5          M       21
================================================================================
AV 75.3 48.7                               7.0 FASTST   M    M   1    MAX(MPH)
                                 MISC ---->  # 30 130               # 40   80
================================================================================
NOTES:
# LAST OF SEVERAL OCCURRENCES

COLUMN 17 PEAK WIND IN M.P.H.

PRELIMINARY LOCAL CLIMATOLOGICAL DATA (WS FORM: F-6) , PAGE 2

                                          STATION:  TUCSON AZ
                                          MONTH:    FEBRUARY
                                          YEAR:     2015
                                          LATITUDE:   32  7 N
                                          LONGITUDE: 110 56 W

[TEMPERATURE DATA]      [PRECIPITATION DATA]       SYMBOLS USED IN COLUMN 16

AVERAGE MONTHLY: 62.0   TOTAL FOR MONTH:   0.41    1 = FOG OR MIST
DPTR FM NORMAL:   6.7   DPTR FM NORMAL:   -0.42    2 = FOG REDUCING VISIBILITY
HIGHEST:    84 ON  9, 6 GRTST 24HR  0.76 ON 31- 1      TO 1/4 MILE OR LESS
LOWEST:     38 ON 25                               3 = THUNDER
                        SNOW, ICE PELLETS, HAIL    4 = ICE PELLETS
                        TOTAL MONTH:   0.0 INCH    5 = HAIL
                        GRTST 24HR     0.0         6 = FREEZING RAIN OR DRIZZLE
                        GRTST DEPTH:   0           7 = DUSTSTORM OR SANDSTORM:
                                                       VSBY 1/2 MILE OR LESS
                                                   8 = SMOKE OR HAZE
[NO. OF DAYS WITH]      [WEATHER - DAYS WITH]      9 = BLOWING SNOW
                                                   X = TORNADO
MAX 32 OR BELOW:   0    0.01 INCH OR MORE:   3
MAX 90 OR ABOVE:   0    0.10 INCH OR MORE:   2
MIN 32 OR BELOW:   0    0.50 INCH OR MORE:   0
MIN  0 OR BELOW:   0    1.00 INCH OR MORE:   0

[HDD (BASE 65) ]
TOTAL THIS MO.    83    CLEAR  (SCALE 0-3)  24
DPTR FM NORMAL  -183    PTCLDY (SCALE 4-7)   3
TOTAL FM JUL 1   841    CLOUDY (SCALE 8-10)  0
DPTR FM NORMAL  -419

[CDD (BASE 65) ]
TOTAL THIS MO.     8
DPTR FM NORMAL     8    [PRESSURE DATA]
TOTAL FM JAN 1     8    HIGHEST SLP M ON M
DPTR FM NORMAL     7    LOWEST  SLP 29.61 ON 27

[REMARKS]
