000
CXUS53 KAPX 290631
CF6TVC
PRELIMINARY LOCAL CLIMATOLOGICAL DATA (WS FORM: F-6)

                                          STATION:   TRAVERSE CITY MI
                                          MONTH:     AUGUST
                                          YEAR:      2016
                                          LATITUDE:   44 44 N
                                          LONGITUDE:  85 34 W

  TEMPERATURE IN F:       :PCPN:    SNOW:  WIND      :SUNSHINE: SKY     :PK WND
================================================================================
1   2   3   4   5  6A  6B    7    8   9   10  11  12  13   14  15   16   17  18
                                     12Z  AVG MX 2MIN
DY MAX MIN AVG DEP HDD CDD  WTR  SNW DPTH SPD SPD DIR MIN PSBL S-S WX    SPD DR
================================================================================

 1  85  60  73   4   0   8 0.00    M    M  4.3 15  40   M    M   3        18  30
 2  90  62  76   7   0  11 0.00    M    M  3.2 14 350   M    M   3        19 360
 3  92  65  79  10   0  14    T    M    M  4.1 16 260   M    M   4 3      24 270
 4  94  69  82  13   0  17 0.00    M    M  5.6 17 260   M    M   3        24 260
 5  84  71  78   9   0  13    T    M    M  7.2 18 330   M    M   6        25 310
 6  82  61  72   4   0   7 0.00    M    M  6.5 16 360   M    M   3        21 320
 7  80  58  69   1   0   4 0.00    M    M  4.5 15  40   M    M   4        21  40
 8  88  53  71   3   0   6 0.00    M    M  3.0 16 320   M    M   3        19 320
 9  92  62  77   9   0  12 0.00    M    M  4.5 17 270   M    M   3        21 260
10  91  68  80  12   0  15 0.00    M    M  4.4 14  30   M    M   5        19  40
11  92  63  78  10   0  13 0.15    M    M  4.0 16 270   M    M   6 13     21 190
12  76  70  73   5   0   8 0.01    M    M  5.9 15 290   M    M   9 1      19 280
13  79  70  75   7   0  10 0.28    M    M  4.2 16 320   M    M   9 1      21 320
14  81  65  73   5   0   8    T    M    M  4.3 14  40   M    M   4        21  20
15  86  62  74   6   0   9    T    M    M  3.2 13 340   M    M   5        17 320
16  86  69  78  10   0  13 0.00    M    M  3.8 14 280   M    M   5        19 270
17  81  66  74   6   0   9 1.18    M    M  4.1 25 110   M    M   5 13     35 110
18  90  65  78  11   0  13 0.00    M    M  2.6 14 270   M    M   4        20 260
19  81  69  75   8   0  10 0.78    M    M  3.5 13 300   M    M   7 138    21 140
20  76  65  71   4   0   6 0.79    M    M  5.1 21 280   M    M   6 138    26 280
21  71  59  65  -2   0   0 0.05    M    M  9.1 21 310   M    M   8 18     24 310
22  78  54  66  -1   0   1 0.04    M    M  4.5 14 260   M    M   3        19 270
23  83  61  72   5   0   7 0.07    M    M  5.1 15 260   M    M   5 1      24 240
24  82  66  74   8   0   9 0.16    M    M  5.7 17 240   M    M   5 13     26 220
25  81  67  74   8   0   9 0.00    M    M  5.5 17 280   M    M   6        20 270
26  77  60  69   3   0   4 0.00    M    M  4.7 16 280   M    M   5        22 290
27  75  60  68   2   0   3 0.16    M    M  2.7 10 140   M    M   8 1      18 150
28  79  62  71   5   0   6 0.00    M    M  5.6 14 290   M    M   7        16 290
================================================================================
SM 2332 1782         0 245  3.67    M    130.9          M      144
================================================================================
AV 83.3 63.6                               4.7 FASTST   M    M   5    MAX(MPH)
                                 MISC ---->  # 25 110               # 35  110
================================================================================
NOTES:
# LAST OF SEVERAL OCCURRENCES

COLUMN 17 PEAK WIND IN M.P.H.

PRELIMINARY LOCAL CLIMATOLOGICAL DATA (WS FORM: F-6) , PAGE 2

                                          STATION:  TRAVERSE CITY MI
                                          MONTH:    AUGUST
                                          YEAR:     2016
                                          LATITUDE:   44 44 N
                                          LONGITUDE:  85 34 W

[TEMPERATURE DATA]      [PRECIPITATION DATA]       SYMBOLS USED IN COLUMN 16

AVERAGE MONTHLY: 73.5   TOTAL FOR MONTH:   3.67    1 = FOG OR MIST
DPTR FM NORMAL:   5.9   DPTR FM NORMAL:    0.62    2 = FOG REDUCING VISIBILITY
HIGHEST:    94 ON  4    GRTST 24HR  1.18 ON 17-17      TO 1/4 MILE OR LESS
LOWEST:     53 ON  8                               3 = THUNDER
                        SNOW, ICE PELLETS, HAIL    4 = ICE PELLETS
                        TOTAL MONTH:    M          5 = HAIL
                        GRTST 24HR    M  ON   M    6 = FREEZING RAIN OR DRIZZLE
                        GRTST DEPTH:  M  ON   M    7 = DUSTSTORM OR SANDSTORM:
                                                       VSBY 1/2 MILE OR LESS
                                                   8 = SMOKE OR HAZE
[NO. OF DAYS WITH]      [WEATHER - DAYS WITH]      9 = BLOWING SNOW
                                                   X = TORNADO
MAX 32 OR BELOW:   0    0.01 INCH OR MORE:  11
MAX 90 OR ABOVE:   7    0.10 INCH OR MORE:   7
MIN 32 OR BELOW:   0    0.50 INCH OR MORE:   3
MIN  0 OR BELOW:   0    1.00 INCH OR MORE:   1

[HDD (BASE 65) ]
TOTAL THIS MO.     0    CLEAR  (SCALE 0-3)   6
DPTR FM NORMAL   -33    PTCLDY (SCALE 4-7)  19
TOTAL FM JUL 1     9    CLOUDY (SCALE 8-10)  3
DPTR FM NORMAL   -52

[CDD (BASE 65) ]
TOTAL THIS MO.   245
DPTR FM NORMAL   137    [PRESSURE DATA]
TOTAL FM JAN 1   637    HIGHEST SLP M ON M
DPTR FM NORMAL   276    LOWEST  SLP 29.45 ON 20

[REMARKS]
