000
CXUS55 KREV 010906
CF6TVL

PRELIMINARY LOCAL CLIMATOLOGICAL DATA (WS FORM: F-6)

                                          STATION:   SOUTH LAKE TAHOE CA
                                          MONTH:     AUGUST
                                          YEAR:      2014
                                          LATITUDE:   38 53 N
                                          LONGITUDE: 119 60 W

  TEMPERATURE IN F:       :PCPN:    SNOW:  WIND      :SUNSHINE: SKY     :PK WND
================================================================================
1   2   3   4   5  6A  6B    7    8   9   10  11  12  13   14  15   16   17  18
                                     12Z  AVG MX 2MIN
DY MAX MIN AVG DEP HDD CDD  WTR  SNW DPTH SPD SPD DIR MIN PSBL S-S WX    SPD DR
================================================================================

 1  87  51  69   7   0   4 0.00  0.0    0  3.6 15 210   M    M   M        22 200
 2  87  45  66   4   0   1 0.00  0.0    0  5.1 16 200   M    M   M        24 190
 3  81  52  67   5   0   2    T  0.0    0  3.8 15 190   M    M   M        19 180
 4  63  56  60  -2   5   0 0.36  0.0    0  1.4  7  30   M    M   M 1      10  30
 5  64  49  57  -5   8   0 0.01  0.0    0  2.7 10 210   M    M   M 18     15 200
 6  76  50  63   1   2   0 0.00  0.0    0  3.4 13  30   M    M   M        19  40
 7  80  46  63   1   2   0 0.00  0.0    0  4.0 13 190   M    M   M 3      17  30
 8  83  48  66   5   0   1 0.00  0.0    0  4.0 16 190   M    M   M        25 190
 9  85  42  64   3   1   0 0.00  0.0    0  4.7 16  90   M    M   M 3      23  80
10  81  49  65   4   0   0 0.07  0.0    0  3.1 12  30   M    M   M 3      17  40
11  79  44  62   1   3   0 0.54  0.0    0  2.9 13 200   M    M   M 123    16 200
12  77  47  62   1   3   0 0.00  0.0    0  6.6 26 190   M    M   M 12     42 180
13  73  51  62   1   3   0 0.00  0.0    0 10.1 25 190   M    M   M        36 190
14  77  41  59  -2   6   0 0.00  0.0    0  5.6 24 190   M    M   M        30 190
15  82  44  63   2   2   0 0.00  0.0    0  3.7 17 190   M    M   M        22 200
16  84  43  64   4   1   0 0.00  0.0    0  4.6 15 190   M    M   M        21 190
17  84  40  62   2   3   0 0.00  0.0    0  3.5 21 190   M    M   M        27 190
18  83  40  62   2   3   0 0.00  0.0    0  3.5 15 190   M    M   M        21 190
19  82  44  63   3   2   0 0.00  0.0    0  3.1 14 190   M    M   M        20  30
20  81  44  63   3   2   0 0.00  0.0    0  5.9 17 190   M    M   M        32 190
21  79  43  61   1   4   0 0.00  0.0    0  4.4 20 190   M    M   M        27 190
22  76  45  61   1   4   0 0.00  0.0    0  9.1 26 190   M    M   M        38 190
23  76  38  57  -2   8   0 0.00  0.0    0  3.7 12  20   M    M   M        19  30
24  79  40  60   1   5   0 0.00  0.0    0  4.0 14  30   M    M   M        20  20
25  74  44  59   0   6   0 0.71  0.0    0  3.8 17 170   M    M   M 123    24 180
26  74  40  57  -2   8   0 0.00  0.0    0  3.5 12  30   M    M   M 1      17  30
27  82  40  61   2   4   0 0.00  0.0    0  3.0 12  40   M    M   M        17  30
28  84  45  65   7   0   0 0.00  0.0    0  3.9 14  20   M    M   M        20  30
29  81  46  64   6   1   0 0.00  0.0    0  5.6 17 200   M    M   M        23 190
30  80  51  66   8   0   1 0.00  0.0    0  8.1 22 190   M    M   M        31 190
31  81  42  62   4   3   0 0.00  0.0    0  3.6 18 190   M    M   M        24 190
================================================================================
SM 2455 1400        89   9  1.69     0.0 138.0          M        M
================================================================================
AV 79.2 45.2                               4.5 FASTST   M    M   0    MAX(MPH)
                                 MISC ---->  # 26 190               # 42  180
================================================================================
NOTES:
# LAST OF SEVERAL OCCURRENCES

COLUMN 17 PEAK WIND IN M.P.H.

PRELIMINARY LOCAL CLIMATOLOGICAL DATA (WS FORM: F-6) , PAGE 2

                                          STATION:  SOUTH LAKE TAHOE CA
                                          MONTH:    AUGUST
                                          YEAR:     2014
                                          LATITUDE:   38 53 N
                                          LONGITUDE: 119 60 W

[TEMPERATURE DATA]      [PRECIPITATION DATA]       SYMBOLS USED IN COLUMN 16

AVERAGE MONTHLY: 62.2   TOTAL FOR MONTH:   1.69    1 = FOG OR MIST
DPTR FM NORMAL:   1.9   DPTR FM NORMAL:    1.24    2 = FOG REDUCING VISIBILITY
HIGHEST:    87 ON  2, 1 GRTST 24HR  0.71 ON 25-25      TO 1/4 MILE OR LESS
LOWEST:     38 ON 23                               3 = THUNDER
                        SNOW, ICE PELLETS, HAIL    4 = ICE PELLETS
                        TOTAL MONTH:   0.0 INCH    5 = HAIL
                        GRTST 24HR     0.0         6 = FREEZING RAIN OR DRIZZLE
                        GRTST DEPTH:   0           7 = DUSTSTORM OR SANDSTORM:
                                                       VSBY 1/2 MILE OR LESS
                                                   8 = SMOKE OR HAZE
[NO. OF DAYS WITH]      [WEATHER - DAYS WITH]      9 = BLOWING SNOW
                                                   X = TORNADO
MAX 32 OR BELOW:   0    0.01 INCH OR MORE:   5
MAX 90 OR ABOVE:   0    0.10 INCH OR MORE:   3
MIN 32 OR BELOW:   0    0.50 INCH OR MORE:   2
MIN  0 OR BELOW:   0    1.00 INCH OR MORE:   0

[HDD (BASE 65) ]
TOTAL THIS MO.    89    CLEAR  (SCALE 0-3)   0
DPTR FM NORMAL   -69    PTCLDY (SCALE 4-7)   0
TOTAL FM JUL 1   103    CLOUDY (SCALE 8-10)  0
DPTR FM NORMAL  -193

[CDD (BASE 65) ]
TOTAL THIS MO.     9
DPTR FM NORMAL    -2    [PRESSURE DATA]
TOTAL FM JAN 1    96    HIGHEST SLP M ON M
DPTR FM NORMAL    66    LOWEST  SLP 29.80 ON 19

[REMARKS]

THE AVERAGE TEMPERATURE FOR AUGUST 2014 AT SOUTH LAKE TAHOE WAS 62.2
DEGREES.  THIS IS 1.9 DEGREES ABOVE NORMAL.  THE WARMEST TEMPERATURE
FOR THE MONTH WAS 87 DEGREES WHICH WAS RECORDED ON BOTH THE 1ST AND
2ND.  THE LOWEST READING FOR AUGUST WAS 38 DEGREES WHICH OCCURRED ON
THE 23RD.

FOR AUGUST 2014 SOUTH LAKE TAHOE RECORDED A TOTAL OF 1.69 INCHES OF
PRECIPITATION.  THIS IS 1.24 INCHES ABOVE NORMAL.

THE AVERAGE WIND SPEED FOR THE MONTH WAS 4.5 MPH.  THE HIGHEST WIND
GUST FOR THE MONTH WAS 42 MPH FROM THE SOUTH WHICH OCCURRED ON THE
12TH.


#FINAL-08-14#
