000
CXUS55 KREV 171601
CF6TVL
PRELIMINARY LOCAL CLIMATOLOGICAL DATA (WS FORM: F-6)

                                          STATION:   SOUTH LAKE TAHOE CA
                                          MONTH:     JANUARY
                                          YEAR:      2018
                                          LATITUDE:   38 53 N
                                          LONGITUDE: 119 60 W

  TEMPERATURE IN F:       :PCPN:    SNOW:  WIND      :SUNSHINE: SKY     :PK WND
================================================================================
1   2   3   4   5  6A  6B    7    8   9   10  11  12  13   14  15   16   17  18
                                     12Z  AVG MX 2MIN
DY MAX MIN AVG DEP HDD CDD  WTR  SNW DPTH SPD SPD DIR MIN PSBL S-S WX    SPD DR
================================================================================

 1  54  27  41  12  24   0 0.00  0.0    0  1.5  7  30   M    M   3        10  40
 2  49  24  37   8  28   0 0.00  0.0    0  1.4  6  40   M    M   0         8  30
 3  50  26  38   9  27   0    T  0.0    0  1.2 12 220   M    M   4        18 230
 4  52  31  42  13  23   0 0.12  0.0    0  4.9 21 170   M    M   8 1      29 170
 5  50  36  43  14  22   0 0.04  0.0    0  6.7 15 170   M    M   9 1      21 150
 6  44  24  34   4  31   0 0.52  0.0    0  4.8 18 190   M    M   6 1      24 180
 7  40  20  30   0  35   0    T  0.0    0  2.3  7 190   M    M   2        10 220
 8  47  34  41  11  24   0 0.13  0.0    0  1.8  8 210   M    M   8 1      13 230
 9  44  36  40  10  25   0 0.15  0.0    0  3.2 13 190   M    M  10 1      17 190
10  46  27  37   7  28   0    T    T    0  7.2 21 200   M    M   4 1      26 190
11  49  25  37   7  28   0 0.01    M    0  8.2 25 190   M    M   4        36 230
12  51  27  39   9  26   0 0.00  0.0    0  2.9 14 160   M    M   0        20 160
13  53  23  38   8  27   0 0.00  0.0    0  1.6  9  40   M    M   0        12  30
14  49  24  37   7  28   0 0.00  0.0    0  1.8  7  30   M    M   0        10  30
15  56  27  42  12  23   0 0.00  0.0    0  1.8 12 190   M    M   1        16 230
16  51  29  40  10  25   0    T    M    0  3.7 18 180   M    M   6 1      22 170
================================================================================
SM  785  440       424   0  0.97    T     55.0          M       65
================================================================================
AV 49.1 27.5                               3.4 FASTST   M    M   4    MAX(MPH)
                                 MISC ---->  # 25 190               # 36  230
================================================================================
NOTES:
# LAST OF SEVERAL OCCURRENCES

COLUMN 17 PEAK WIND IN M.P.H.

PRELIMINARY LOCAL CLIMATOLOGICAL DATA (WS FORM: F-6) , PAGE 2

                                          STATION:  SOUTH LAKE TAHOE CA
                                          MONTH:    JANUARY
                                          YEAR:     2018
                                          LATITUDE:   38 53 N
                                          LONGITUDE: 119 60 W

[TEMPERATURE DATA]      [PRECIPITATION DATA]       SYMBOLS USED IN COLUMN 16

AVERAGE MONTHLY: 38.3   TOTAL FOR MONTH:   0.97    1 = FOG OR MIST
DPTR FM NORMAL:   8.6   DPTR FM NORMAL:   -0.85    2 = FOG REDUCING VISIBILITY
HIGHEST:    56 ON 15    GRTST 24HR  0.52 ON  6- 6      TO 1/4 MILE OR LESS
LOWEST:     20 ON  7                               3 = THUNDER
                        SNOW, ICE PELLETS, HAIL    4 = ICE PELLETS
                        TOTAL MONTH:    T          5 = HAIL
                        GRTST 24HR    T  ON 10-10  6 = FREEZING RAIN OR DRIZZLE
                        GRTST DEPTH:   0           7 = DUSTSTORM OR SANDSTORM:
                                                       VSBY 1/2 MILE OR LESS
                                                   8 = SMOKE OR HAZE
[NO. OF DAYS WITH]      [WEATHER - DAYS WITH]      9 = BLOWING SNOW
                                                   X = TORNADO
MAX 32 OR BELOW:   0    0.01 INCH OR MORE:   6
MAX 90 OR ABOVE:   0    0.10 INCH OR MORE:   4
MIN 32 OR BELOW:  13    0.50 INCH OR MORE:   1
MIN  0 OR BELOW:   0    1.00 INCH OR MORE:   0

[HDD (BASE 65) ]
TOTAL THIS MO.   424    CLEAR  (SCALE 0-3)   7
DPTR FM NORMAL  -143    PTCLDY (SCALE 4-7)   7
TOTAL FM JUL 1  3170    CLOUDY (SCALE 8-10)  2
DPTR FM NORMAL  -580

[CDD (BASE 65) ]
TOTAL THIS MO.     0
DPTR FM NORMAL     0    [PRESSURE DATA]
TOTAL FM JAN 1     0    HIGHEST SLP M ON M
DPTR FM NORMAL     0    LOWEST  SLP 29.61 ON  9

[REMARKS]
