000
CXUS55 KBOI 301002
CF6TWF
PRELIMINARY LOCAL CLIMATOLOGICAL DATA (WS FORM: F-6)

                                          STATION:   TWIN FALLS ID
                                          MONTH:     MAY
                                          YEAR:      2016
                                          LATITUDE:   42 28 N
                                          LONGITUDE: 114 29 W

  TEMPERATURE IN F:       :PCPN:    SNOW:  WIND      :SUNSHINE: SKY     :PK WND
================================================================================
1   2   3   4   5  6A  6B    7    8   9   10  11  12  13   14  15   16   17  18
                                     12Z  AVG MX 2MIN
DY MAX MIN AVG DEP HDD CDD  WTR  SNW DPTH SPD SPD DIR MIN PSBL S-S WX    SPD DR
================================================================================

 1  62  39  51  -1  14   0 0.00    M    M 11.1 25  70   M    M   1        33  50
 2  67  33  50  -2  15   0 0.00    M    M  6.0 15 180   M    M   0        18 180
 3  75  41  58   5   7   0 0.00    M    M  8.1 17 190   M    M   0        22 170
 4  79  48  64  11   1   0 0.00    M    M 10.1 20 160   M    M   0        26 160
 5  79  52  66  13   0   1 0.00    M    M 11.5 30 140   M    M   0        37 140
 6  67  48  58   4   7   0 0.23    M    M  9.4 29  40   M    M   4 13     36  40
 7  65  42  54   0  11   0 0.07    M    M  5.0 14 320   M    M   7 12     18 320
 8  72  50  61   7   4   0 0.00    M    M 14.9 29 270   M    M   5        35 280
 9  57  40  49  -5  16   0 0.00    M    M 21.2 36 270   M    M   0        45 290
10  58  34  46  -9  19   0 0.00    M    M 12.5 23 250   M    M   4        28 250
11  66  33  50  -5  15   0 0.00    M    M  6.8 14 150   M    M   1        16  10
12  77  38  58   3   7   0 0.00    M    M  7.9 16 170   M    M   0        20 180
13  83  51  67  11   0   2 0.00    M    M  9.3 17 180   M    M   0        21 180
14  78  48  63   7   2   0 0.15    M    M 10.1 39 240   M    M   0 13     51 230
15  64  45  55  -1  10   0 0.06    M    M 13.8 25 270   M    M   3 1      32 260
16  64  42  53  -4  12   0 0.00    M    M 12.2 21 250   M    M   5        27 270
17  70  46  58   1   7   0 0.00    M    M  6.7 15 190   M    M   6        18 280
18  76  49  63   6   2   0 0.00    M    M 10.6 17 280   M    M   2        25 270
19  66  44  55  -2  10   0 0.31    M    M 12.3 38 280   M    M   3 13     43 270
20  47  41  44 -14  21   0 0.70    M    M  6.9 16 260   M    M   9 1      19 260
21  54  38  46 -12  19   0 0.23    M    M  8.4 26 240   M    M   6 13     36 240
22  57  37  47 -11  18   0 0.08    M    M 10.6 22 230   M    M   2 3      32 270
23  63  36  50  -8  15   0 0.02    M    M  8.4 22 140   M    M   2        27 140
24  67  42  55  -4  10   0 0.00    M    M  9.1 18 190   M    M   6        26 200
25  66  47  57  -2   8   0    T    M    M 11.3 22 260   M    M   4        27 260
26  71  46  59   0   6   0 0.00    M    M 12.4 22 260   M    M   1        27 260
27  66  44  55  -4  10   0 0.00    M    M 13.0 23 300   M    M   1        28 290
28  67  39  53  -7  12   0 0.00    M    M  9.6 17 240   M    M   0        22 240
29  77  40  59  -1   6   0 0.02    M    M  7.1 26 230   M    M   1 3      35 230
================================================================================
SM 1960 1233       284   3  1.87    M    296.3          M       73
================================================================================
AV 67.6 42.5                              10.2 FASTST   M    M   3    MAX(MPH)
                                 MISC ---->  # 39 240               # 51  230
================================================================================
NOTES:
# LAST OF SEVERAL OCCURRENCES

COLUMN 17 PEAK WIND IN M.P.H.

PRELIMINARY LOCAL CLIMATOLOGICAL DATA (WS FORM: F-6) , PAGE 2

                                          STATION:  TWIN FALLS ID
                                          MONTH:    MAY
                                          YEAR:     2016
                                          LATITUDE:   42 28 N
                                          LONGITUDE: 114 29 W

[TEMPERATURE DATA]      [PRECIPITATION DATA]       SYMBOLS USED IN COLUMN 16

AVERAGE MONTHLY: 55.1   TOTAL FOR MONTH:   1.87    1 = FOG OR MIST
DPTR FM NORMAL:  -1.1   DPTR FM NORMAL:    0.59    2 = FOG REDUCING VISIBILITY
HIGHEST:    83 ON 13    GRTST 24HR  0.72 ON 19-20      TO 1/4 MILE OR LESS
LOWEST:     33 ON 11, 2                            3 = THUNDER
                        SNOW, ICE PELLETS, HAIL    4 = ICE PELLETS
                        TOTAL MONTH:    M          5 = HAIL
                        GRTST 24HR    M  ON   M    6 = FREEZING RAIN OR DRIZZLE
                        GRTST DEPTH:  M  ON   M    7 = DUSTSTORM OR SANDSTORM:
                                                       VSBY 1/2 MILE OR LESS
                                                   8 = SMOKE OR HAZE
[NO. OF DAYS WITH]      [WEATHER - DAYS WITH]      9 = BLOWING SNOW
                                                   X = TORNADO
MAX 32 OR BELOW:   0    0.01 INCH OR MORE:  10
MAX 90 OR ABOVE:   0    0.10 INCH OR MORE:   5
MIN 32 OR BELOW:   0    0.50 INCH OR MORE:   1
MIN  0 OR BELOW:   0    1.00 INCH OR MORE:   0

[HDD (BASE 65) ]
TOTAL THIS MO.   284    CLEAR  (SCALE 0-3)  18
DPTR FM NORMAL     8    PTCLDY (SCALE 4-7)  10
TOTAL FM JUL 1  5648    CLOUDY (SCALE 8-10)  1
DPTR FM NORMAL  -426

[CDD (BASE 65) ]
TOTAL THIS MO.     3
DPTR FM NORMAL   -14    [PRESSURE DATA]
TOTAL FM JAN 1     3    HIGHEST SLP M ON M
DPTR FM NORMAL   -15    LOWEST  SLP 29.53 ON  8

[REMARKS]
