000
CXUS56 KPQR 241200
CF6UAO
PRELIMINARY LOCAL CLIMATOLOGICAL DATA (WS FORM: F-6)

                                          STATION:   AURORA STATE OR
                                          MONTH:     JUNE
                                          YEAR:      2017
                                          LATITUDE:   45 15 N
                                          LONGITUDE: 122 46 W

  TEMPERATURE IN F:       :PCPN:    SNOW:  WIND      :SUNSHINE: SKY     :PK WND
================================================================================
1   2   3   4   5  6A  6B    7    8   9   10  11  12  13   14  15   16   17  18
                                     12Z  AVG MX 2MIN
DY MAX MIN AVG DEP HDD CDD  WTR  SNW DPTH SPD SPD DIR MIN PSBL S-S WX    SPD DR
================================================================================

 1  71  58  65   5   0   0 0.02  0.0    0  7.1 15 250   M    M   7 18     22 250
 2  78  56  67   7   0   2 0.00  0.0    0  3.2  8  50   M    M   5 8      14  90
 3  68  55  62   2   3   0 0.02  0.0    0  4.2 13 330   M    M   9 18     18 340
 4  69  51  60   0   5   0 0.00  0.0    0  4.9 10 350   M    M   7        13 340
 5  79  45  62   2   3   0 0.00  0.0    0  4.8 13  50   M    M   0 8      17 350
 6  84  51  68   7   0   3 0.00  0.0    0  3.8 12 250   M    M   0        18 250
 7  78  53  66   5   0   1 0.04  0.0    0  3.9 13 170   M    M   3        15 170
 8  66  54  60  -1   5   0 0.38  0.0    0  6.9 17 250   M    M   9 18     25 250
 9  61  52  57  -4   8   0 0.43  0.0    0  5.9 21 170   M    M  10 18     24 170
10  63  50  57  -4   8   0 0.28  0.0    0  4.6 13 180   M    M  10 18     17 230
11  70  52  61   0   4   0    T  0.0    0  3.8 12 320   M    M   9 18     17 300
12  62  54  58  -4   7   0 0.00    M    0  3.4 12 260   M    M  10        17 270
13  67  52  60  -2   5   0 0.00    M    M  5.2 15 180   M    M  10 8      21 180
14  69  50  60  -2   5   0    T    M    M  1.7  8 250   M    M   7        11 300
15  65  56  61  -1   4   0 0.52  0.0    0  9.2 21 180   M    M   9 18     30 200
16  65  59  62   0   3   0 0.01  0.0    0  6.1 13 220   M    M  10        18 230
17  74  57  66   4   0   1 0.00  0.0    0  2.6  9 230   M    M  10        14 230
18  83  62  73  11   0   8 0.00  0.0    0  4.2 12  10   M    M   7 8      15  50
19  89  62  76  13   0  11 0.00  0.0    0  4.9 12 220   M    M   4        16 210
20  81  53  67   4   0   2 0.00  0.0    0  5.0 18 340   M    M   5        27 340
21  78  50  64   1   1   0 0.00  0.0    0  6.8 16  20   M    M   2        20  20
22  86  50  68   5   0   3 0.00  0.0    0  9.5 18  10   M    M   0        24  20
23  93  57  75  11   0  10 0.00  0.0    0 12.1 20  20   M    M   0        25  10
================================================================================
SM 1699 1239        61  41  1.70     0.0 123.8          M      143
================================================================================
AV 73.9 53.9                               5.4 FASTST   M    M   6    MAX(MPH)
                                 MISC ---->  # 21 170               # 30  200
================================================================================
NOTES:
# LAST OF SEVERAL OCCURRENCES

COLUMN 17 PEAK WIND IN M.P.H.

PRELIMINARY LOCAL CLIMATOLOGICAL DATA (WS FORM: F-6) , PAGE 2

                                          STATION:  AURORA STATE OR
                                          MONTH:    JUNE
                                          YEAR:     2017
                                          LATITUDE:   45 15 N
                                          LONGITUDE: 122 46 W

[TEMPERATURE DATA]      [PRECIPITATION DATA]       SYMBOLS USED IN COLUMN 16

AVERAGE MONTHLY: 63.9   TOTAL FOR MONTH:   1.70    1 = FOG OR MIST
DPTR FM NORMAL:   2.3   DPTR FM NORMAL:   -0.02    2 = FOG REDUCING VISIBILITY
HIGHEST:    93 ON 23    GRTST 24HR  0.52 ON 15-15      TO 1/4 MILE OR LESS
LOWEST:     45 ON  5                               3 = THUNDER
                        SNOW, ICE PELLETS, HAIL    4 = ICE PELLETS
                        TOTAL MONTH:   0.0 INCH    5 = HAIL
                        GRTST 24HR     0.0         6 = FREEZING RAIN OR DRIZZLE
                        GRTST DEPTH:   0           7 = DUSTSTORM OR SANDSTORM:
                                                       VSBY 1/2 MILE OR LESS
                                                   8 = SMOKE OR HAZE
[NO. OF DAYS WITH]      [WEATHER - DAYS WITH]      9 = BLOWING SNOW
                                                   X = TORNADO
MAX 32 OR BELOW:   0    0.01 INCH OR MORE:   8
MAX 90 OR ABOVE:   1    0.10 INCH OR MORE:   4
MIN 32 OR BELOW:   0    0.50 INCH OR MORE:   1
MIN  0 OR BELOW:   0    1.00 INCH OR MORE:   0

[HDD (BASE 65) ]
TOTAL THIS MO.    61    CLEAR  (SCALE 0-3)   6
DPTR FM NORMAL   -39    PTCLDY (SCALE 4-7)   7
TOTAL FM JUL 1  4423    CLOUDY (SCALE 8-10) 10
DPTR FM NORMAL   -11

[CDD (BASE 65) ]
TOTAL THIS MO.    41
DPTR FM NORMAL    18    [PRESSURE DATA]
TOTAL FM JAN 1    86    HIGHEST SLP M ON M
DPTR FM NORMAL    48    LOWEST  SLP 29.65 ON  8

[REMARKS]
