000
CXUS53 KUNR 240945
CF6UNR
PRELIMINARY LOCAL CLIMATOLOGICAL DATA (WS FORM: F-6)

                                          STATION:   EAST RAPID CITY SD
                                          MONTH:     MARCH
                                          YEAR:      2017
                                          LATITUDE:   44  4 N
                                          LONGITUDE: 103 13 W

  TEMPERATURE IN F:       :PCPN:    SNOW:  WIND      :SUNSHINE: SKY     :PK WND
================================================================================
1   2   3   4   5  6A  6B    7    8   9   10  11  12  13   14  15   16   17  18
                                     12Z  AVG MX 2MIN
DY MAX MIN AVG DEP HDD CDD  WTR  SNW DPTH SPD SPD DIR MIN PSBL S-S WX    SPD DR
================================================================================

 1  41  25  33   1  32   0    T    T    T  9.4 24 300   M    M   M        35 310
 2  38  25  32   0  33   0 0.00  0.0    T  6.9 17 310   M    M   M        28 300
 3  55  23  39   7  26   0 0.00  0.0    T  5.9 22  20   M    M   M        29 350
 4  67  28  48  16  17   0 0.00  0.0    T  9.3 20 200   M    M   M        33 230
 5  68  43  56  23   9   0 0.00  0.0    0  9.6 26 190   M    M   M        37 170
 6  59  31  45  12  20   0 0.00  0.0    0 16.8 41 320   M    M   M        60 310
 7  41  26  34   1  31   0 0.00  0.0    0 15.2 36 300   M    M   M        52 280
 8  46  19  33  -1  32   0    T    T    0  8.1 21 140   M    M   M        29 150
 9  31  15  23 -11  42   0    T  0.1    0 10.4 24  10   M    M   M 6      33 360
10  31  15  23 -11  42   0    T  0.1    T  9.5 18 140   M    M   M 46     23 140
11  22   9  16 -18  49   0    T    T    T  8.0 23 150   M    M   M        29 140
12  43   9  26  -9  39   0    T  0.4    T 16.7 36 360   M    M   M 6      52 360
13  24   8  16 -19  49   0 0.02  0.5    1 10.1 17 140   M    M   M        23 160
14  49  17  33  -2  32   0    T    T    T  6.7 15 120   M    M   M 46     21 120
15  70  33  52  16  13   0 0.00  0.0    0  4.3 14 140   M    M   M        17 140
16  71  44  58  22   7   0 0.00  0.0    0 11.9 36 330   M    M   M        53 330
17  54  34  44   8  21   0 0.00  0.0    0 11.2 29 360   M    M   M        38 360
18  74  30  52  16  13   0 0.00  0.0    0 10.8 18 140   M    M   M        25 230
19  73  41  57  20   8   0 0.00  0.0    0  8.5 20  20   M    M   M        26  30
20  57  36  47  10  18   0 0.12  0.0    0  7.3 20 360   M    M   M        25 330
21  38  28  33  -4  32   0 0.31  0.2    T  6.9 13 120   M    M   M 16     16 120
22  63  30  47  10  18   0 0.00  0.0    0 11.7 24 150   M    M   M        33 150
23  59  41  50  12  15   0    T  0.0    0 13.8 31 320   M    M   M        41 330
================================================================================
SM 1174  610       598   0  0.45     1.3 229.0          M        M
================================================================================
AV 51.0 26.5                              10.0 FASTST   M    M   4    MAX(MPH)
                                 MISC ---->  # 41 320               # 60  310
================================================================================
NOTES:
# LAST OF SEVERAL OCCURRENCES

COLUMN 17 PEAK WIND IN M.P.H.

PRELIMINARY LOCAL CLIMATOLOGICAL DATA (WS FORM: F-6) , PAGE 2

                                          STATION:  EAST RAPID CITY SD
                                          MONTH:    MARCH
                                          YEAR:     2017
                                          LATITUDE:   44  4 N
                                          LONGITUDE: 103 13 W

[TEMPERATURE DATA]      [PRECIPITATION DATA]       SYMBOLS USED IN COLUMN 16

AVERAGE MONTHLY: 38.8   TOTAL FOR MONTH:   0.45    1 = FOG OR MIST
DPTR FM NORMAL:   4.1   DPTR FM NORMAL:   -0.19    2 = FOG REDUCING VISIBILITY
HIGHEST:    74 ON 18    GRTST 24HR  0.31 ON 21-21      TO 1/4 MILE OR LESS
LOWEST:      8 ON 13                               3 = THUNDER
                        SNOW, ICE PELLETS, HAIL    4 = ICE PELLETS
                        TOTAL MONTH:   1.3 INCHES  5 = HAIL
                        GRTST 24HR   0.5 ON 13-13  6 = FREEZING RAIN OR DRIZZLE
                        GRTST DEPTH:   1 ON 13     7 = DUSTSTORM OR SANDSTORM:
                                                       VSBY 1/2 MILE OR LESS
                                                   8 = SMOKE OR HAZE
[NO. OF DAYS WITH]      [WEATHER - DAYS WITH]      9 = BLOWING SNOW
                                                   X = TORNADO
MAX 32 OR BELOW:   4    0.01 INCH OR MORE:   3
MAX 90 OR ABOVE:   0    0.10 INCH OR MORE:   2
MIN 32 OR BELOW:  16    0.50 INCH OR MORE:   0
MIN  0 OR BELOW:   0    1.00 INCH OR MORE:   0

[HDD (BASE 65) ]
TOTAL THIS MO.   598    CLEAR  (SCALE 0-3)   0
DPTR FM NORMAL  -101    PTCLDY (SCALE 4-7)   0
TOTAL FM JUL 1  5194    CLOUDY (SCALE 8-10)  0
DPTR FM NORMAL  -459

[CDD (BASE 65) ]
TOTAL THIS MO.     0
DPTR FM NORMAL     0    [PRESSURE DATA]
TOTAL FM JAN 1     0    HIGHEST SLP M ON M
DPTR FM NORMAL     0    LOWEST  SLP 28.88 ON  6

[REMARKS]
