000
CXUS56 KSTO 231355
CF6VCB
PRELIMINARY LOCAL CLIMATOLOGICAL DATA (WS FORM: F-6)

                                          STATION:   VACAVILLE AIRPORT CA
                                          MONTH:     MAY
                                          YEAR:      2015
                                          LATITUDE:   38 22 N
                                          LONGITUDE: 121 58 W

  TEMPERATURE IN F:       :PCPN:    SNOW:  WIND      :SUNSHINE: SKY     :PK WND
================================================================================
1   2   3   4   5  6A  6B    7    8   9   10  11  12  13   14  15   16   17  18
                                     12Z  AVG MX 2MIN
DY MAX MIN AVG DEP HDD CDD  WTR  SNW DPTH SPD SPD DIR MIN PSBL S-S WX    SPD DR
================================================================================

 1  91  51  71   9   0   6 0.00  0.0    0  5.9 15 270   M    M   0        20 200
 2  87  54  71   9   0   6 0.00  0.0    0  8.2 16 220   M    M   0        23 220
 3  75  52  64   1   1   0 0.00  0.0    0  9.6 21 220   M    M   0        29 210
 4  78  46  62  -1   3   0 0.00  0.0    0  9.0 17 190   M    M   0        24 220
 5  77  50  64   1   1   0 0.00  0.0    0  7.2 16 220   M    M   0        23 210
 6  79  49  64   0   1   0 0.00  0.0    0  6.1 17 240   M    M   1        21 230
 7  72  48  60  -4   5   0 0.00  0.0    0  9.3 26 340   M    M   4        39 330
 8  76  43  60  -4   5   0 0.00  0.0    0  5.8 16 220   M    M   0        22 210
 9  81  50  66   2   0   1 0.00  0.0    0  8.3 15 220   M    M   0        20 220
10  77  50  64   0   1   0 0.00  0.0    0  8.9 15 190   M    M   0        20 190
11  75  54  65   0   0   0 0.00  0.0    0 11.2 21 230   M    M   0        28 220
12  72  44  58  -7   7   0 0.00  0.0    0  6.2 20 220   M    M   0        27 190
13  70  51  61  -4   4   0 0.00  0.0    0  9.4 21 230   M    M   0        30 220
14  72  48  60  -5   5   0 0.00  0.0    0  5.9 18 260   M    M   2 3      25 230
15  74  51  63  -3   2   0 0.00  0.0    0  9.6 20 230   M    M   1        26 230
16  74  49  62  -4   3   0 0.00  0.0    0  8.6 17 210   M    M   0        25 220
17  70  54  62  -4   3   0 0.00  0.0    0  8.9 17 240   M    M   0        23 220
18  73  48  61  -5   4   0 0.00  0.0    0  9.1 18 250   M    M   0        27 230
19  76  53  65  -1   0   0 0.00  0.0    0  9.3 15 210   M    M   0        23 210
20  75  52  64  -3   1   0 0.00  0.0    0 11.5 21 220   M    M   0        29 240
21  75  53  64  -3   1   0 0.00  0.0    0  8.4 20 230   M    M   2        29 210
22  75  50  63  -4   2   0 0.00  0.0    0  9.0 21 220   M    M   3        28 210
================================================================================
SM 1674 1100        49  13  0.00     0.0 185.4          M       13
================================================================================
AV 76.1 50.0                               8.4 FASTST   M    M   1    MAX(MPH)
                                 MISC ---->  # 26 340               # 39  330
================================================================================
NOTES:
# LAST OF SEVERAL OCCURRENCES

COLUMN 17 PEAK WIND IN M.P.H.

PRELIMINARY LOCAL CLIMATOLOGICAL DATA (WS FORM: F-6) , PAGE 2

                                          STATION:  VACAVILLE AIRPORT CA
                                          MONTH:    MAY
                                          YEAR:     2015
                                          LATITUDE:   38 22 N
                                          LONGITUDE: 121 58 W

[TEMPERATURE DATA]      [PRECIPITATION DATA]       SYMBOLS USED IN COLUMN 16

AVERAGE MONTHLY: 63.0   TOTAL FOR MONTH:   0.00    1 = FOG OR MIST
DPTR FM NORMAL:  -1.7   DPTR FM NORMAL:   -0.58    2 = FOG REDUCING VISIBILITY
HIGHEST:    91 ON  1    GRTST 24HR  0.00 ON 22-22      TO 1/4 MILE OR LESS
LOWEST:     43 ON  8                               3 = THUNDER
                        SNOW, ICE PELLETS, HAIL    4 = ICE PELLETS
                        TOTAL MONTH:   0.0 INCH    5 = HAIL
                        GRTST 24HR     0.0         6 = FREEZING RAIN OR DRIZZLE
                        GRTST DEPTH:   0           7 = DUSTSTORM OR SANDSTORM:
                                                       VSBY 1/2 MILE OR LESS
                                                   8 = SMOKE OR HAZE
[NO. OF DAYS WITH]      [WEATHER - DAYS WITH]      9 = BLOWING SNOW
                                                   X = TORNADO
MAX 32 OR BELOW:   0    0.01 INCH OR MORE:   0
MAX 90 OR ABOVE:   1    0.10 INCH OR MORE:   0
MIN 32 OR BELOW:   0    0.50 INCH OR MORE:   0
MIN  0 OR BELOW:   0    1.00 INCH OR MORE:   0

[HDD (BASE 65) ]
TOTAL THIS MO.    49    CLEAR  (SCALE 0-3)  21
DPTR FM NORMAL   -15    PTCLDY (SCALE 4-7)   1
TOTAL FM JUL 1  1681    CLOUDY (SCALE 8-10)  0
DPTR FM NORMAL  -887

[CDD (BASE 65) ]
TOTAL THIS MO.    13
DPTR FM NORMAL   -44    [PRESSURE DATA]
TOTAL FM JAN 1    53    HIGHEST SLP M ON M
DPTR FM NORMAL   -24    LOWEST  SLP 30.11 ON 14

[REMARKS]
