000
CXUS56 KSTO 270236
CF6VCB
PRELIMINARY LOCAL CLIMATOLOGICAL DATA (WS FORM: F-6)

                                          STATION:   VACAVILLE AIRPORT CA
                                          MONTH:     MAY
                                          YEAR:      2017
                                          LATITUDE:   38 22 N
                                          LONGITUDE: 121 58 W

  TEMPERATURE IN F:       :PCPN:    SNOW:  WIND      :SUNSHINE: SKY     :PK WND
================================================================================
1   2   3   4   5  6A  6B    7    8   9   10  11  12  13   14  15   16   17  18
                                     12Z  AVG MX 2MIN
DY MAX MIN AVG DEP HDD CDD  WTR  SNW DPTH SPD SPD DIR MIN PSBL S-S WX    SPD DR
================================================================================

 1  91  54  73  11   0   8 0.00  0.0    0 10.2 24 350   M    M   0        32 350
 2  93  68  81  19   0  16 0.00  0.0    0  9.6 23 350   M    M   0        31 360
 3  96  66  81  18   0  16 0.00  0.0    0  7.7 17 360   M    M   0        22 360
 4  87  58  73  10   0   8 0.00  0.0    0  7.0 17 210   M    M   0        21 210
 5  79  54  67   4   0   2 0.00  0.0    0 11.2 21 200   M    M   0        26 210
 6  72  51  62  -2   3   0 0.00  0.0    0  6.9 16 350   M    M   2        21 350
 7  78  58  68   4   0   3 0.00  0.0    0  9.4 25  20   M    M   0        34  10
 8  85  50  68   4   0   3 0.00  0.0    0  5.3 18  20   M    M   0        24  10
 9  88  51  70   6   0   5 0.00  0.0    0  6.7 22 220   M    M   0        29 220
10  73  52  63  -1   2   0 0.00  0.0    0 20.9 29 220   M    M   0        39 220
11  72  52  62  -3   3   0 0.00  0.0    0 12.8 26 210   M    M   1        31 210
12  73  49  61  -4   4   0 0.00  0.0    0  8.2 20 250   M    M   1        26 240
13  71  47  59  -6   6   0 0.00  0.0    0  6.3 18 220   M    M   0        24 240
14  72  46  59  -6   6   0 0.00  0.0    0  5.8 18 270   M    M   1        23 280
15  77  47  62  -4   3   0 0.00  0.0    0  9.0 18 220   M    M   1        25 220
16  69  51  60  -6   5   0 0.00  0.0    0 11.8 22 240   M    M   3        27 240
17  80  44  62  -4   3   0 0.00  0.0    0  4.8 17  30   M    M   0        23 350
18  88  49  69   3   0   4 0.00  0.0    0  7.2 21 350   M    M   0        26 350
19  91  50  71   5   0   6 0.00  0.0    0  3.5 15 230   M    M   0        20 210
20  93  53  73   6   0   8 0.00  0.0    0  3.9 14 240   M    M   0        18 220
21  96  56  76   9   0  11 0.00  0.0    0  3.8 15  10   M    M   0        21  20
22  97  57  77  10   0  12 0.00  0.0    0  4.1 14 250   M    M   0        18 240
23  96  57  77  10   0  12 0.00  0.0    0  5.8 14 220   M    M   0        18 230
24  84  58  71   3   0   6 0.00  0.0    0 14.3 32 210   M    M   0        39 200
25  70  55  63  -5   2   0 0.00  0.0    0 16.9 30 240   M    M   2        39 230
================================================================================
SM 2071 1333        37 120  0.00     0.0 213.1          M       11
================================================================================
AV 82.8 53.3                               8.5 FASTST   M    M   0    MAX(MPH)
                                 MISC ---->  # 32 210               # 39  220
================================================================================
NOTES:
# LAST OF SEVERAL OCCURRENCES

COLUMN 17 PEAK WIND IN M.P.H.

PRELIMINARY LOCAL CLIMATOLOGICAL DATA (WS FORM: F-6) , PAGE 2

                                          STATION:  VACAVILLE AIRPORT CA
                                          MONTH:    MAY
                                          YEAR:     2017
                                          LATITUDE:   38 22 N
                                          LONGITUDE: 121 58 W

[TEMPERATURE DATA]      [PRECIPITATION DATA]       SYMBOLS USED IN COLUMN 16

AVERAGE MONTHLY: 68.1   TOTAL FOR MONTH:   0.00    1 = FOG OR MIST
DPTR FM NORMAL:   3.0   DPTR FM NORMAL:   -0.62    2 = FOG REDUCING VISIBILITY
HIGHEST:    97 ON 22    GRTST 24HR  0.00 ON 25-25      TO 1/4 MILE OR LESS
LOWEST:     44 ON 17                               3 = THUNDER
                        SNOW, ICE PELLETS, HAIL    4 = ICE PELLETS
                        TOTAL MONTH:   0.0 INCH    5 = HAIL
                        GRTST 24HR     0.0         6 = FREEZING RAIN OR DRIZZLE
                        GRTST DEPTH:   0           7 = DUSTSTORM OR SANDSTORM:
                                                       VSBY 1/2 MILE OR LESS
                                                   8 = SMOKE OR HAZE
[NO. OF DAYS WITH]      [WEATHER - DAYS WITH]      9 = BLOWING SNOW
                                                   X = TORNADO
MAX 32 OR BELOW:   0    0.01 INCH OR MORE:   0
MAX 90 OR ABOVE:   8    0.10 INCH OR MORE:   0
MIN 32 OR BELOW:   0    0.50 INCH OR MORE:   0
MIN  0 OR BELOW:   0    1.00 INCH OR MORE:   0

[HDD (BASE 65) ]
TOTAL THIS MO.    37    CLEAR  (SCALE 0-3)  24
DPTR FM NORMAL   -33    PTCLDY (SCALE 4-7)   1
TOTAL FM JUL 1  2216    CLOUDY (SCALE 8-10)  0
DPTR FM NORMAL  -358

[CDD (BASE 65) ]
TOTAL THIS MO.   120
DPTR FM NORMAL    51    [PRESSURE DATA]
TOTAL FM JAN 1   133    HIGHEST SLP M ON M
DPTR FM NORMAL    44    LOWEST  SLP 29.63 ON 24

[REMARKS]
