000
CXUS54 KCRP 181300
CF6VCT
PRELIMINARY LOCAL CLIMATOLOGICAL DATA (WS FORM: F-6)

                                          STATION:   VICTORIA
                                          MONTH:     JANUARY
                                          YEAR:      2017
                                          LATITUDE:   28 51 N
                                          LONGITUDE:  96 55 W

  TEMPERATURE IN F:       :PCPN:    SNOW:  WIND      :SUNSHINE: SKY     :PK WND
================================================================================
1   2   3   4   5  6A  6B    7    8   9   10  11  12  13   14  15   16   17  18
                                     12Z  AVG MX 2MIN
DY MAX MIN AVG DEP HDD CDD  WTR  SNW DPTH SPD SPD DIR MIN PSBL S-S WX    SPD DR
================================================================================

 1  79  57  68  14   0   3 0.01  0.0    0  6.2 13 180   M    M   6 12     16 180
 2  80  54  67  13   0   2    T  0.0    0  9.6 22 320   M    M   4 128    27 310
 3  81  46  64  10   1   0 0.00  0.0    0  8.6 21  10   M    M   0 1      26  20
 4  57  41  49  -5  16   0 0.00  0.0    0  8.3 20  10   M    M   3        28  10
 5  66  47  57   3   8   0 0.00  0.0    0  7.7 23  10   M    M  10        28  10
 6  47  27  37 -17  28   0 0.01    M    0 18.2 28 350   M    M   9        35 360
 7  45  21  33 -21  32   0 0.00  0.0    0 10.9 21 350   M    M   0        26 340
 8  57  20  39 -15  26   0 0.00  0.0    0  6.8 15 140   M    M   2        18 150
 9  75  48  62   8   3   0 0.00  0.0    0  8.8 24 170   M    M   7        29 170
10  80  58  69  15   0   4 0.00  0.0    0 15.3 32 180   M    M   2 12     43 190
11  81  57  69  15   0   4 0.00  0.0    0 15.9 32 170   M    M   7 12     41 170
12  82  67  75  21   0  10 0.00  0.0    0 14.5 28 160   M    M   9        34 160
13  83  68  76  22   0  11 0.00  0.0    0 11.5 22 150   M    M   8 1      27 130
14  80  66  73  19   0   8 0.00  0.0    0 11.8 21 130   M    M   7 1      25 160
15  82  66  74  20   0   9    T  0.0    0 17.1 33 150   M    M  10 1      41 150
16  78  68  73  19   0   8 0.13  0.0    0 13.0 26 150   M    M  10 1      32 140
17  72  60  66  12   0   1 0.64  0.0    0  9.2 20 250   M    M  10 13     26 230
================================================================================
SM 1225  871       114  60  0.79     0.0 193.4          M      104
================================================================================
AV 72.1 51.2                              11.4 FASTST   M    M   6    MAX(MPH)
                                 MISC ---->  # 33 150               # 43  190
================================================================================
NOTES:
# LAST OF SEVERAL OCCURRENCES

COLUMN 17 PEAK WIND IN M.P.H.

PRELIMINARY LOCAL CLIMATOLOGICAL DATA (WS FORM: F-6) , PAGE 2

                                          STATION:  VICTORIA
                                          MONTH:    JANUARY
                                          YEAR:     2017
                                          LATITUDE:   28 51 N
                                          LONGITUDE:  96 55 W

[TEMPERATURE DATA]      [PRECIPITATION DATA]       SYMBOLS USED IN COLUMN 16

AVERAGE MONTHLY: 61.6   TOTAL FOR MONTH:   0.79    1 = FOG OR MIST
DPTR FM NORMAL:   7.6   DPTR FM NORMAL:   -0.62    2 = FOG REDUCING VISIBILITY
HIGHEST:    83 ON 13    GRTST 24HR  0.64 ON 17-17      TO 1/4 MILE OR LESS
LOWEST:     20 ON  8                               3 = THUNDER
                        SNOW, ICE PELLETS, HAIL    4 = ICE PELLETS
                        TOTAL MONTH:   0.0 INCH    5 = HAIL
                        GRTST 24HR     0.0         6 = FREEZING RAIN OR DRIZZLE
                        GRTST DEPTH:   0           7 = DUSTSTORM OR SANDSTORM:
                                                       VSBY 1/2 MILE OR LESS
                                                   8 = SMOKE OR HAZE
[NO. OF DAYS WITH]      [WEATHER - DAYS WITH]      9 = BLOWING SNOW
                                                   X = TORNADO
MAX 32 OR BELOW:   0    0.01 INCH OR MORE:   4
MAX 90 OR ABOVE:   0    0.10 INCH OR MORE:   2
MIN 32 OR BELOW:   3    0.50 INCH OR MORE:   1
MIN  0 OR BELOW:   0    1.00 INCH OR MORE:   0

[HDD (BASE 65) ]
TOTAL THIS MO.   114    CLEAR  (SCALE 0-3)   5
DPTR FM NORMAL   -90    PTCLDY (SCALE 4-7)   6
TOTAL FM JUL 1   399    CLOUDY (SCALE 8-10)  6
DPTR FM NORMAL  -299

[CDD (BASE 65) ]
TOTAL THIS MO.    60
DPTR FM NORMAL    53    [PRESSURE DATA]
TOTAL FM JAN 1    60    HIGHEST SLP M ON M
DPTR FM NORMAL    53    LOWEST  SLP 29.75 ON  2

[REMARKS]
