000
CXUS51 KBTV 270700
CF6VSF
PRELIMINARY LOCAL CLIMATOLOGICAL DATA (WS FORM: F-6)

                                          STATION:   SPRINGFIELD VT
                                          MONTH:     DECEMBER
                                          YEAR:      2014
                                          LATITUDE:   43 19 N
                                          LONGITUDE:  72 31 W

  TEMPERATURE IN F:       :PCPN:    SNOW:  WIND      :SUNSHINE: SKY     :PK WND
================================================================================
1   2   3   4   5  6A  6B    7    8   9   10  11  12  13   14  15   16   17  18
                                     12Z  AVG MX 2MIN
DY MAX MIN AVG DEP HDD CDD  WTR  SNW DPTH SPD SPD DIR MIN PSBL S-S WX    SPD DR
================================================================================

 1   M   M   M   M   M   M    M    M    M   M   M   M   M    M   M         M  M
 2  33  21  27  -4  38   0 0.16    M    M  4.8 15 110   M    M  10 18     23 100
 3  38  27  33   3  32   0 0.37    M    0  2.3 21 270   M    M  10 126    29 260
 4  36  16  26  -4  39   0    T    M    0  6.8 15 280   M    M   6        24 270
 5  33  12  23  -7  42   0 0.08    M    0  0.7  9 130   M    M   4 1      14 110
 6  36  28  32   3  33   0 0.69    M    0  1.0 16 360   M    M  10 16     26 350
 7  34  11  23  -6  42   0 0.00  0.0    0  6.8 15  10   M    M   3        26 360
 8  21   6  14 -14  51   0 0.00  0.0    0  2.0  8 140   M    M   4 1      13  40
 9  35  20  28   0  37   0 1.08    M    0  4.5 16  20   M    M  10 16     28 360
10  36  32  34   6  31   0 0.49    M    0  4.1 12  10   M    M  10 1      18  10
11  33  29  31   4  34   0 0.03    M    0  0.9  9 270   M    M  10 16     12 270
12  33  25  29   2  36   0    T    M    0  3.4 10 310   M    M  10 1      16 320
13  34  28  31   5  34   0 0.00  0.0    0  6.0 17 280   M    M   8        22 320
14  36  23  30   4  35   0 0.00  0.0    0  3.6 12 330   M    M   9        16 300
15  34  29  32   6  33   0 0.00  0.0    0  3.6  9  50   M    M  10        15  40
16  34  29  32   7  33   0 0.07    M    0  0.6  7 150   M    M  10 1       8 160
17  38  32  35  10  30   0 0.25    M    0  0.3  6 170   M    M  10 1       8 310
18  38  31  35  10  30   0 0.00  0.0    0  7.9 18 300   M    M  10        26 270
19  31  22  27   3  38   0 0.00  0.0    0  6.5 14 290   M    M   9        19 290
20  33  15  24   0  41   0 0.00  0.0    0  1.2 12  20   M    M   3 8      16  20
21  31  25  28   4  37   0 0.02    M    0  0.0  3 160   M    M  10 18      5 170
22  34  28  31   8  34   0 0.01    M    0  0.1  5  30   M    M  10 18      5  20
23  34  32  33  10  32   0 0.51    M    0  0.0  3  40   M    M  10 12      4 320
24  36  32  34  11  31   0 0.59    M    0  0.0  5 300   M    M  10 12      4 300
25  46  33  40  18  25   0 0.12    M    0 10.2 29 270   M    M   8 12     42 250
26  44  27  36  14  29   0 0.00  0.0    0  5.8 22 270   M    M   5 1      27 320
================================================================================
SM  871  613       877   0  4.47     0.0  83.1          M      209
================================================================================
AV 34.8 24.5                               3.3 FASTST   M    M   8    MAX(MPH)
                                 MISC ---->  # 29 270               # 42  250
================================================================================
NOTES:
# LAST OF SEVERAL OCCURRENCES

COLUMN 17 PEAK WIND IN M.P.H.

PRELIMINARY LOCAL CLIMATOLOGICAL DATA (WS FORM: F-6) , PAGE 2

                                          STATION:  SPRINGFIELD VT
                                          MONTH:    DECEMBER
                                          YEAR:     2014
                                          LATITUDE:   43 19 N
                                          LONGITUDE:  72 31 W

[TEMPERATURE DATA]      [PRECIPITATION DATA]       SYMBOLS USED IN COLUMN 16

AVERAGE MONTHLY: 29.7   TOTAL FOR MONTH:   4.47    1 = FOG OR MIST
DPTR FM NORMAL:   3.3   DPTR FM NORMAL:    1.66    2 = FOG REDUCING VISIBILITY
HIGHEST:    46 ON 25    GRTST 24HR  1.10 ON  9-10      TO 1/4 MILE OR LESS
LOWEST:      6 ON  8                               3 = THUNDER
                        SNOW, ICE PELLETS, HAIL    4 = ICE PELLETS
                        TOTAL MONTH:   0.0 INCH    5 = HAIL
                        GRTST 24HR     0.0         6 = FREEZING RAIN OR DRIZZLE
                        GRTST DEPTH:   0           7 = DUSTSTORM OR SANDSTORM:
                                                       VSBY 1/2 MILE OR LESS
                                                   8 = SMOKE OR HAZE
[NO. OF DAYS WITH]      [WEATHER - DAYS WITH]      9 = BLOWING SNOW
                                                   X = TORNADO
MAX 32 OR BELOW:   3    0.01 INCH OR MORE:  14
MAX 90 OR ABOVE:   0    0.10 INCH OR MORE:   9
MIN 32 OR BELOW:  24    0.50 INCH OR MORE:   4
MIN  0 OR BELOW:   0    1.00 INCH OR MORE:   1

[HDD (BASE 65) ]
TOTAL THIS MO.   877    CLEAR  (SCALE 0-3)   1
DPTR FM NORMAL  -126    PTCLDY (SCALE 4-7)   7
TOTAL FM JUL 1  2280    CLOUDY (SCALE 8-10) 17
DPTR FM NORMAL  -366

[CDD (BASE 65) ]
TOTAL THIS MO.     0
DPTR FM NORMAL     0    [PRESSURE DATA]
TOTAL FM JAN 1   282    HIGHEST SLP M ON M
DPTR FM NORMAL   -63    LOWEST  SLP 29.42 ON 25

[REMARKS]
