000
CXUS55 KLBF 171200
CF6VTN
PRELIMINARY LOCAL CLIMATOLOGICAL DATA (WS FORM: F-6)

                                          STATION:   VALENTINE
                                          MONTH:     FEBRUARY
                                          YEAR:      2018
                                          LATITUDE:   42 52 N
                                          LONGITUDE: 100 33 W

  TEMPERATURE IN F:       :PCPN:    SNOW:  WIND      :SUNSHINE: SKY     :PK WND
================================================================================
1   2   3   4   5  6A  6B    7    8   9   10  11  12  13   14  15   16   17  18
                                     12Z  AVG MX 2MIN
DY MAX MIN AVG DEP HDD CDD  WTR  SNW DPTH SPD SPD DIR MIN PSBL S-S WX    SPD DR
================================================================================

 1  24   7  16  -8  49   0 0.00  0.0    T  8.7 18  20   M    M   4        24  30
 2  47   8  28   3  37   0 0.00  0.0    T  5.2 13 260   M    M   1 1      15 250
 3  49   6  28   3  37   0 0.01  0.2    T 12.0 28 320   M    M   6 8      35 320
 4  16   1   9 -16  56   0 0.02  0.5    1 11.3 25 210   M    M   4 8      30 210
 5  21   5  13 -12  52   0 0.04    T    1 11.0 26 340   M    M   6 168    32 330
 6  29   7  18  -7  47   0 0.01  0.3    1 10.5 20 190   M    M   7 8      23 180
 7  35  -1  17  -8  48   0    T    T    1  9.6 23 210   M    M   5        27 210
 8  28  10  19  -7  46   0 0.01  0.2    1 11.1 21  30   M    M  10 168    27  50
 9  10  -9   1 -25  64   0 0.22  2.6    1  8.8 21  10   M    M   9 18     27  10
10   8 -17  -4 -30  69   0 0.00  0.0    3  6.7 12 220   M    M   1        14 230
11  31  -9  11 -15  54   0    T    T    3  9.0 17  40   M    M   1 8      21  30
12  16   8  12 -14  53   0    T    T    2 13.4 25 120   M    M   9 18     32 120
13  43   6  25  -1  40   0 0.00  0.0    2  7.8 21 160   M    M   1        24 170
14  54  18  36   9  29   0 0.00  0.0    1 13.2 29 240   M    M   0        37 250
15  36   8  22  -5  43   0 0.01    T    T 11.1 28 350   M    M   7 168    35 350
16  44   3  24  -3  41   0    T    T    T 12.3 28 200   M    M   1        36 200
================================================================================
SM  491   51       765   0  0.32     3.8 161.7          M       72
================================================================================
AV 30.7  3.2                              10.1 FASTST   M    M   5    MAX(MPH)
                                 MISC ---->  # 29 240               # 37  250
================================================================================
NOTES:
# LAST OF SEVERAL OCCURRENCES

COLUMN 17 PEAK WIND IN M.P.H.

PRELIMINARY LOCAL CLIMATOLOGICAL DATA (WS FORM: F-6) , PAGE 2

                                          STATION:  VALENTINE
                                          MONTH:    FEBRUARY
                                          YEAR:     2018
                                          LATITUDE:   42 52 N
                                          LONGITUDE: 100 33 W

[TEMPERATURE DATA]      [PRECIPITATION DATA]       SYMBOLS USED IN COLUMN 16

AVERAGE MONTHLY: 16.9   TOTAL FOR MONTH:   0.32    1 = FOG OR MIST
DPTR FM NORMAL:  -8.8   DPTR FM NORMAL:    0.10    2 = FOG REDUCING VISIBILITY
HIGHEST:    54 ON 14    GRTST 24HR  0.22 ON  9- 9      TO 1/4 MILE OR LESS
LOWEST:    -17 ON 10                               3 = THUNDER
                        SNOW, ICE PELLETS, HAIL    4 = ICE PELLETS
                        TOTAL MONTH:   3.8 INCHES  5 = HAIL
                        GRTST 24HR   2.6 ON  9- 9  6 = FREEZING RAIN OR DRIZZLE
                        GRTST DEPTH:   3 ON 11,10  7 = DUSTSTORM OR SANDSTORM:
                                                       VSBY 1/2 MILE OR LESS
                                                   8 = SMOKE OR HAZE
[NO. OF DAYS WITH]      [WEATHER - DAYS WITH]      9 = BLOWING SNOW
                                                   X = TORNADO
MAX 32 OR BELOW:   9    0.01 INCH OR MORE:   7
MAX 90 OR ABOVE:   0    0.10 INCH OR MORE:   1
MIN 32 OR BELOW:  16    0.50 INCH OR MORE:   0
MIN  0 OR BELOW:   4    1.00 INCH OR MORE:   0

[HDD (BASE 65) ]
TOTAL THIS MO.   765    CLEAR  (SCALE 0-3)   6
DPTR FM NORMAL   138    PTCLDY (SCALE 4-7)   7
TOTAL FM JUL 1  4561    CLOUDY (SCALE 8-10)  3
DPTR FM NORMAL  -244

[CDD (BASE 65) ]
TOTAL THIS MO.     0
DPTR FM NORMAL     0    [PRESSURE DATA]
TOTAL FM JAN 1     0    HIGHEST SLP M ON M
DPTR FM NORMAL     0    LOWEST  SLP 29.72 ON 15

[REMARKS]
