000
CXUS56 KPQR 181330
CF6VUO
PRELIMINARY LOCAL CLIMATOLOGICAL DATA (WS FORM: F-6)

                                          STATION:   VANCOUVER WA
                                          MONTH:     DECEMBER
                                          YEAR:      2014
                                          LATITUDE:   45 37 N
                                          LONGITUDE: 122 39 W

  TEMPERATURE IN F:       :PCPN:    SNOW:  WIND      :SUNSHINE: SKY     :PK WND
================================================================================
1   2   3   4   5  6A  6B    7    8   9   10  11  12  13   14  15   16   17  18
                                     12Z  AVG MX 2MIN
DY MAX MIN AVG DEP HDD CDD  WTR  SNW DPTH SPD SPD DIR MIN PSBL S-S WX    SPD DR
================================================================================

 1  37  24  31 -12  34   0 0.00  0.0    0  4.1  9 140   M    M   6 1      13 140
 2  40  20  30 -12  35   0 0.00  0.0    0  3.2 17 110   M    M   1 1      23 100
 3  49  37  43   1  22   0 0.02    M    0  9.6 18 110   M    M   7        26 110
 4  41  36  39  -3  26   0 0.94    M    0  6.0 10 120   M    M  10 1      15 170
 5  47  37  42   0  23   0 0.21    M    0  5.1 18 120   M    M   7 1      24 120
 6  55  39  47   5  18   0 0.37    M    0  6.3 17 120   M    M   9 1      22 110
 7  50  32  41   0  24   0    T    M    0  3.1 13 130   M    M   2 1      19 130
 8  50  39  45   4  20   0    T    M    0  7.9 20 120   M    M   6        24 120
 9  54  45  50   9  15   0 0.42    M    0  9.9 17 120   M    M   8 1      22 120
10  56  48  52  11  13   0 0.55    M    0 10.1 20 120   M    M   6 1      25 250
11  64  42  53  12  12   0 0.18    M    0  9.3 32 200   M    M   6 1      60 190
12  54  39  47   6  18   0 0.35    M    0  1.3 20 280   M    M   7 1      25 280
13  48  37  43   3  22   0 0.00  0.0    0  1.7  6 320   M    M  10 12      8 130
14  52  34  43   3  22   0 0.00  0.0    0  8.0 21  90   M    M   4 12     32 110
15  50  44  47   7  18   0    T    M    0 11.3 21 110   M    M   6        29 120
16  49  39  44   4  21   0 0.03    M    0  2.6 12 130   M    M   5        17 120
17  47  34  41   1  24   0 0.07    M    0  4.9 13 120   M    M  10 18     17 120
================================================================================
SM  843  626       367   0  3.14     0.0 104.4          M      110
================================================================================
AV 49.6 36.8                               6.1 FASTST   M    M   6    MAX(MPH)
                                 MISC ---->  # 32 200               # 60  190
================================================================================
NOTES:
# LAST OF SEVERAL OCCURRENCES

COLUMN 17 PEAK WIND IN M.P.H.

PRELIMINARY LOCAL CLIMATOLOGICAL DATA (WS FORM: F-6) , PAGE 2

                                          STATION:  VANCOUVER WA
                                          MONTH:    DECEMBER
                                          YEAR:     2014
                                          LATITUDE:   45 37 N
                                          LONGITUDE: 122 39 W

[TEMPERATURE DATA]      [PRECIPITATION DATA]       SYMBOLS USED IN COLUMN 16

AVERAGE MONTHLY: 43.2   TOTAL FOR MONTH:   3.14    1 = FOG OR MIST
DPTR FM NORMAL:   2.1   DPTR FM NORMAL:   -0.42    2 = FOG REDUCING VISIBILITY
HIGHEST:    64 ON 11    GRTST 24HR  0.98 ON  4- 5      TO 1/4 MILE OR LESS
LOWEST:     20 ON  2                               3 = THUNDER
                        SNOW, ICE PELLETS, HAIL    4 = ICE PELLETS
                        TOTAL MONTH:   0.0 INCH    5 = HAIL
                        GRTST 24HR     0.0         6 = FREEZING RAIN OR DRIZZLE
                        GRTST DEPTH:   0           7 = DUSTSTORM OR SANDSTORM:
                                                       VSBY 1/2 MILE OR LESS
                                                   8 = SMOKE OR HAZE
[NO. OF DAYS WITH]      [WEATHER - DAYS WITH]      9 = BLOWING SNOW
                                                   X = TORNADO
MAX 32 OR BELOW:   0    0.01 INCH OR MORE:  10
MAX 90 OR ABOVE:   0    0.10 INCH OR MORE:   7
MIN 32 OR BELOW:   3    0.50 INCH OR MORE:   2
MIN  0 OR BELOW:   0    1.00 INCH OR MORE:   0

[HDD (BASE 65) ]
TOTAL THIS MO.   367    CLEAR  (SCALE 0-3)   2
DPTR FM NORMAL   -39    PTCLDY (SCALE 4-7)  10
TOTAL FM JUL 1  1175    CLOUDY (SCALE 8-10)  5
DPTR FM NORMAL  -260

[CDD (BASE 65) ]
TOTAL THIS MO.     0
DPTR FM NORMAL     0    [PRESSURE DATA]
TOTAL FM JAN 1   531    HIGHEST SLP M ON M
DPTR FM NORMAL   157    LOWEST  SLP 29.12 ON 11

[REMARKS]
