000
CXUS51 KAKQ 271705
CF6WAL
PRELIMINARY LOCAL CLIMATOLOGICAL DATA (WS FORM: F-6)

                                          STATION:   WALLOPS ISLAND VA
                                          MONTH:     FEBRUARY
                                          YEAR:      2015
                                          LATITUDE:   37 55 N
                                          LONGITUDE:  75 28 W

  TEMPERATURE IN F:       :PCPN:    SNOW:  WIND      :SUNSHINE: SKY     :PK WND
================================================================================
1   2   3   4   5  6A  6B    7    8   9   10  11  12  13   14  15   16   17  18
                                     12Z  AVG MX 2MIN
DY MAX MIN AVG DEP HDD CDD  WTR  SNW DPTH SPD SPD DIR MIN PSBL S-S WX    SPD DR
================================================================================

 1  41  18  30  -7  35   0 0.07  0.0    0  6.0 18 200   M    M   3        25 150
 2  59  26  43   6  22   0 0.21  0.0    0 18.9 35 330   M    M   8 1      49 330
 3  35  20  28  -9  37   0 0.00  0.0    0  8.2 15 340   M    M   1        30 340
 4  44  26  35  -2  30   0 0.00  0.0    0 13.7 22 220   M    M   3        29 220
 5  46  21  34  -3  31   0 0.00  0.0    0 12.8 26 350   M    M   3        40  20
 6  34  15  25 -12  40   0 0.00  0.0    0  6.9 14 250   M    M   2        19 270
 7  43  22  33  -5  32   0 0.00  0.0    0  6.1 17 210   M    M   0        22 200
 8  60  29  45   7  20   0 0.00  0.0    0  6.7 20 220   M    M   0        27 320
 9  54  34  44   6  21   0 0.06  0.0    0  8.6 14  50   M    M   3 1      20 300
10  34  30  32  -6  33   0 0.25    T    0 11.3 20  30   M    M   9 1      27  20
11  34  24  29  -9  36   0 0.00  0.0    0  8.1 21  30   M    M   8        28  40
12  43  24  34  -4  31   0 0.02    M    0  8.9 26 340   M    M   5 1      40 340
13  26  14  20 -18  45   0 0.00  0.0    0 10.4 25 330   M    M   1        35 330
14  43  15  29  -9  36   0 0.08    T    0 16.1 33 320   M    M   6 1      48 340
15  21  11  16 -23  49   0 0.00  0.0    0 23.2 39 330   M    M   1        60 330
16  23   8  16 -23  49   0 0.36  3.5    0  9.2 20 340   M    M   4 1      29 340
17  28  15  22 -17  43   0 0.41  2.7    6  9.8 18 340   M    M   5 1      26 360
18  29  14  22 -17  43   0 0.04  0.8    5  6.6 21 340   M    M   2 1      30 340
19  24  10  17 -22  48   0    T    T    4 15.3 29 330   M    M   4        39 340
20  17  -1   8 -32  57   0    T  0.0    3 12.1 25 330   M    M   1        37 300
21  42   1  22 -18  43   0 0.38  0.0    3  9.2 21 220   M    M   6 1      24 220
22  47  31  39  -1  26   0 0.73  0.0    1  5.2 15 220   M    M  10 12     21 240
23  35  19  27 -13  38   0 0.00  0.0    T 10.7 20  10   M    M   7 128    32  20
24  25  13  19 -21  46   0 0.06  1.0    0  6.4 13  80   M    M   5 1      17  60
25  43  18  31  -9  34   0 0.00  0.0    1  7.0 17 350   M    M   1 1      24 360
26  34  21  28 -13  37   0 0.38  3.0    4 11.6 28  50   M    M   9 12     36  60
================================================================================
SM  964  478       962   0  3.05    11.0 269.0          M      107
================================================================================
AV 37.1 18.4                              10.3 FASTST   M    M   4    MAX(MPH)
                                 MISC ---->  # 39 330               # 60  330
================================================================================
NOTES:
# LAST OF SEVERAL OCCURRENCES

COLUMN 17 PEAK WIND IN M.P.H.

PRELIMINARY LOCAL CLIMATOLOGICAL DATA (WS FORM: F-6) , PAGE 2

                                          STATION:  WALLOPS ISLAND VA
                                          MONTH:    FEBRUARY
                                          YEAR:     2015
                                          LATITUDE:   37 55 N
                                          LONGITUDE:  75 28 W

[TEMPERATURE DATA]      [PRECIPITATION DATA]       SYMBOLS USED IN COLUMN 16

AVERAGE MONTHLY: 27.7   TOTAL FOR MONTH:   3.05    1 = FOG OR MIST
DPTR FM NORMAL: -10.8   DPTR FM NORMAL:    0.51    2 = FOG REDUCING VISIBILITY
HIGHEST:    60 ON  8    GRTST 24HR  1.11 ON 21-22      TO 1/4 MILE OR LESS
LOWEST:     -1 ON 20                               3 = THUNDER
                        SNOW, ICE PELLETS, HAIL    4 = ICE PELLETS
                        TOTAL MONTH:  11.0 INCHES  5 = HAIL
                        GRTST 24HR   3.5 ON 16-16  6 = FREEZING RAIN OR DRIZZLE
                        GRTST DEPTH:   6 ON 17     7 = DUSTSTORM OR SANDSTORM:
                                                       VSBY 1/2 MILE OR LESS
                                                   8 = SMOKE OR HAZE
[NO. OF DAYS WITH]      [WEATHER - DAYS WITH]      9 = BLOWING SNOW
                                                   X = TORNADO
MAX 32 OR BELOW:   8    0.01 INCH OR MORE:  13
MAX 90 OR ABOVE:   0    0.10 INCH OR MORE:   7
MIN 32 OR BELOW:  25    0.50 INCH OR MORE:   1
MIN  0 OR BELOW:   1    1.00 INCH OR MORE:   0

[HDD (BASE 65) ]
TOTAL THIS MO.   962    CLEAR  (SCALE 0-3)  10
DPTR FM NORMAL   273    PTCLDY (SCALE 4-7)  13
TOTAL FM JUL 1  3248    CLOUDY (SCALE 8-10)  3
DPTR FM NORMAL   215

[CDD (BASE 65) ]
TOTAL THIS MO.     0
DPTR FM NORMAL     0    [PRESSURE DATA]
TOTAL FM JAN 1     0    HIGHEST SLP 30.28 ON 24
DPTR FM NORMAL     0    LOWEST  SLP 29.36 ON  2

[REMARKS]
