000
CXUS55 KRIW 170945
CF6WRL
PRELIMINARY LOCAL CLIMATOLOGICAL DATA (WS FORM: F-6)

                                          STATION:   WORLAND WY
                                          MONTH:     JANUARY
                                          YEAR:      2018
                                          LATITUDE:   43 58 N
                                          LONGITUDE: 107 57 W

  TEMPERATURE IN F:       :PCPN:    SNOW:  WIND      :SUNSHINE: SKY     :PK WND
================================================================================
1   2   3   4   5  6A  6B    7    8   9   10  11  12  13   14  15   16   17  18
                                     12Z  AVG MX 2MIN
DY MAX MIN AVG DEP HDD CDD  WTR  SNW DPTH SPD SPD DIR MIN PSBL S-S WX    SPD DR
================================================================================

 1   5 -13  -4 -20  69   0    T    M    M  2.9 12 160   M    M   4 1      13 160
 2  11 -21  -5 -21  70   0 0.00  0.0    M  1.9  8 210   M    M   0        10 210
 3  17 -10   4 -12  61   0 0.00  0.0    M  1.6 10 220   M    M   4        10 220
 4  25  -1  12  -4  53   0 0.00  0.0    M  1.7  7 230   M    M   0 1       7 210
 5  33   7  20   4  45   0 0.00  0.0    M  2.9 13 190   M    M   2        14 200
 6  31   8  20   4  45   0 0.00  0.0    M  3.7 10 340   M    M   1        12 350
 7  35  10  23   7  42   0 0.00  0.0    M  3.2 12 210   M    M   1 1      12 200
 8  31   9  20   4  45   0 0.00    M    M  2.7 10 220   M    M   0        12 230
 9  35  15  25   9  40   0 0.00    M    M  2.0 10 180   M    M   0        10 170
10  29  13  21   5  44   0 0.05    M    M  6.0 30 350   M    M   7 12     38 340
11  20   2  11  -6  54   0 0.00    M    M  2.3 13 130   M    M   6 12     14 130
12  22   9  16  -1  49   0 0.00    M    M  4.5 10 200   M    M   7        12  10
13  31   5  18   1  47   0 0.00    M    M  2.8 13 210   M    M   6        13 210
14  33   5  19   2  46   0    T    M    M  4.5 17 310   M    M   2        23 320
15  31  -5  13  -4  52   0    T    M    M  7.8 20 320   M    M   3 1      24 300
16  20 -10   5 -12  60   0 0.00    M    M  1.8  9 180   M    M   0        10 190
================================================================================
SM  409   23       822   0  0.05     0.0  52.3          M       43
================================================================================
AV 25.6  1.4                               3.3 FASTST   M    M   3    MAX(MPH)
                                 MISC ---->  # 30 350               # 38  340
================================================================================
NOTES:
# LAST OF SEVERAL OCCURRENCES

COLUMN 17 PEAK WIND IN M.P.H.

PRELIMINARY LOCAL CLIMATOLOGICAL DATA (WS FORM: F-6) , PAGE 2

                                          STATION:  WORLAND WY
                                          MONTH:    JANUARY
                                          YEAR:     2018
                                          LATITUDE:   43 58 N
                                          LONGITUDE: 107 57 W

[TEMPERATURE DATA]      [PRECIPITATION DATA]       SYMBOLS USED IN COLUMN 16

AVERAGE MONTHLY: 13.5   TOTAL FOR MONTH:   0.05    1 = FOG OR MIST
DPTR FM NORMAL:  -2.9   DPTR FM NORMAL:   -0.07    2 = FOG REDUCING VISIBILITY
HIGHEST:    35 ON  9, 7 GRTST 24HR  0.05 ON 10-10      TO 1/4 MILE OR LESS
LOWEST:    -21 ON  2                               3 = THUNDER
                        SNOW, ICE PELLETS, HAIL    4 = ICE PELLETS
                        TOTAL MONTH:   0.0 INCH    5 = HAIL
                        GRTST 24HR     0.0         6 = FREEZING RAIN OR DRIZZLE
                        GRTST DEPTH:  M  ON   M    7 = DUSTSTORM OR SANDSTORM:
                                                       VSBY 1/2 MILE OR LESS
                                                   8 = SMOKE OR HAZE
[NO. OF DAYS WITH]      [WEATHER - DAYS WITH]      9 = BLOWING SNOW
                                                   X = TORNADO
MAX 32 OR BELOW:  12    0.01 INCH OR MORE:   1
MAX 90 OR ABOVE:   0    0.10 INCH OR MORE:   0
MIN 32 OR BELOW:  16    0.50 INCH OR MORE:   0
MIN  0 OR BELOW:   6    1.00 INCH OR MORE:   0

[HDD (BASE 65) ]
TOTAL THIS MO.   822    CLEAR  (SCALE 0-3)  10
DPTR FM NORMAL    44    PTCLDY (SCALE 4-7)   6
TOTAL FM JUL 1  4193    CLOUDY (SCALE 8-10)  0
DPTR FM NORMAL    52

[CDD (BASE 65) ]
TOTAL THIS MO.     0
DPTR FM NORMAL     0    [PRESSURE DATA]
TOTAL FM JAN 1     0    HIGHEST SLP M ON M
DPTR FM NORMAL     0    LOWEST  SLP 29.48 ON 10

[REMARKS]
